000
CXUS54 KLZK 011130
CF6BVX
PRELIMINARY LOCAL CLIMATOLOGICAL DATA (WS FORM: F-6)
STATION: BATESVILLE REGIONAL AIRPORT
MONTH: OCTOBER
YEAR: 2021
LATITUDE: 35 43 N
LONGITUDE: 91 39 W
TEMPERATURE IN F: :PCPN: SNOW: WIND :SUNSHINE: SKY :PK WND
================================================================================
1 2 3 4 5 6A 6B 7 8 9 10 11 12 13 14 15 16 17 18
12Z AVG MX 2MIN
DY MAX MIN AVG DEP HDD CDD WTR SNW DPTH SPD SPD DIR MIN PSBL S-S WX SPD DR
================================================================================
1 80 70 75 10 0 10 0.06 M M 4.6 9 150 M M 8 1 M M
2 78 70 74 9 0 9 0.70 M M 3.5 8 170 M M 9 1 M M
3 79 62 71 6 0 6 T M M 5.5 10 320 M M 2 M M
4 81 59 70 6 0 5 0.00 M M 1.8 5 99 M M 3 M M
5 81 58 70 6 0 5 T M M 4.2 10 70 M M 3 M M
6 72 62 67 3 0 2 0.12 M M 2.0 7 280 M M 8 1 M M
7 82 62 72 9 0 7 0.00 M M 3.0 12 220 M M 5 1 16 210
8 87 58 73 10 0 8 0.00 M M 5.0 15 270 M M 0 1 21 230
9 86 68 77 15 0 12 0.00 M M 6.8 12 200 M M 0 16 210
10 85 68 77 15 0 12 0.00 M M 8.9 14 210 M M 0 24 180
11 79 57 68 6 0 3 0.02 M M 11.9 18 250 M M 4 1 30 240
12 82 51 67 5 0 2 T M M 2.7 8 100 M M 1 1 M M
13 85 67 76 15 0 11 0.00 M M 6.8 17 230 M M 6 8 23 230
14 79 69 74 13 0 9 T M M 4.8 9 190 M M 8 M M
15 77 50 64 3 1 0 0.24 M M 4.4 16 310 M M 5 1 28 310
16 68 45 57 -3 8 0 0.00 M M 5.1 10 310 M M 0 21 99
17 73 40 57 -3 8 0 0.00 M M 2.6 6 210 M M 0 M M
18 72 42 57 -3 8 0 0.00 M M 3.0 9 230 M M 0 M M
19 74 42 58 -1 7 0 0.00 M M 3.5 12 130 M M 0 M M
20 79 49 64 5 1 0 0.00 M M 5.8 13 210 M M 1 8 17 230
21 75 50 63 4 2 0 0.00 M M 5.6 12 310 M M 2 20 310
22 75 44 60 2 5 0 0.00 M M 3.2 6 150 M M 0 M M
23 79 54 67 9 0 2 0.00 M M 5.7 10 180 M M 3 M M
24 82 68 75 17 0 10 0.19 M M 11.5 16 190 M M 5 1 28 190
25 71 51 61 4 4 0 0.00 M M 6.2 12 290 M M 1 18 310
26 66 42 54 -3 11 0 0.00 M M 4.7 10 110 M M 1 1 M M
27 67 52 60 3 5 0 1.00 M M 9.6 21 80 M M 5 1 30 100
28 60 48 54 -2 11 0 0.16 M M 9.0 13 280 M M 10 1 22 300
29 58 48 53 -3 12 0 0.01 M M 9.2 13 300 M M 10 22 310
30 65 47 56 0 9 0 0.00 M M 6.0 13 280 M M 3 21 310
31 71 41 56 1 9 0 0.00 M M 3.0 8 350 M M 0 16 350
================================================================================
SM 2348 1694 101 113 2.50 M 169.4 M 103
================================================================================
AV 75.7 54.6 5.5 FASTST M M 3 MAX(MPH)
MISC ----> 21 80 # 30 240
================================================================================
NOTES:
# LAST OF SEVERAL OCCURRENCES
COLUMN 17 PEAK WIND IN M.P.H.
PRELIMINARY LOCAL CLIMATOLOGICAL DATA (WS FORM: F-6) , PAGE 2
STATION: BATESVILLE REGIONAL AIRPORT
MONTH: OCTOBER
YEAR: 2021
LATITUDE: 35 43 N
LONGITUDE: 91 39 W
[TEMPERATURE DATA] [PRECIPITATION DATA] SYMBOLS USED IN COLUMN 16
AVERAGE MONTHLY: 65.2 TOTAL FOR MONTH: 2.50 1 = FOG OR MIST
DPTR FM NORMAL: 4.9 DPTR FM NORMAL: -1.82 2 = FOG REDUCING VISIBILITY
HIGHEST: 87 ON 8 GRTST 24HR 1.00 ON 27-27 TO 1/4 MILE OR LESS
LOWEST: 40 ON 17 3 = THUNDER
SNOW, ICE PELLETS, HAIL 4 = ICE PELLETS
TOTAL MONTH: M 5 = HAIL
GRTST 24HR M ON M 6 = FREEZING RAIN OR DRIZZLE
GRTST DEPTH: M ON M 7 = DUSTSTORM OR SANDSTORM:
VSBY 1/2 MILE OR LESS
8 = SMOKE OR HAZE
[NO. OF DAYS WITH] [WEATHER - DAYS WITH] 9 = BLOWING SNOW
X = TORNADO
MAX 32 OR BELOW: 0 0.01 INCH OR MORE: 9
MAX 90 OR ABOVE: 0 0.10 INCH OR MORE: 6
MIN 32 OR BELOW: 0 0.50 INCH OR MORE: 2
MIN 0 OR BELOW: 0 1.00 INCH OR MORE: 1
[HDD (BASE 65) ]
TOTAL THIS MO. 101 CLEAR (SCALE 0-3) 18
DPTR FM NORMAL -89 PTCLDY (SCALE 4-7) 9
TOTAL FM JUL 1 104 CLOUDY (SCALE 8-10) 4
DPTR FM NORMAL -112
[CDD (BASE 65) ]
TOTAL THIS MO. 113
DPTR FM NORMAL 69 [PRESSURE DATA]
TOTAL FM JAN 1 1914 HIGHEST SLP 30.35 ON 17
DPTR FM NORMAL 176 LOWEST SLP 29.34 ON 28
[REMARKS]
#FINAL-10-21#