000
CXUS53 KLMK 011329
CF6BWG
PRELIMINARY LOCAL CLIMATOLOGICAL DATA (WS FORM: F-6)
STATION: BOWLING GREEN KY
MONTH: AUGUST
YEAR: 2020
LATITUDE: 36 58 N
LONGITUDE: 86 26 W
TEMPERATURE IN F: :PCPN: SNOW: WIND :SUNSHINE: SKY :PK WND
================================================================================
1 2 3 4 5 6A 6B 7 8 9 10 11 12 13 14 15 16 17 18
12Z AVG MX 2MIN
DY MAX MIN AVG DEP HDD CDD WTR SNW DPTH SPD SPD DIR MIN PSBL S-S WX SPD DR
================================================================================
1 83 68 76 -2 0 11 0.23 0.0 0 11.0 22 200 M M 9 18 33 230
2 84 66 75 -3 0 10 0.00 0.0 0 5.8 13 210 M M 6 18 280
3 87 66 77 -1 0 12 0.00 0.0 0 3.0 15 50 M M 3 1 19 50
4 81 66 74 -4 0 9 0.00 0.0 0 3.0 12 290 M M 5 1 19 290
5 84 63 74 -4 0 9 0.00 0.0 0 3.8 12 30 M M 2 19 330
6 85 65 75 -3 0 10 0.00 0.0 0 2.9 9 310 M M 2 15 30
7 86 65 76 -2 0 11 0.00 0.0 0 2.7 10 30 M M 1 15 40
8 90 64 77 -1 0 12 0.00 0.0 0 1.9 9 40 M M 0 1 13 40
9 91 67 79 1 0 14 0.36 0.0 0 2.3 29 250 M M 1 138 37 260
10 92 71 82 4 0 17 0.06 0.0 0 4.5 20 280 M M 3 13 30 220
11 90 72 81 3 0 16 0.00 0.0 0 4.3 12 220 M M 2 16 270
12 88 72 80 2 0 15 1.52 0.0 0 1.7 16 250 M M 5 13 21 80
13 89 74 82 4 0 17 0.88 0.0 0 2.1 12 30 M M 7 123 19 360
14 86 73 80 2 0 15 1.13 0.0 0 2.2 13 250 M M 5 13 20 250
15 88 72 80 2 0 15 0.00 0.0 0 3.3 10 300 M M 2 1 18 340
16 87 68 78 0 0 13 0.00 0.0 0 2.7 12 320 M M 2 1 20 320
17 88 65 77 -1 0 12 0.00 0.0 0 1.4 9 270 M M 1 18 310
18 86 68 77 -1 0 12 0.03 0.0 0 4.7 16 340 M M 4 3 28 340
19 83 68 76 -2 0 11 0.00 0.0 0 8.7 16 40 M M 7 23 60
20 86 64 75 -2 0 10 0.00 0.0 0 5.3 12 50 M M 1 18 80
21 77 70 74 -3 0 9 0.65 0.0 0 2.5 12 110 M M 5 13 16 110
22 84 68 76 -1 0 11 0.45 0.0 0 2.1 12 220 M M 7 13 16 230
23 86 68 77 0 0 12 0.02 0.0 0 1.7 12 260 M M 3 1 15 270
24 91 68 80 3 0 15 0.00 0.0 0 1.4 7 280 M M 1 1 10 110
25 92 69 81 4 0 16 0.00 0.0 0 2.5 14 200 M M 1 12 20 180
26 90 70 80 4 0 15 0.03 0.0 0 3.6 17 260 M M 4 13 25 250
27 89 73 81 5 0 16 T 0.0 0 4.3 13 200 M M 1 16 240
28 85 73 79 3 0 14 0.55 0.0 0 10.5 30 220 M M 7 1 39 210
29 88 73 81 5 0 16 0.43 0.0 0 5.7 15 240 M M 7 13 23 230
30 83 73 78 2 0 13 0.26 0.0 0 3.9 12 40 M M 6 13 17 30
31 87 71 79 4 0 14 0.04 0.0 0 4.9 15 200 M M 5 13 19 190
================================================================================
SM 2686 2133 0 402 6.64 0.0 120.4 M 115
================================================================================
AV 86.7 68.8 3.9 FASTST M M 4 MAX(MPH)
MISC ----> # 30 220 # 39 210
================================================================================
NOTES:
# LAST OF SEVERAL OCCURRENCES
COLUMN 17 PEAK WIND IN M.P.H.
PRELIMINARY LOCAL CLIMATOLOGICAL DATA (WS FORM: F-6) , PAGE 2
STATION: BOWLING GREEN KY
MONTH: AUGUST
YEAR: 2020
LATITUDE: 36 58 N
LONGITUDE: 86 26 W
[TEMPERATURE DATA] [PRECIPITATION DATA] SYMBOLS USED IN COLUMN 16
AVERAGE MONTHLY: 77.7 TOTAL FOR MONTH: 6.64 1 = FOG OR MIST
DPTR FM NORMAL: 0.2 DPTR FM NORMAL: 3.31 2 = FOG REDUCING VISIBILITY
HIGHEST: 92 ON 25,10 GRTST 24HR 1.52 ON 12-12 TO 1/4 MILE OR LESS
LOWEST: 63 ON 5 3 = THUNDER
SNOW, ICE PELLETS, HAIL 4 = ICE PELLETS
TOTAL MONTH: 0.0 INCH 5 = HAIL
GRTST 24HR 0.0 6 = FREEZING RAIN OR DRIZZLE
GRTST DEPTH: 0 7 = DUSTSTORM OR SANDSTORM:
VSBY 1/2 MILE OR LESS
8 = SMOKE OR HAZE
[NO. OF DAYS WITH] [WEATHER - DAYS WITH] 9 = BLOWING SNOW
X = TORNADO
MAX 32 OR BELOW: 0 0.01 INCH OR MORE: 15
MAX 90 OR ABOVE: 7 0.10 INCH OR MORE: 10
MIN 32 OR BELOW: 0 0.50 INCH OR MORE: 5
MIN 0 OR BELOW: 0 1.00 INCH OR MORE: 2
[HDD (BASE 65) ]
TOTAL THIS MO. 0 CLEAR (SCALE 0-3) 16
DPTR FM NORMAL -1 PTCLDY (SCALE 4-7) 14
TOTAL FM JUL 1 0 CLOUDY (SCALE 8-10) 1
DPTR FM NORMAL -1
[CDD (BASE 65) ]
TOTAL THIS MO. 402
DPTR FM NORMAL 14 [PRESSURE DATA]
TOTAL FM JAN 1 1401 HIGHEST SLP 30.19 ON 8
DPTR FM NORMAL 132 LOWEST SLP 29.69 ON 28
[REMARKS]
#FINAL-08-20#