000
CXUS53 KLMK 010810
CF6BWG
PRELIMINARY LOCAL CLIMATOLOGICAL DATA (WS FORM: F-6)
STATION: BOWLING GREEN KY
MONTH: NOVEMBER
YEAR: 2023
LATITUDE: 36 58 N
LONGITUDE: 86 26 W
TEMPERATURE IN F: :PCPN: SNOW: WIND :SUNSHINE: SKY :PK WND
================================================================================
1 2 3 4 5 6A 6B 7 8 9 10 11 12 13 14 15 16 17 18
12Z AVG MX 2MIN
DY MAX MIN AVG DEP HDD CDD WTR SNW DPTH SPD SPD DIR MIN PSBL S-S WX SPD DR
================================================================================
1 50 26 38 -16 27 0 0.00 0.0 0 1.2 7 150 M M 0 14 300
2 58 27 43 -10 22 0 0.00 0.0 0 3.2 15 180 M M 0 20 230
3 65 31 48 -5 17 0 0.00 0.0 0 5.6 18 200 M M 0 23 200
4 72 44 58 6 7 0 0.00 0.0 0 5.2 16 230 M M 0 21 210
5 70 42 56 4 9 0 0.00 0.0 0 1.3 9 50 M M 0 128 12 60
6 78 41 60 8 5 0 0.00 0.0 0 5.8 18 210 M M 0 27 240
7 77 56 67 16 0 2 0.00 0.0 0 5.4 15 220 M M 3 22 220
8 83 51 67 16 0 2 0.00 0.0 0 8.5 23 200 M M 1 12 33 230
9 72 52 62 12 3 0 0.03 0.0 0 5.4 13 310 M M 9 22 300
10 63 42 53 3 12 0 0.08 0.0 0 2.3 9 40 M M 5 12 50
11 62 40 51 1 14 0 0.00 0.0 0 6.1 14 40 M M 0 20 70
12 66 34 50 1 15 0 0.00 0.0 0 1.7 9 40 M M 0 14 80
13 69 35 52 3 13 0 0.00 0.0 0 0.3 7 300 M M 0 8 10 280
14 66 34 50 1 15 0 0.00 0.0 0 3.5 16 80 M M 0 22 80
15 72 36 54 6 11 0 0.00 0.0 0 1.8 14 190 M M 1 23 190
16 76 49 63 15 2 0 0.00 0.0 0 4.3 16 200 M M 4 23 200
17 67 54 61 13 4 0 T 0.0 0 9.3 18 220 M M 9 26 220
18 59 39 49 2 16 0 0.00 0.0 0 4.3 10 10 M M 4 19 10
19 62 30 46 -1 19 0 0.00 0.0 0 3.3 14 50 M M 0 18 50
20 68 42 55 8 10 0 0.62 0.0 0 5.8 20 150 M M 7 1 29 170
21 59 45 52 6 13 0 0.92 0.0 0 5.3 13 300 M M 10 1 22 290
22 52 34 43 -3 22 0 0.01 0.0 0 4.1 14 280 M M 7 18 19 290
23 55 30 43 -3 22 0 0.00 0.0 0 2.8 12 230 M M 0 1 16 190
24 57 37 47 1 18 0 0.00 0.0 0 6.1 16 40 M M 0 22 30
25 54 31 43 -2 22 0 0.00 0.0 0 2.3 12 40 M M 0 16 50
26 52 34 43 -2 22 0 0.04 0.0 0 8.4 20 280 M M 7 18 30 320
27 44 33 39 -6 26 0 0.00 0.0 0 8.3 17 280 M M 3 24 250
28 39 23 31 -13 34 0 0.00 0.0 0 3.9 12 310 M M 1 18 350
29 57 20 39 -5 26 0 0.00 0.0 0 5.1 20 220 M M 0 27 230
30 63 31 47 3 18 0 0.05 0.0 0 7.0 20 190 M M 2 26 180
================================================================================
SM 1887 1123 444 4 1.75 0.0 137.6 M 73
================================================================================
AV 62.9 37.4 4.6 FASTST M M 2 MAX(MPH)
MISC ----> 23 200 33 230
================================================================================
NOTES:
# LAST OF SEVERAL OCCURRENCES
COLUMN 17 PEAK WIND IN M.P.H.
PRELIMINARY LOCAL CLIMATOLOGICAL DATA (WS FORM: F-6) , PAGE 2
STATION: BOWLING GREEN KY
MONTH: NOVEMBER
YEAR: 2023
LATITUDE: 36 58 N
LONGITUDE: 86 26 W
[TEMPERATURE DATA] [PRECIPITATION DATA] SYMBOLS USED IN COLUMN 16
AVERAGE MONTHLY: 50.2 TOTAL FOR MONTH: 1.75 1 = FOG OR MIST
DPTR FM NORMAL: 1.8 DPTR FM NORMAL: -1.98 2 = FOG REDUCING VISIBILITY
HIGHEST: 83 ON 8 GRTST 24HR 1.52 ON 20-21 TO 1/4 MILE OR LESS
LOWEST: 20 ON 29 3 = THUNDER
SNOW, ICE PELLETS, HAIL 4 = ICE PELLETS
TOTAL MONTH: 0.0 INCH 5 = HAIL
GRTST 24HR 0.0 6 = FREEZING RAIN OR DRIZZLE
GRTST DEPTH: 0 7 = DUSTSTORM OR SANDSTORM:
VSBY 1/2 MILE OR LESS
8 = SMOKE OR HAZE
[NO. OF DAYS WITH] [WEATHER - DAYS WITH] 9 = BLOWING SNOW
X = TORNADO
MAX 32 OR BELOW: 0 0.01 INCH OR MORE: 7
MAX 90 OR ABOVE: 0 0.10 INCH OR MORE: 2
MIN 32 OR BELOW: 9 0.50 INCH OR MORE: 2
MIN 0 OR BELOW: 0 1.00 INCH OR MORE: 0
[HDD (BASE 65) ]
TOTAL THIS MO. 444 CLEAR (SCALE 0-3) 20
DPTR FM NORMAL -58 PTCLDY (SCALE 4-7) 7
TOTAL FM JUL 1 610 CLOUDY (SCALE 8-10) 3
DPTR FM NORMAL -117
[CDD (BASE 65) ]
TOTAL THIS MO. 4
DPTR FM NORMAL 0 [PRESSURE DATA]
TOTAL FM JAN 1 1590 HIGHEST SLP M ON M
DPTR FM NORMAL -86 LOWEST SLP 29.77 ON 8
[REMARKS]
#FINAL-11-23#