000
CXUS53 KLMK 011409
CLMBWG
CLIMATE REPORT
NATIONAL WEATHER SERVICE LOUISVILLE KY
1009 AM EDT MON APR 01 2024
...................................
...THE BOWLING GREEN KY CLIMATE SUMMARY FOR THE MONTH OF MARCH 2024...
CLIMATE NORMAL PERIOD 1991 TO 2020
CLIMATE RECORD PERIOD 1870 TO 2024
WEATHER OBSERVED NORMAL DEPART LAST YEAR`S
VALUE DATE(S) VALUE FROM VALUE DATE(S)
NORMAL
................................................................
TEMPERATURE (F)
RECORD
HIGH 92 03/24/1929
LOW -6 03/05/1960
HIGHEST 82 03/14 MM MM 81 03/01
LOWEST 27 03/11 MM MM 19 03/20
03/19
AVG. MAXIMUM 65.4 60.1 5.3 61.1
AVG. MINIMUM 42.4 38.3 4.1 39.1
MEAN 53.9 49.2 4.7 50.1
DAYS MAX >= 90 0 0.0 0.0 0
DAYS MAX <= 32 0 0.0 0.0 0
DAYS MIN <= 32 4 9.9 -5.9 7
DAYS MIN <= 0 0 0.0 0.0 0
PRECIPITATION (INCHES)
RECORD
MAXIMUM 14.58 1975
MINIMUM 0.75 1918
TOTALS 1.98 4.54 -2.56 5.95
DAILY AVG. 0.06 0.15 -0.09 0.19
DAYS >= .01 10 11.9 -1.9 13
DAYS >= .10 6 7.0 -1.0 8
DAYS >= .50 1 3.0 -2.0 3
DAYS >= 1.00 0 1.1 -1.1 3
GREATEST
24 HR. TOTAL 0.66 03/05 TO 03/06
SNOWFALL (INCHES)
RECORDS
TOTAL 32.0 1960
TOTALS 0.0 1.4 -1.4 0.0
SINCE 7/1 4.8 8.4 -3.6 MM
DAYS >= TRACE 0
DAYS >= 1.0 0 1.0 -1.0 0
GREATEST
SNOW DEPTH 0 0 MM
DEGREE DAYS
HEATING TOTAL 349 497 -148 459
SINCE 7/1 3005 3516 -511 MM
COOLING TOTAL 10 7 3 6
SINCE 1/1 12 8 4 MM
................................................................
WIND (MPH)
AVERAGE WIND SPEED 6.7
HIGHEST WIND SPEED/DIRECTION 31/150 DATE 03/26
HIGHEST GUST SPEED/DIRECTION 42/130 DATE 03/26
SKY COVER
POSSIBLE SUNSHINE (PERCENT) MM
AVERAGE SKY COVER 0.37
NUMBER OF DAYS FAIR 16
NUMBER OF DAYS PC 7
NUMBER OF DAYS CLOUDY 8
AVERAGE RH (PERCENT) 61
WEATHER CONDITIONS. NUMBER OF DAYS WITH
THUNDERSTORM 2 MIXED PRECIP 0
HEAVY RAIN 3 RAIN 5
LIGHT RAIN 12 FREEZING RAIN 0
LT FREEZING RAIN 0 HAIL 0
HEAVY SNOW 0 SNOW 0
LIGHT SNOW 0 SLEET 0
FOG 13 FOG W/VIS <= 1/4 MILE 2
HAZE 4
- INDICATES NEGATIVE NUMBERS.
R INDICATES RECORD WAS SET OR TIED.
MM INDICATES DATA IS MISSING.
T INDICATES TRACE AMOUNT.
$$