000
CXUS51 KLWX 041453
CF6BWI
PRELIMINARY LOCAL CLIMATOLOGICAL DATA (WS FORM: F-6)
STATION: BALTIMORE MD
MONTH: DECEMBER
YEAR: 2023
LATITUDE: 39 10 N
LONGITUDE: 76 40 W
TEMPERATURE IN F: :PCPN: SNOW: WIND :SUNSHINE: SKY :PK WND
================================================================================
1 2 3 4 5 6A 6B 7 8 9 10 11 12 13 14 15 16 17 18
12Z AVG MX 2MIN
DY MAX MIN AVG DEP HDD CDD WTR SNW DPTH SPD SPD DIR MIN PSBL S-S WX SPD DR
================================================================================
1 48 30 39 -3 26 0 0.18 0.0 0 0.8 7 110 M M 7 1 9 20
2 54 44 49 7 16 0 0.01 0.0 0 2.0 8 100 M M 10 12 9 100
3 56 48 52 10 13 0 0.59 0.0 0 4.7 14 80 M M 10 12 17 70
4 56 36 46 5 19 0 0.00 0.0 0 7.7 20 280 M M 7 30 280
5 51 32 42 1 23 0 T 0.0 0 4.4 10 360 M M 7 22 360
6 45 32 39 -2 26 0 0.01 T 0 6.6 17 310 M M 8 24 350
7 45 28 37 -3 28 0 T T 0 4.1 13 230 M M 7 20 220
8 57 32 45 5 20 0 0.00 0.0 0 3.1 12 110 M M 4 14 120
9 56 34 45 5 20 0 0.00 0.0 0 2.2 12 90 M M 7 128 14 100
10 61 42 52 12 13 0 1.52 0.0 0 4.5 24 330 M M 9 138 33 320
11 48 32 40 0 25 0 0.48 T 0 10.9 29 300 M M 6 1 45 300
12 49 25 37 -2 28 0 0.00 0.0 0 4.7 13 190 M M 1 17 200
13 51 28 40 1 25 0 0.00 0.0 0 6.9 18 290 M M 3 8 25 280
14 48 23 36 -3 29 0 0.00 0.0 0 3.2 10 290 M M 2 20 340
15 60 29 45 6 20 0 0.00 0.0 0 6.4 16 260 M M 1 22 300
16 58 33 46 8 19 0 0.00 0.0 0 4.7 12 80 M M 7 1 17 100
17 57 42 50 12 15 0 2.01 0.0 0 9.1 21 40 M M 10 12 31 40
18 57 37 47 9 18 0 0.68 0.0 M 17.0 32 300 M M 8 1 47 310
19 43 26 35 -3 30 0 0.00 0.0 0 11.5 25 310 M M 5 37 280
20 49 23 36 -2 29 0 0.00 0.0 0 4.8 12 310 M M 2 20 300
21 49 29 39 2 26 0 0.00 0.0 0 3.8 10 360 M M 8 19 350
22 46 35 41 4 24 0 0.00 0.0 0 6.0 10 80 M M 8 15 60
23 50 36 43 6 22 0 0.00 0.0 0 4.6 12 120 M M 9 17 120
24 51 37 44 7 21 0 0.02 0.0 0 2.2 8 80 M M 8 14 50
25 57 42 50 13 15 0 0.00 0.0 0 4.7 10 60 M M 7 1 13 40
26 48 44 46 10 19 0 0.04 0.0 0 6.9 12 90 M M 10 12 15 50
27 54 46 50 14 15 0 1.62 0.0 0 8.6 17 80 M M 10 12 23 80
28 59 45 52 16 13 0 0.00 0.0 0 4.3 9 280 M M 8 1 16 330
29 55 44 50 14 15 0 T 0.0 0 5.9 17 340 M M 7 26 330
30 49 38 44 8 21 0 0.00 0.0 0 9.8 17 300 M M 6 27 300
31 51 41 46 10 19 0 T 0.0 0 4.9 16 280 M M 7 21 280
================================================================================
SM 1618 1093 652 0 7.16 T 181.0 M 209
================================================================================
AV 52.2 35.3 5.8 FASTST M M 7 MAX(MPH)
MISC ----> 32 300 47 310
================================================================================
NOTES:
# LAST OF SEVERAL OCCURRENCES
COLUMN 17 PEAK WIND IN M.P.H.
PRELIMINARY LOCAL CLIMATOLOGICAL DATA (WS FORM: F-6) , PAGE 2
STATION: BALTIMORE MD
MONTH: DECEMBER
YEAR: 2023
LATITUDE: 39 10 N
LONGITUDE: 76 40 W
[TEMPERATURE DATA] [PRECIPITATION DATA] SYMBOLS USED IN COLUMN 16
AVERAGE MONTHLY: 43.7 TOTAL FOR MONTH: 7.16 1 = FOG OR MIST
DPTR FM NORMAL: 5.1 DPTR FM NORMAL: 3.45 2 = FOG REDUCING VISIBILITY
HIGHEST: 61 ON 10 GRTST 24HR 2.69 ON 17-18 TO 1/4 MILE OR LESS
LOWEST: 23 ON 20,14 3 = THUNDER
SNOW, ICE PELLETS, HAIL 4 = ICE PELLETS
TOTAL MONTH: T 5 = HAIL
GRTST 24HR T ON 6- 6 6 = FREEZING RAIN OR DRIZZLE
GRTST DEPTH: 0 7 = DUSTSTORM OR SANDSTORM:
VSBY 1/2 MILE OR LESS
8 = SMOKE OR HAZE
[NO. OF DAYS WITH] [WEATHER - DAYS WITH] 9 = BLOWING SNOW
X = TORNADO
MAX 32 OR BELOW: 0 0.01 INCH OR MORE: 11
MAX 90 OR ABOVE: 0 0.10 INCH OR MORE: 7
MIN 32 OR BELOW: 13 0.50 INCH OR MORE: 5
MIN 0 OR BELOW: 0 1.00 INCH OR MORE: 3
[HDD (BASE 65) ]
TOTAL THIS MO. 652 CLEAR (SCALE 0-3) 5
DPTR FM NORMAL -168 PTCLDY (SCALE 4-7) 18
TOTAL FM JUL 1 1361 CLOUDY (SCALE 8-10) 8
DPTR FM NORMAL -299
[CDD (BASE 65) ]
TOTAL THIS MO. 0
DPTR FM NORMAL 0 [PRESSURE DATA]
TOTAL FM JAN 1 1469 HIGHEST SLP 30.75 ON 14
DPTR FM NORMAL 147 LOWEST SLP 29.16 ON 18
[REMARKS]
#FINAL-12-23#