000
CXUS55 KRIW 011010
CF6BYG
PRELIMINARY LOCAL CLIMATOLOGICAL DATA (WS FORM: F-6)
STATION: BUFFALO WY
MONTH: APRIL
YEAR: 2022
LATITUDE: 44 22 N
LONGITUDE: 106 43 W
TEMPERATURE IN F: :PCPN: SNOW: WIND :SUNSHINE: SKY :PK WND
================================================================================
1 2 3 4 5 6A 6B 7 8 9 10 11 12 13 14 15 16 17 18
12Z AVG MX 2MIN
DY MAX MIN AVG DEP HDD CDD WTR SNW DPTH SPD SPD DIR MIN PSBL S-S WX SPD DR
================================================================================
1 48 29 39 -1 26 0 T M M 7.9 22 340 M M 5 1 31 340
2 64 26 45 5 20 0 0.00 M M 12.8 46 330 M M 1 72 320
3 52 30 41 1 24 0 0.00 M M 13.0 31 350 M M 0 43 310
4 63 34 49 8 16 0 T M M 13.6 41 320 M M 3 1 64 330
5 47 30 39 -2 26 0 0.01 M M 24.4 45 320 M M 5 12 69 320
6 45 31 38 -3 27 0 T M M 30.9 54 320 M M 7 8 72 320
7 50 29 40 -1 25 0 T M M 18.9 40 360 M M 3 58 330
8 70 26 48 7 17 0 0.00 M M 7.7 18 160 M M 0 24 130
9 65 35 50 9 15 0 0.00 M M 15.9 36 350 M M 6 54 330
10 36 24 30 -12 35 0 0.07 M M 11.1 29 330 M M 7 128 40 330
11 40 20 30 -12 35 0 0.19 M M 6.8 14 310 M M 6 18 20 150
12 32 10 21 -21 44 0 0.14 M M 27.7 43 340 M M 8 129 58 340
13 17 7 12 -30 53 0 0.01 M M 18.2 33 340 M M 6 89 49 330
14 27 6 17 -25 48 0 0.00 M M 7.1 17 350 M M 4 25 330
15 23 14 19 -23 46 0 0.01 M M 4.6 12 360 M M 10 18 17 10
16 48 18 33 -10 32 0 0.00 M M 18.5 35 150 M M 1 46 150
17 40 29 35 -8 30 0 0.00 M M 21.5 40 340 M M 5 55 340
18 56 30 43 0 22 0 0.00 M M 13.8 24 170 M M 3 32 150
19 70 37 54 11 11 0 T M M 13.0 35 300 M M 2 41 300
20 55 30 43 -1 22 0 T M M 8.9 32 350 M M 4 40 350
21 74 30 52 8 13 0 0.00 M M 20.0 32 340 M M 1 47 330
22 62 34 48 4 17 0 0.01 M M 14.4 40 330 M M 4 58 330
23 37 31 34 -10 31 0 0.17 M M 39.8 52 320 M M 10 12 76 320
24 45 31 38 -7 27 0 T M M 23.0 41 320 M M 4 1 60 320
25 58 29 44 -1 21 0 0.00 M M 7.8 17 150 M M 0 25 110
26 70 36 53 8 12 0 0.00 M M 8.1 24 220 M M 0 32 220
27 65 39 52 6 13 0 0.15 M M 10.0 24 320 M M 3 13 34 340
28 59 37 48 2 17 0 0.48 M M 8.2 23 10 M M 5 1 30 360
29 45 37 41 -5 24 0 0.38 M M 22.2 41 330 M M 9 123 58 320
30 53 34 44 -2 21 0 0.00 M M 15.1 28 330 M M 4 42 340
================================================================================
SM 1516 833 770 0 1.62 M 464.9 M 126
================================================================================
AV 50.5 27.8 15.5 FASTST M M 4 MAX(MPH)
MISC ----> 54 320 76 320
================================================================================
NOTES:
# LAST OF SEVERAL OCCURRENCES
COLUMN 17 PEAK WIND IN M.P.H.
PRELIMINARY LOCAL CLIMATOLOGICAL DATA (WS FORM: F-6) , PAGE 2
STATION: BUFFALO WY
MONTH: APRIL
YEAR: 2022
LATITUDE: 44 22 N
LONGITUDE: 106 43 W
[TEMPERATURE DATA] [PRECIPITATION DATA] SYMBOLS USED IN COLUMN 16
AVERAGE MONTHLY: 39.2 TOTAL FOR MONTH: 1.62 1 = FOG OR MIST
DPTR FM NORMAL: -3.7 DPTR FM NORMAL: 0.16 2 = FOG REDUCING VISIBILITY
HIGHEST: 74 ON 21 GRTST 24HR 0.86 ON 28-29 TO 1/4 MILE OR LESS
LOWEST: 6 ON 14 3 = THUNDER
SNOW, ICE PELLETS, HAIL 4 = ICE PELLETS
TOTAL MONTH: M 5 = HAIL
GRTST 24HR M ON M 6 = FREEZING RAIN OR DRIZZLE
GRTST DEPTH: M ON M 7 = DUSTSTORM OR SANDSTORM:
VSBY 1/2 MILE OR LESS
8 = SMOKE OR HAZE
[NO. OF DAYS WITH] [WEATHER - DAYS WITH] 9 = BLOWING SNOW
X = TORNADO
MAX 32 OR BELOW: 4 0.01 INCH OR MORE: 11
MAX 90 OR ABOVE: 0 0.10 INCH OR MORE: 6
MIN 32 OR BELOW: 21 0.50 INCH OR MORE: 0
MIN 0 OR BELOW: 0 1.00 INCH OR MORE: 0
[HDD (BASE 65) ]
TOTAL THIS MO. 770 CLEAR (SCALE 0-3) 12
DPTR FM NORMAL 105 PTCLDY (SCALE 4-7) 14
TOTAL FM JUL 1 6223 CLOUDY (SCALE 8-10) 4
DPTR FM NORMAL -502
[CDD (BASE 65) ]
TOTAL THIS MO. 0
DPTR FM NORMAL 0 [PRESSURE DATA]
TOTAL FM JAN 1 0 HIGHEST SLP 30.47 ON 7
DPTR FM NORMAL 0 LOWEST SLP 29.23 ON 4
[REMARKS]
#FINAL-04-22#