000
CXUS54 KHGX 011410
CF6BYY
PRELIMINARY LOCAL CLIMATOLOGICAL DATA (WS FORM: F-6)
STATION: Bay City
MONTH: OCTOBER
YEAR: 2022
LATITUDE: 28 58 N
LONGITUDE: 95 52 W
TEMPERATURE IN F: :PCPN: SNOW: WIND :SUNSHINE: SKY :PK WND
================================================================================
1 2 3 4 5 6A 6B 7 8 9 10 11 12 13 14 15 16 17 18
12Z AVG MX 2MIN
DY MAX MIN AVG DEP HDD CDD WTR SNW DPTH SPD SPD DIR MIN PSBL S-S WX SPD DR
================================================================================
1 84 53 69 M 0 4 0.00 0.0 0 3.7 10 130 M M 0 M M
2 83 54 69 M 0 4 0.00 0.0 0 3.3 8 350 M M 0 M M
3 85 56 71 M 0 6 0.00 0.0 0 3.1 8 30 M M 0 M M
4 83 61 72 M 0 7 0.00 0.0 0 2.0 7 130 M M 0 M M
5 86 58 72 M 0 7 0.00 0.0 0 3.7 10 90 M M 1 M M
6 88 59 74 M 0 9 0.00 0.0 0 4.0 9 130 M M 1 1 M M
7 84 60 72 M 0 7 0.00 0.0 0 2.2 6 170 M M 0 M M
8 89 65 77 M 0 12 0.00 0.0 0 4.7 15 120 M M 0 20 120
9 86 63 75 M 0 10 0.00 0.0 0 6.4 13 140 M M 1 17 130
10 85 61 73 M 0 8 0.00 0.0 0 5.9 13 130 M M 1 17 110
11 85 63 74 M 0 9 0.00 0.0 0 6.2 10 150 M M 2 1 18 120
12 92 70 81 M 0 16 0.00 0.0 0 5.5 15 190 M M 3 12 21 240
13 91 70 81 M 0 16 M 0.0 0 4.1 14 100 M M 5 12 22 100
14 86 67 77 M 0 12 0.00 0.0 0 5.9 12 150 M M 1 1 18 150
15 87 66 77 M 0 12 0.00 0.0 0 6.0 13 170 M M 2 1 20 170
16 90 68 79 M 0 14 0.00 0.0 0 5.5 10 130 M M 3 1 M M
17 75 60 68 M 0 3 0.05 0.0 0 8.2 16 40 M M 5 12 23 40
18 69 51 60 M 5 0 0.00 0.0 0 8.9 14 30 M M 1 23 30
19 69 44 57 M 8 0 0.00 0.0 0 5.7 14 20 M M 0 18 40
20 81 45 63 M 2 0 0.00 0.0 0 5.7 16 220 M M 0 22 220
21 82 55 69 M 0 4 0.00 0.0 0 7.0 16 220 M M 2 21 250
22 84 63 74 M 0 9 0.00 0.0 0 9.1 20 190 M M 2 27 170
23 85 70 78 M 0 13 M 0.0 0 12.2 21 170 M M 5 29 160
24 82 74 78 M 0 13 0.13 0.0 0 13.0 23 170 M M 6 31 170
25 77 51 64 M 1 0 0.38 0.0 0 9.2 22 360 M M 3 29 350
26 76 46 61 M 4 0 0.00 0.0 0 3.8 10 80 M M 0 16 0
27 77 49 63 M 2 0 0.46 0.0 0 7.1 14 120 M M 5 21 130
28 77 57 67 M 0 2 0.80 0.0 0 10.6 18 120 M M 8 28 320
29 68 52 60 M 5 0 0.00 0.0 0 7.1 14 310 M M 5 22 310
30 76 50 63 M 2 0 0.00 0.0 0 2.8 9 300 M M 0 1 17 300
31 79 51 65 M 0 0 0.00 0.0 0 3.7 14 140 M M 1 17 140
================================================================================
SM 2541 1812 29 197 1.82 0.0 186.3 M 63
================================================================================
AV 82.0 58.5 6.0 FASTST M M 2 MAX(MPH)
MISC ----> 23 170 31 170
================================================================================
NOTES:
# LAST OF SEVERAL OCCURRENCES
COLUMN 17 PEAK WIND IN M.P.H.
PRELIMINARY LOCAL CLIMATOLOGICAL DATA (WS FORM: F-6) , PAGE 2
STATION: Bay City
MONTH: OCTOBER
YEAR: 2022
LATITUDE: 28 58 N
LONGITUDE: 95 52 W
[TEMPERATURE DATA] [PRECIPITATION DATA] SYMBOLS USED IN COLUMN 16
AVERAGE MONTHLY: 70.2 TOTAL FOR MONTH: 1.82 1 = FOG OR MIST
DPTR FM NORMAL: 0.0 DPTR FM NORMAL: M 2 = FOG REDUCING VISIBILITY
HIGHEST: 92 ON 12 GRTST 24HR 0.80 ON 28-28 TO 1/4 MILE OR LESS
LOWEST: 44 ON 19 3 = THUNDER
SNOW, ICE PELLETS, HAIL 4 = ICE PELLETS
TOTAL MONTH: 0.0 INCH 5 = HAIL
GRTST 24HR 0.0 6 = FREEZING RAIN OR DRIZZLE
GRTST DEPTH: 0 7 = DUSTSTORM OR SANDSTORM:
VSBY 1/2 MILE OR LESS
8 = SMOKE OR HAZE
[NO. OF DAYS WITH] [WEATHER - DAYS WITH] 9 = BLOWING SNOW
X = TORNADO
MAX 32 OR BELOW: 0 0.01 INCH OR MORE: 5
MAX 90 OR ABOVE: 3 0.10 INCH OR MORE: 4
MIN 32 OR BELOW: 0 0.50 INCH OR MORE: 1
MIN 0 OR BELOW: 0 1.00 INCH OR MORE: 0
[HDD (BASE 65) ]
TOTAL THIS MO. 29 CLEAR (SCALE 0-3) 24
DPTR FM NORMAL M PTCLDY (SCALE 4-7) 7
TOTAL FM JUL 1 29 CLOUDY (SCALE 8-10) 0
DPTR FM NORMAL M
[CDD (BASE 65) ]
TOTAL THIS MO. 197
DPTR FM NORMAL M [PRESSURE DATA]
TOTAL FM JAN 1 3163 HIGHEST SLP M ON M
DPTR FM NORMAL M LOWEST SLP M ON M
[REMARKS]
#FINAL-10-22#