000
CXUS54 KHGX 011410
CF6BYY
PRELIMINARY LOCAL CLIMATOLOGICAL DATA (WS FORM: F-6)
STATION: Bay City
MONTH: JUNE
YEAR: 2022
LATITUDE: 28 58 N
LONGITUDE: 95 52 W
TEMPERATURE IN F: :PCPN: SNOW: WIND :SUNSHINE: SKY :PK WND
================================================================================
1 2 3 4 5 6A 6B 7 8 9 10 11 12 13 14 15 16 17 18
12Z AVG MX 2MIN
DY MAX MIN AVG DEP HDD CDD WTR SNW DPTH SPD SPD DIR MIN PSBL S-S WX SPD DR
================================================================================
1 88 75 82 M 0 17 0.03 0.0 0 8.3 15 170 M M 5 20 170
2 90 72 81 M 0 16 0.07 0.0 0 4.4 14 60 M M 4 1 M M
3 91 71 81 M 0 16 0.00 0.0 0 4.5 10 20 M M 3 22 20
4 90 70 80 M 0 15 0.03 0.0 0 3.5 13 140 M M 2 1 24 160
5 89 69 79 M 0 14 0.00 0.0 0 5.8 13 160 M M 3 12 17 210
6 89 77 83 M 0 18 0.00 0.0 0 12.2 18 180 M M 6 27 180
7 90 78 84 M 0 19 0.00 0.0 0 11.6 17 190 M M 6 23 200
8 92 77 85 M 0 20 0.00 0.0 0 10.3 17 200 M M 3 23 200
9 93 74 84 M 0 19 0.00 0.0 0 5.5 14 180 M M 4 1 20 190
10 94 73 84 M 0 19 0.00 0.0 0 6.6 16 190 M M 3 12 18 180
11 94 75 85 M 0 20 0.00 0.0 0 8.4 14 230 M M 3 1 20 230
12 93 79 86 M 0 21 0.00 0.0 0 12.2 17 190 M M 3 18 25 230
13 92 79 86 M 0 21 0.00 0.0 0 12.0 20 180 M M 3 18 25 180
14 91 78 85 M 0 20 0.00 0.0 0 11.8 18 180 M M 5 18 25 170
15 92 78 85 M 0 20 0.00 0.0 0 10.1 16 190 M M 4 1 20 190
16 95 74 85 M 0 20 0.00 0.0 0 5.1 15 160 M M 2 128 22 170
17 93 72 83 M 0 18 0.00 0.0 0 4.4 13 160 M M 3 12 18 160
18 94 71 83 M 0 18 M 0.0 0 3.7 12 130 M M 2 1 20 150
19 96 71 84 M 0 19 M 0.0 0 4.6 13 160 M M 2 1 18 180
20 96 72 84 M 0 19 M 0.0 0 3.6 12 140 M M 2 1 18 200
21 96 74 85 M 0 20 0.00 0.0 0 5.8 15 130 M M 2 1 23 130
22 93 74 84 M 0 19 0.00 0.0 0 4.0 15 190 M M 2 17 170
23 96 71 84 M 0 19 0.00 0.0 0 4.3 14 190 M M 1 18 190
24 95 72 84 M 0 19 0.00 0.0 0 5.8 14 170 M M 2 1 18 200
25 96 71 84 M 0 19 0.00 0.0 0 5.7 13 170 M M 1 1 17 240
26 96 70 83 M 0 18 0.00 0.0 0 4.8 14 130 M M 1 1 21 150
27 98 74 86 M 0 21 0.04 0.0 0 3.4 13 140 M M 3 25 350
28 93 73 83 M 0 18 0.00 0.0 0 6.8 14 110 M M 3 25 90
29 92 73 83 M 0 18 0.00 0.0 0 6.6 12 90 M M 1 18 90
30 86 74 80 M 0 15 T 0.0 0 6.2 12 80 M M 4 M M
================================================================================
SM 2783 2211 0 555 0.17 0.0 202.0 M 88
================================================================================
AV 92.8 73.7 6.7 FASTST M M 3 MAX(MPH)
MISC ----> 20 180 27 180
================================================================================
NOTES:
# LAST OF SEVERAL OCCURRENCES
COLUMN 17 PEAK WIND IN M.P.H.
PRELIMINARY LOCAL CLIMATOLOGICAL DATA (WS FORM: F-6) , PAGE 2
STATION: Bay City
MONTH: JUNE
YEAR: 2022
LATITUDE: 28 58 N
LONGITUDE: 95 52 W
[TEMPERATURE DATA] [PRECIPITATION DATA] SYMBOLS USED IN COLUMN 16
AVERAGE MONTHLY: 83.2 TOTAL FOR MONTH: 0.17 1 = FOG OR MIST
DPTR FM NORMAL: 0.0 DPTR FM NORMAL: M 2 = FOG REDUCING VISIBILITY
HIGHEST: 98 ON 27 GRTST 24HR 0.07 ON 2- 2 TO 1/4 MILE OR LESS
LOWEST: 69 ON 5 3 = THUNDER
SNOW, ICE PELLETS, HAIL 4 = ICE PELLETS
TOTAL MONTH: 0.0 INCH 5 = HAIL
GRTST 24HR 0.0 6 = FREEZING RAIN OR DRIZZLE
GRTST DEPTH: 0 7 = DUSTSTORM OR SANDSTORM:
VSBY 1/2 MILE OR LESS
8 = SMOKE OR HAZE
[NO. OF DAYS WITH] [WEATHER - DAYS WITH] 9 = BLOWING SNOW
X = TORNADO
MAX 32 OR BELOW: 0 0.01 INCH OR MORE: 4
MAX 90 OR ABOVE: 26 0.10 INCH OR MORE: 0
MIN 32 OR BELOW: 0 0.50 INCH OR MORE: 0
MIN 0 OR BELOW: 0 1.00 INCH OR MORE: 0
[HDD (BASE 65) ]
TOTAL THIS MO. 0 CLEAR (SCALE 0-3) 16
DPTR FM NORMAL M PTCLDY (SCALE 4-7) 14
TOTAL FM JUL 1 1137 CLOUDY (SCALE 8-10) 0
DPTR FM NORMAL M
[CDD (BASE 65) ]
TOTAL THIS MO. 555
DPTR FM NORMAL M [PRESSURE DATA]
TOTAL FM JAN 1 1341 HIGHEST SLP M ON M
DPTR FM NORMAL M LOWEST SLP M ON M
[REMARKS]
#FINAL-06-22#