000
CXUS56 KTFX 020122
CF6BZN
PRELIMINARY LOCAL CLIMATOLOGICAL DATA (WS FORM: F-6)
STATION: BOZEMAN/GALLATIN FIELD MT
MONTH: JUNE
YEAR: 2023
LATITUDE: 45 46 N
LONGITUDE: 111 9 W
TEMPERATURE IN F: :PCPN: SNOW: WIND :SUNSHINE: SKY :PK WND
================================================================================
1 2 3 4 5 6A 6B 7 8 9 10 11 12 13 14 15 16 17 18
12Z AVG MX 2MIN
DY MAX MIN AVG DEP HDD CDD WTR SNW DPTH SPD SPD DIR MIN PSBL S-S WX SPD DR
================================================================================
1 73 43 58 2 7 0 0.00 0.0 0 4.7 20 170 M M 3 3 26 160
2 60 52 56 0 9 0 0.24 0.0 0 7.0 17 320 M M 10 1 22 340
3 60 52 56 0 9 0 0.59 0.0 0 6.7 15 290 M M 10 1 23 280
4 73 48 61 5 4 0 0.02 0.0 0 4.6 20 160 M M 7 1 26 140
5 80 49 65 9 0 0 T 0.0 0 5.4 17 290 M M 2 3 24 290
6 78 49 64 7 1 0 0.00 0.0 0 5.9 17 160 M M 1 24 60
7 81 49 65 8 0 0 0.09 0.0 0 3.3 15 70 M M 1 3 23 30
8 73 54 64 7 1 0 1.89 0.0 0 4.1 29 200 M M 6 123 36 210
9 77 51 64 7 1 0 0.00 0.0 0 5.5 18 120 M M 2 1 27 130
10 71 52 62 4 3 0 0.00 0.0 0 4.5 14 170 M M 0 3 17 170
11 75 50 63 5 2 0 0.00 0.0 0 4.5 22 130 M M 3 31 140
12 70 55 63 5 2 0 0.18 0.0 0 3.9 15 180 M M 7 13 20 170
13 75 51 63 5 2 0 0.01 0.0 0 4.9 15 230 M M 6 3 19 240
14 71 52 62 4 3 0 0.06 0.0 0 5.7 32 280 M M 7 13 44 270
15 67 50 59 0 6 0 0.00 0.0 0 6.5 20 310 M M 7 25 300
16 71 43 57 -2 8 0 0.00 0.0 0 4.7 14 200 M M 1 16 200
17 72 48 60 1 5 0 T 0.0 0 4.8 20 270 M M 7 25 270
18 64 45 55 -4 10 0 0.66 0.0 0 5.4 23 300 M M 9 1 29 300
19 69 40 55 -5 10 0 T 0.0 0 5.5 21 310 M M 3 28 310
20 65 40 53 -7 12 0 0.00 0.0 0 6.0 36 300 M M 3 48 300
21 62 35 49 -11 16 0 0.13 0.0 0 5.9 25 280 M M 3 1 35 270
22 72 33 53 -7 12 0 0.00 0.0 0 3.3 12 360 M M 0 17 10
23 68 47 58 -3 7 0 0.73 0.0 0 5.0 21 10 M M 5 138 29 280
24 72 49 61 0 4 0 0.01 0.0 0 4.4 14 210 M M 4 19 210
25 78 46 62 1 3 0 0.14 0.0 0 5.2 24 260 M M 1 3 32 250
26 75 45 60 -2 5 0 0.00 0.0 0 5.2 23 190 M M 1 30 180
27 74 48 61 -1 4 0 T 0.0 0 5.5 21 170 M M 3 3 29 170
28 72 49 61 -1 4 0 T 0.0 0 5.0 20 280 M M 2 3 24 270
29 79 46 63 0 2 0 0.00 0.0 0 4.2 9 150 M M 0 13 180
30 83 48 66 3 0 1 0.00 0.0 0 4.3 10 130 M M 0 8 11 140
================================================================================
SM 2160 1419 152 1 4.75 0.0 151.6 M 114
================================================================================
AV 72.0 47.3 5.1 FASTST M M 4 MAX(MPH)
MISC ----> 36 300 48 300
================================================================================
NOTES:
# LAST OF SEVERAL OCCURRENCES
COLUMN 17 PEAK WIND IN M.P.H.
PRELIMINARY LOCAL CLIMATOLOGICAL DATA (WS FORM: F-6) , PAGE 2
STATION: BOZEMAN/GALLATIN FIELD MT
MONTH: JUNE
YEAR: 2023
LATITUDE: 45 46 N
LONGITUDE: 111 9 W
[TEMPERATURE DATA] [PRECIPITATION DATA] SYMBOLS USED IN COLUMN 16
AVERAGE MONTHLY: 59.7 TOTAL FOR MONTH: 4.75 1 = FOG OR MIST
DPTR FM NORMAL: 0.8 DPTR FM NORMAL: 2.21 2 = FOG REDUCING VISIBILITY
HIGHEST: 83 ON 30 GRTST 24HR 1.98 ON 7- 8 TO 1/4 MILE OR LESS
LOWEST: 33 ON 22 3 = THUNDER
SNOW, ICE PELLETS, HAIL 4 = ICE PELLETS
TOTAL MONTH: 0.0 INCH 5 = HAIL
GRTST 24HR 0.0 6 = FREEZING RAIN OR DRIZZLE
GRTST DEPTH: 0 7 = DUSTSTORM OR SANDSTORM:
VSBY 1/2 MILE OR LESS
8 = SMOKE OR HAZE
[NO. OF DAYS WITH] [WEATHER - DAYS WITH] 9 = BLOWING SNOW
X = TORNADO
MAX 32 OR BELOW: 0 0.01 INCH OR MORE: 13
MAX 90 OR ABOVE: 0 0.10 INCH OR MORE: 8
MIN 32 OR BELOW: 0 0.50 INCH OR MORE: 4
MIN 0 OR BELOW: 0 1.00 INCH OR MORE: 1
[HDD (BASE 65) ]
TOTAL THIS MO. 152 CLEAR (SCALE 0-3) 14
DPTR FM NORMAL -46 PTCLDY (SCALE 4-7) 13
TOTAL FM JUL 1 8880 CLOUDY (SCALE 8-10) 3
DPTR FM NORMAL 633
[CDD (BASE 65) ]
TOTAL THIS MO. 1
DPTR FM NORMAL -16 [PRESSURE DATA]
TOTAL FM JAN 1 1 HIGHEST SLP 30.27 ON 21
DPTR FM NORMAL -17 LOWEST SLP 29.46 ON 18
[REMARKS]
#FINAL-06-23#