000
CXUS52 KCAE 011500
CF6CAE
PRELIMINARY LOCAL CLIMATOLOGICAL DATA (WS FORM: F-6)
STATION: COLUMBIA METRO AIRPORT SC
MONTH: NOVEMBER
YEAR: 2022
LATITUDE: 33 57 N
LONGITUDE: 81 7 W
TEMPERATURE IN F: :PCPN: SNOW: WIND :SUNSHINE: SKY :PK WND
================================================================================
1 2 3 4 5 6A 6B 7 8 9 10 11 12 13 14 15 16 17 18
12Z AVG MX 2MIN
DY MAX MIN AVG DEP HDD CDD WTR SNW DPTH SPD SPD DIR MIN PSBL S-S WX SPD DR
================================================================================
1 71 54 63 5 2 0 0.00 0.0 0 5.0 13 290 M M 8 1 15 280
2 78 52 65 7 0 0 T 0.0 0 3.3 10 210 M M 6 1 13 340
3 75 53 64 6 1 0 0.00 0.0 0 3.5 14 70 M M 2 1 17 70
4 79 48 64 7 1 0 0.00 0.0 0 3.6 10 90 M M 3 1 13 90
5 84 62 73 16 0 8 0.09 0.0 0 6.9 18 170 M M 8 12 24 140
6 81 68 75 18 0 10 0.33 0.0 0 3.6 14 130 M M 9 13 16 150
7 83 65 74 18 0 9 0.00 0.0 0 2.6 13 300 M M 5 1 16 300
8 77 57 67 11 0 2 0.00 0.0 0 10.0 20 50 M M 2 27 30
9 70 52 61 5 4 0 0.00 0.0 0 12.0 20 50 M M 7 30 40
10 71 59 65 10 0 0 0.47 0.0 0 11.7 18 50 M M 9 18 27 30
11 74 67 71 16 0 6 1.12 0.0 0 12.6 28 210 M M 10 1 36 220
12 78 62 70 15 0 5 0.15 0.0 0 7.8 17 260 M M 7 1 24 210
13 62 41 52 -2 13 0 0.00 0.0 0 8.6 20 280 M M 3 23 280
14 56 37 47 -7 18 0 0.00 0.0 0 7.7 14 70 M M 5 20 70
15 53 47 50 -4 15 0 0.02 0.0 0 5.5 13 90 M M 10 1 18 70
16 57 46 52 -2 13 0 0.00 0.0 0 6.9 15 280 M M 9 1 20 290
17 53 31 42 -11 23 0 0.00 0.0 0 4.6 14 310 M M 4 18 330
18 56 27 42 -11 23 0 0.00 0.0 0 2.0 10 300 M M 1 1 13 300
19 62 30 46 -7 19 0 0.00 0.0 M 6.9 16 230 M M 5 20 230
20 50 32 41 -12 24 0 0.00 0.0 M 5.0 17 270 M M 9 8 21 260
21 59 26 43 -9 22 0 0.00 0.0 M 2.1 12 60 M M 2 16 80
22 62 38 50 -2 15 0 0.00 0.0 0 1.3 7 30 M M 8 9 60
23 69 45 57 5 8 0 0.00 0.0 0 1.9 9 80 M M 7 12 80
24 60 45 53 1 12 0 0.17 0.0 0 4.7 14 50 M M 9 1 17 50
25 64 47 56 5 9 0 0.10 0.0 0 3.5 10 310 M M 9 12 13 310
26 66 36 51 0 14 0 0.00 0.0 0 2.8 10 120 M M 6 12 14 120
27 79 53 66 15 0 1 0.18 0.0 0 10.6 28 250 M M 6 12 41 240
28 68 45 57 6 8 0 0.00 0.0 0 6.9 17 250 M M 0 21 250
29 69 38 54 4 11 0 0.00 0.0 0 3.2 12 100 M M 1 15 100
30 69 48 59 9 6 0 0.77 M 0 8.6 20 260 M M 7 13 28 220
================================================================================
SM 2035 1411 261 41 3.40 0.0 175.4 M 177
================================================================================
AV 67.8 47.0 5.8 FASTST M M 6 MAX(MPH)
MISC ----> # 28 210 41 240
================================================================================
NOTES:
# LAST OF SEVERAL OCCURRENCES
COLUMN 17 PEAK WIND IN M.P.H.
PRELIMINARY LOCAL CLIMATOLOGICAL DATA (WS FORM: F-6) , PAGE 2
STATION: COLUMBIA METRO AIRPORT SC
MONTH: NOVEMBER
YEAR: 2022
LATITUDE: 33 57 N
LONGITUDE: 81 7 W
[TEMPERATURE DATA] [PRECIPITATION DATA] SYMBOLS USED IN COLUMN 16
AVERAGE MONTHLY: 57.4 TOTAL FOR MONTH: 3.40 1 = FOG OR MIST
DPTR FM NORMAL: 3.4 DPTR FM NORMAL: 0.64 2 = FOG REDUCING VISIBILITY
HIGHEST: 84 ON 5 GRTST 24HR 1.48 ON 10-11 TO 1/4 MILE OR LESS
LOWEST: 26 ON 21 3 = THUNDER
SNOW, ICE PELLETS, HAIL 4 = ICE PELLETS
TOTAL MONTH: 0.0 INCH 5 = HAIL
GRTST 24HR 0.0 6 = FREEZING RAIN OR DRIZZLE
GRTST DEPTH: 0 7 = DUSTSTORM OR SANDSTORM:
VSBY 1/2 MILE OR LESS
8 = SMOKE OR HAZE
[NO. OF DAYS WITH] [WEATHER - DAYS WITH] 9 = BLOWING SNOW
X = TORNADO
MAX 32 OR BELOW: 0 0.01 INCH OR MORE: 10
MAX 90 OR ABOVE: 0 0.10 INCH OR MORE: 8
MIN 32 OR BELOW: 5 0.50 INCH OR MORE: 2
MIN 0 OR BELOW: 0 1.00 INCH OR MORE: 1
[HDD (BASE 65) ]
TOTAL THIS MO. 261 CLEAR (SCALE 0-3) 7
DPTR FM NORMAL -82 PTCLDY (SCALE 4-7) 14
TOTAL FM JUL 1 383 CLOUDY (SCALE 8-10) 9
DPTR FM NORMAL -71
[CDD (BASE 65) ]
TOTAL THIS MO. 41
DPTR FM NORMAL 28 [PRESSURE DATA]
TOTAL FM JAN 1 2339 HIGHEST SLP 30.49 ON 21
DPTR FM NORMAL 106 LOWEST SLP 29.60 ON 11
[REMARKS]
#FINAL-11-22#