000
CXUS52 KCAE 011447
CLMCAE
CLIMATE REPORT
NATIONAL WEATHER SERVICE COLUMBIA SC
1047 AM EDT SAT JUL 01 2023
...................................
...THE COLUMBIA METRO AIRPORT SC CLIMATE SUMMARY FOR THE MONTH OF JUNE 2023...
CLIMATE NORMAL PERIOD: 1991 TO 2020
CLIMATE RECORD PERIOD: 1887 TO 2023
WEATHER OBSERVED NORMAL DEPART LAST YEAR`S
VALUE DATE(S) VALUE FROM VALUE
NORMAL
..............................................................
TEMPERATURE (F)
RECORD
HIGH 109 06/30/2012
06/29/2012
LOW 44 06/01/1984
HIGHEST 93 06/26 MM MM
06/29
LOWEST 53 06/10 MM MM
AVG. MAXIMUM 86.3 89.7 -3.4
AVG. MINIMUM 66.1 68.6 -2.5
MEAN 76.2 79.1 -2.9
DAYS MAX >= 90 11 18.0 -7.0
DAYS MAX <= 32 0 0.0 0.0
DAYS MIN <= 32 0 0.0 0.0
DAYS MIN <= 0 0 0.0 0.0
PRECIPITATION (INCHES)
RECORD
MAXIMUM 14.81 1973
MINIMUM 0.49 2002
TOTALS 6.12 4.97 1.15
DAILY AVG. 0.20 0.17 0.03
DAYS >= .01 10 11.0 -1.0
DAYS >= .10 8 7.4 0.6
DAYS >= .50 6 3.3 2.7
DAYS >= 1.00 2 1.4 0.6
GREATEST
24 HR. TOTAL 2.38 06/20 TO 06/21
STORM TOTAL 1.63
(MM/DD(HH))
SNOWFALL (INCHES)
RECORDS
TOTAL MM MM
TOTALS 0.0 0.0 0.0
SINCE 7/1 0.0 1.2 -1.2
DAYS >= TRACE 0 0.0 0.0
DAYS >= 1.0 0 0.0 0.0
GREATEST
SNOW DEPTH 0
DEGREE DAYS
HEATING TOTAL 0 1 -1
SINCE 7/1 1982 2473 -491
COOLING TOTAL 342 425 -83
SINCE 1/1 654 773 -119
FREEZE DATES
RECORD
EARLIEST 10/15/1991
LATEST 04/03/1964
EARLIEST 11/17 11/17
LATEST 03/21 04/10
..............................................................
WIND (MPH)
AVERAGE WIND SPEED 6.2
RESULTANT WIND SPEED/DIRECTION 1/250
HIGHEST WIND SPEED/DIRECTION 37/250 DATE 06/11
HIGHEST GUST SPEED/DIRECTION 50/290 DATE 06/11
SKY COVER
POSSIBLE SUNSHINE (PERCENT) MM
AVERAGE SKY COVER 0.52
NUMBER OF DAYS FAIR 7
NUMBER OF DAYS PC 19
NUMBER OF DAYS CLOUDY 4
AVERAGE RH (PERCENT) 70
WEATHER CONDITIONS. NUMBER OF DAYS WITH
THUNDERSTORM 9 MIXED PRECIP 0
HEAVY RAIN 6 RAIN 5
LIGHT RAIN 11 FREEZING RAIN 0
LT FREEZING RAIN 0 HAIL 0
HEAVY SNOW 0 SNOW 0
LIGHT SNOW 0 SLEET 0
FOG 13 FOG W/VIS <= 1/4 MILE 1
HAZE 11
- INDICATES NEGATIVE NUMBERS.
R INDICATES RECORD WAS SET OR TIED.
MM INDICATES DATA IS MISSING.
T INDICATES TRACE AMOUNT.
$$