000
CXUS55 KGJT 011010
CF6CAG
PRELIMINARY LOCAL CLIMATOLOGICAL DATA (WS FORM: F-6)
STATION: CRAIG CO
MONTH: DECEMBER
YEAR: 2022
LATITUDE: 40 30 N
LONGITUDE: 107 32 W
TEMPERATURE IN F: :PCPN: SNOW: WIND :SUNSHINE: SKY :PK WND
================================================================================
1 2 3 4 5 6A 6B 7 8 9 10 11 12 13 14 15 16 17 18
12Z AVG MX 2MIN
DY MAX MIN AVG DEP HDD CDD WTR SNW DPTH SPD SPD DIR MIN PSBL S-S WX SPD DR
================================================================================
1 47 2 25 1 40 0 0.00 M M 7.5 29 210 M M 2 41 220
2 45 -10 18 -6 47 0 0.19 M M 8.9 44 210 M M 6 128 59 220
3 28 -9 10 -13 55 0 T M M 3.3 9 200 M M 6 13 220
4 41 28 35 12 30 0 T M M 1.5 10 70 M M 10 14 80
5 35 27 31 9 34 0 0.81 M M 4.0 17 290 M M 10 12 27 290
6 28 3 16 -6 49 0 T M M 1.4 7 210 M M 9 128 9 210
7 21 -7 7 -15 58 0 0.07 M M 1.0 8 220 M M 10 128 10 220
8 28 -6 11 -10 54 0 0.03 M M 4.0 13 250 M M 5 128 17 250
9 23 -7 8 -13 57 0 0.00 M M 2.3 8 230 M M 5 128 9 30
10 24 -6 9 -11 56 0 0.00 M M 2.8 13 210 M M 2 16 220
11 29 3 16 -4 49 0 0.00 M M 2.0 10 290 M M 1 12 230
12 38 14 26 7 39 0 0.03 M M 7.5 23 270 M M 8 18 28 270
13 24 15 20 1 45 0 0.10 M M 8.2 16 250 M M 10 18 20 250
14 25 9 17 -2 48 0 0.03 M M 8.1 17 240 M M 10 1 21 230
15 20 -7 7 -11 58 0 0.04 M M 3.2 17 290 M M 9 18 23 280
16 7 -18 -5 -23 70 0 T M M 1.4 7 80 M M 5 18 8 90
17 6 -19 -6 -24 71 0 0.00 M M 2.3 8 220 M M 2 9 220
18 10 -19 -4 -22 69 0 0.00 M M 2.1 8 220 M M 0 10 210
19 9 -21 -6 -23 71 0 0.00 M M 0.6 7 210 M M 0 11 220
20 31 -6 13 -4 52 0 0.00 M M 2.9 15 90 M M 7 21 60
21 36 8 22 5 43 0 0.03 M M 12.6 35 270 M M 8 1 44 260
22 11 -20 -4 -21 69 0 T M M 3.9 16 270 M M 4 1 19 270
23 24 -14 5 -11 60 0 T M M 3.4 10 280 M M 9 12 70
24 32 12 22 6 43 0 T M M 1.2 12 220 M M 9 12 13 220
25 35 10 23 7 42 0 0.00 M M 2.5 15 210 M M 9 128 16 210
26 40 13 27 11 38 0 0.00 M M 2.6 13 60 M M 5 18 17 70
27 40 9 25 9 40 0 0.30 M M 4.6 18 240 M M 5 1 26 230
28 38 15 27 11 38 0 0.13 M M 6.1 20 220 M M 10 12 25 220
29 24 1 13 -3 52 0 T M M 1.3 7 280 M M 8 128 7 290
30 28 3 16 0 49 0 0.18 M M 5.8 14 60 M M 10 18 17 70
31 40 28 34 18 31 0 0.39 M M 7.8 24 240 M M 10 1 32 250
================================================================================
SM 867 31 1557 0 2.33 M 126.8 M 204
================================================================================
AV 28.0 1.0 4.1 FASTST M M 7 MAX(MPH)
MISC ----> 44 210 59 220
================================================================================
NOTES:
# LAST OF SEVERAL OCCURRENCES
COLUMN 17 PEAK WIND IN M.P.H.
PRELIMINARY LOCAL CLIMATOLOGICAL DATA (WS FORM: F-6) , PAGE 2
STATION: CRAIG CO
MONTH: DECEMBER
YEAR: 2022
LATITUDE: 40 30 N
LONGITUDE: 107 32 W
[TEMPERATURE DATA] [PRECIPITATION DATA] SYMBOLS USED IN COLUMN 16
AVERAGE MONTHLY: 14.5 TOTAL FOR MONTH: 2.33 1 = FOG OR MIST
DPTR FM NORMAL: -4.2 DPTR FM NORMAL: 1.43 2 = FOG REDUCING VISIBILITY
HIGHEST: 47 ON 1 GRTST 24HR 0.81 ON 5- 5 TO 1/4 MILE OR LESS
LOWEST: -21 ON 19 3 = THUNDER
SNOW, ICE PELLETS, HAIL 4 = ICE PELLETS
TOTAL MONTH: M 5 = HAIL
GRTST 24HR M ON M 6 = FREEZING RAIN OR DRIZZLE
GRTST DEPTH: M ON M 7 = DUSTSTORM OR SANDSTORM:
VSBY 1/2 MILE OR LESS
8 = SMOKE OR HAZE
[NO. OF DAYS WITH] [WEATHER - DAYS WITH] 9 = BLOWING SNOW
X = TORNADO
MAX 32 OR BELOW: 20 0.01 INCH OR MORE: 13
MAX 90 OR ABOVE: 0 0.10 INCH OR MORE: 7
MIN 32 OR BELOW: 31 0.50 INCH OR MORE: 1
MIN 0 OR BELOW: 14 1.00 INCH OR MORE: 0
[HDD (BASE 65) ]
TOTAL THIS MO. 1557 CLEAR (SCALE 0-3) 6
DPTR FM NORMAL 123 PTCLDY (SCALE 4-7) 11
TOTAL FM JUL 1 3494 CLOUDY (SCALE 8-10) 14
DPTR FM NORMAL 130
[CDD (BASE 65) ]
TOTAL THIS MO. 0
DPTR FM NORMAL 0 [PRESSURE DATA]
TOTAL FM JAN 1 375 HIGHEST SLP 30.81 ON 19
DPTR FM NORMAL 158 LOWEST SLP 29.50 ON 12
[REMARKS]
#FINAL-12-22#