000
CXUS55 KGJT 010910
CF6CAG
PRELIMINARY LOCAL CLIMATOLOGICAL DATA (WS FORM: F-6)
STATION: CRAIG CO
MONTH: MAY
YEAR: 2021
LATITUDE: 40 30 N
LONGITUDE: 107 32 W
TEMPERATURE IN F: :PCPN: SNOW: WIND :SUNSHINE: SKY :PK WND
================================================================================
1 2 3 4 5 6A 6B 7 8 9 10 11 12 13 14 15 16 17 18
12Z AVG MX 2MIN
DY MAX MIN AVG DEP HDD CDD WTR SNW DPTH SPD SPD DIR MIN PSBL S-S WX SPD DR
================================================================================
1 83 30 57 10 8 0 T M M 8.2 33 260 M M 1 47 260
2 62 38 50 3 15 0 0.04 M M 6.2 30 280 M M 5 38 270
3 45 33 39 -8 26 0 0.28 M M 6.3 15 40 M M 10 22 20
4 56 29 43 -5 22 0 0.01 M M 5.3 30 330 M M 7 138 51 310
5 63 30 47 -1 18 0 T M M 4.9 17 320 M M 3 26 330
6 76 25 51 3 14 0 0.00 M M 5.2 20 270 M M 0 26 280
7 81 31 56 7 9 0 0.00 M M 10.4 33 270 M M 0 49 280
8 62 33 48 -1 17 0 T M M 8.7 29 290 M M 4 37 290
9 58 28 43 -6 22 0 0.00 M M 4.7 25 250 M M 3 30 240
10 54 32 43 -7 22 0 0.21 M M 5.4 25 180 M M 7 13 31 190
11 48 31 40 -10 25 0 0.27 M M 5.6 22 230 M M 8 123 29 230
12 63 26 45 -5 20 0 0.00 M M 4.0 16 300 M M 1 23 300
13 75 29 52 1 13 0 0.00 M M 4.5 22 260 M M 1 34 270
14 77 32 55 4 10 0 T M M 5.4 25 290 M M 3 34 300
15 75 35 55 3 10 0 T M M 5.2 23 190 M M 0 30 200
16 76 37 57 5 8 0 T M M 7.5 30 180 M M 1 3 53 180
17 74 40 57 5 8 0 0.01 M M 6.5 28 220 M M 1 3 39 30
18 76 34 55 2 10 0 T M M 5.2 23 100 M M 2 35 80
19 78 35 57 4 8 0 T M M 6.0 35 200 M M 3 45 200
20 79 45 62 9 3 0 0.00 M M 13.6 30 220 M M 1 45 230
21 71 42 57 3 8 0 T M M 12.8 40 220 M M 3 53 220
22 79 40 60 6 5 0 T M M 11.5 36 210 M M 4 50 180
23 65 37 51 -3 14 0 T M M 17.0 33 240 M M 1 47 250
24 66 28 47 -7 18 0 0.00 M M 7.2 26 270 M M 1 34 280
25 72 27 50 -5 15 0 0.00 M M 5.0 17 290 M M 0 24 280
26 78 40 59 4 6 0 T M M 9.3 36 220 M M 3 3 47 210
27 74 31 53 -2 12 0 0.00 M M 4.6 17 300 M M 0 8 24 300
28 83 29 56 0 9 0 0.00 M M 7.2 29 190 M M 0 39 200
29 79 36 58 2 7 0 0.00 M M 5.1 26 320 M M 2 35 330
30 76 48 62 6 3 0 T M M 8.1 23 130 M M 4 3 31 130
31 77 34 56 -1 9 0 0.00 M M 4.6 21 350 M M 1 29 350
================================================================================
SM 2181 1045 394 0 0.82 M 221.2 M 80
================================================================================
AV 70.4 33.7 7.1 FASTST M M 3 MAX(MPH)
MISC ----> 40 220 # 53 180
================================================================================
NOTES:
# LAST OF SEVERAL OCCURRENCES
COLUMN 17 PEAK WIND IN M.P.H.
PRELIMINARY LOCAL CLIMATOLOGICAL DATA (WS FORM: F-6) , PAGE 2
STATION: CRAIG CO
MONTH: MAY
YEAR: 2021
LATITUDE: 40 30 N
LONGITUDE: 107 32 W
[TEMPERATURE DATA] [PRECIPITATION DATA] SYMBOLS USED IN COLUMN 16
AVERAGE MONTHLY: 52.0 TOTAL FOR MONTH: 0.82 1 = FOG OR MIST
DPTR FM NORMAL: 0.2 DPTR FM NORMAL: -0.81 2 = FOG REDUCING VISIBILITY
HIGHEST: 83 ON 28, 1 GRTST 24HR 0.46 ON 10-11 TO 1/4 MILE OR LESS
LOWEST: 25 ON 6 3 = THUNDER
SNOW, ICE PELLETS, HAIL 4 = ICE PELLETS
TOTAL MONTH: M 5 = HAIL
GRTST 24HR M ON M 6 = FREEZING RAIN OR DRIZZLE
GRTST DEPTH: M ON M 7 = DUSTSTORM OR SANDSTORM:
VSBY 1/2 MILE OR LESS
8 = SMOKE OR HAZE
[NO. OF DAYS WITH] [WEATHER - DAYS WITH] 9 = BLOWING SNOW
X = TORNADO
MAX 32 OR BELOW: 0 0.01 INCH OR MORE: 6
MAX 90 OR ABOVE: 0 0.10 INCH OR MORE: 3
MIN 32 OR BELOW: 15 0.50 INCH OR MORE: 0
MIN 0 OR BELOW: 0 1.00 INCH OR MORE: 0
[HDD (BASE 65) ]
TOTAL THIS MO. 394 CLEAR (SCALE 0-3) 21
DPTR FM NORMAL -16 PTCLDY (SCALE 4-7) 9
TOTAL FM JUL 1 8201 CLOUDY (SCALE 8-10) 1
DPTR FM NORMAL 109
[CDD (BASE 65) ]
TOTAL THIS MO. 0
DPTR FM NORMAL -1 [PRESSURE DATA]
TOTAL FM JAN 1 0 HIGHEST SLP M ON M
DPTR FM NORMAL -1 LOWEST SLP 29.46 ON 20
[REMARKS]
#FINAL-05-21#