000
CXUS51 KCLE 041836
CLSCAK
CLIMATE REPORT
NATIONAL WEATHER SERVICE CLEVELAND, OH
136 PM EST MON MAR 04 2024
...................................
...THE AKRON CANTON OH CLIMATE SUMMARY FOR THE SEASON, FROM
12/1/2023 TO 2/29/2024...
CLIMATE NORMAL PERIOD 1991 TO 2020
CLIMATE RECORD PERIOD 1887 TO 2024
WEATHER OBSERVED NORMAL DEPART
VALUE DATE(S) VALUE FROM
NORMAL
................................................
TEMPERATURE (F)
RECORD
HIGH 76 12/03/1982
LOW -25 01/19/1994
HIGHEST 68 02/27
LOWEST 2 01/15
01/17
AVG. MAXIMUM 42.0 38.0 4.0
AVG. MINIMUM 27.8 22.8 5.0
MEAN 34.9 30.4 4.5
DAYS MAX >= 90 0 0.0
DAYS MAX <= 32 14 34.0
DAYS MIN <= 32 63 74.7
DAYS MIN <= 0 0 3.3
PRECIPITATION (INCHES)
RECORD
MAXIMUM 15.09 1950
MINIMUM 2.96 1906
TOTALS 7.19 8.25 -1.06
DAYS >= .01 24 48.3
DAYS >= .10 9 21.4
DAYS >= .50 3 4.4
DAYS >= 1.00 0 0.7
SNOWFALL (INCHES)
RECORDS
TOTAL 65.9 1978
TOTALS 12.9 34.3
DAYS >= TRACE 34
DAYS >= 1.0 4 11.8
DEGREE DAYS
HEATING TOTAL 2721 3115 -394
COOLING TOTAL 0 0 0
................................................
WIND (MPH)
HIGHEST GUST SPEED/DIRECTION 55/240 DATE 01/09
SKY COVER
POSSIBLE SUNSHINE (PERCENT) MM
NUMBER OF DAYS FAIR 11
NUMBER OF DAYS PC 23
NUMBER OF DAYS CLOUDY 57
WEATHER CONDITIONS. NUMBER OF DAYS WITH
THUNDERSTORM 1 MIXED PRECIP 0
HEAVY RAIN 3 RAIN 10
LIGHT RAIN 40 FREEZING RAIN 0
LT FREEZING RAIN 2 HAIL 0
HEAVY SNOW 4 SNOW 8
LIGHT SNOW 34 SLEET 0
FOG 59 FOG W/VIS <= 1/4 MILE 17
HAZE 14
- INDICATES NEGATIVE NUMBERS.
R INDICATES RECORD WAS SET OR TIED.
MM INDICATES DATA IS MISSING.
T INDICATES TRACE AMOUNT.
$$