000
CXUS51 KCLE 021842
CLSCAK
CLIMATE REPORT
NATIONAL WEATHER SERVICE CLEVELAND, OH
242 PM EDT THU SEP 02 2021
...................................
...THE AKRON CANTON OH CLIMATE SUMMARY FOR THE SEASON, FROM
6/1/2021 TO 8/31/2021...
CLIMATE NORMAL PERIOD 1991 TO 2020
CLIMATE RECORD PERIOD 1887 TO 2021
WEATHER OBSERVED NORMAL DEPART
VALUE DATE(S) VALUE FROM
NORMAL
................................................
TEMPERATURE (F)
RECORD
HIGH 104 08/06/1918
LOW 32 06/11/1972
HIGHEST 93 06/29
LOWEST 50 06/17
06/23
AVG. MAXIMUM 83.2 82.5 0.7
AVG. MINIMUM 64.7 61.5 3.2
MEAN 74.0 72.0 2.0
DAYS MAX >= 90 12 9.2
DAYS MAX <= 32 0 0.0
DAYS MIN <= 32 0 0.0
DAYS MIN <= 0 0 0.0
PRECIPITATION (INCHES)
RECORD
MAXIMUM 19.89 1990
MINIMUM 3.19 1991
TOTALS 16.08 12.18 3.90
DAYS >= .01 37 34.3
DAYS >= .10 27 21.8
DAYS >= .50 9 8.1
DAYS >= 1.00 5 3.1
SNOWFALL (INCHES)
RECORDS
TOTAL T 2002
TOTALS 0.0 0.0
DAYS >= TRACE 0
DAYS >= 1.0 0 0.0
DEGREE DAYS
HEATING TOTAL 9 39 -30
COOLING TOTAL 855 687 168
................................................
WIND (MPH)
HIGHEST GUST SPEED/DIRECTION 54/260 DATE 08/11
SKY COVER
POSSIBLE SUNSHINE (PERCENT) MM
NUMBER OF DAYS FAIR 19
NUMBER OF DAYS PC 48
NUMBER OF DAYS CLOUDY 25
WEATHER CONDITIONS. NUMBER OF DAYS WITH
THUNDERSTORM 31 MIXED PRECIP 0
HEAVY RAIN 12 RAIN 17
LIGHT RAIN 41 FREEZING RAIN 0
LT FREEZING RAIN 0 HAIL 0
HEAVY SNOW 0 SNOW 0
LIGHT SNOW 0 SLEET 0
FOG 48 FOG W/VIS <= 1/4 MILE 3
HAZE 33
- INDICATES NEGATIVE NUMBERS.
R INDICATES RECORD WAS SET OR TIED.
MM INDICATES DATA IS MISSING.
T INDICATES TRACE AMOUNT.
$$