000
CXUS56 KMTR 012142
CF6CCR
PRELIMINARY LOCAL CLIMATOLOGICAL DATA (WS FORM: F-6)
STATION: CONCORD AIRPORT
MONTH: MARCH
YEAR: 2021
LATITUDE: 37 58 N
LONGITUDE: 122 3 W
TEMPERATURE IN F: :PCPN: SNOW: WIND :SUNSHINE: SKY :PK WND
================================================================================
1 2 3 4 5 6A 6B 7 8 9 10 11 12 13 14 15 16 17 18
12Z AVG MX 2MIN
DY MAX MIN AVG DEP HDD CDD WTR SNW DPTH SPD SPD DIR MIN PSBL S-S WX SPD DR
================================================================================
1 71 39 55 1 10 0 0.00 M M 2.6 15 200 M M 0 30 240
2 71 42 57 3 8 0 0.00 M M 4.2 13 20 M M 0 16 30
3 71 43 57 3 8 0 0.00 M M 7.5 18 190 M M 0 23 180
4 65 40 53 -2 12 0 0.00 M M 4.7 15 330 M M 0 25 70
5 68 40 54 -1 11 0 0.11 M M 6.9 26 290 M M 1 37 290
6 62 44 53 -2 12 0 0.04 M M 7.1 15 280 M M 2 1 19 260
7 65 38 52 -3 13 0 0.00 M M 8.5 17 190 M M 0 22 190
8 60 41 51 -4 14 0 0.00 M M 9.3 21 230 M M 4 25 230
9 60 44 52 -3 13 0 0.15 M M 8.8 21 200 M M 6 1 32 230
10 55 44 50 -5 15 0 0.18 M M 8.1 20 230 M M 6 1 26 230
11 59 42 51 -4 14 0 0.03 M M 6.3 15 300 M M 5 20 310
12 71 41 56 1 9 0 0.00 M M 6.1 14 290 M M 0 18 360
13 62 45 54 -1 11 0 0.00 M M 10.5 20 220 M M 2 23 220
14 60 45 53 -2 12 0 0.13 M M 10.4 23 270 M M 9 1 28 270
15 53 40 47 -8 18 0 T M M 9.2 24 310 M M 4 33 280
16 61 37 49 -6 16 0 0.00 M M 7.7 17 210 M M 0 23 220
17 59 38 49 -7 16 0 0.00 M M 5.2 13 250 M M 3 15 250
18 58 50 54 -2 11 0 0.20 M M 3.9 16 210 M M 10 1 20 210
19 64 47 56 0 9 0 T M M 5.5 17 270 M M 6 1 22 280
20 63 41 52 -4 13 0 0.00 M M 6.1 20 300 M M 1 33 230
21 70 39 55 -1 10 0 0.00 M M 7.5 18 270 M M 0 20 280
22 67 47 57 1 8 0 0.00 M M 10.5 24 290 M M 1 34 290
23 67 41 54 -2 11 0 0.00 M M 12.0 31 360 M M 0 40 360
24 73 41 57 1 8 0 0.00 M M 7.9 18 170 M M 0 24 250
25 67 48 58 2 7 0 0.00 M M 8.1 15 230 M M 0 25 320
26 75 42 59 3 6 0 0.00 M M 5.3 15 350 M M 0 20 270
27 79 42 61 5 4 0 0.00 M M 4.3 12 250 M M 0 16 280
28 80 45 63 7 2 0 0.00 M M 5.4 16 290 M M 0 29 80
29 76 47 62 6 3 0 0.00 M M 6.6 12 320 M M 0 16 20
30 80 44 62 6 3 0 0.00 M M 4.9 16 10 M M 0 25 80
31 83 50 67 11 0 2 0.00 M M 4.9 13 50 M M 0 26 200
================================================================================
SM 2075 1327 307 2 0.84 M 216.0 M 60
================================================================================
AV 66.9 42.8 7.0 FASTST M M 2 MAX(MPH)
MISC ----> 31 360 40 360
================================================================================
NOTES:
# LAST OF SEVERAL OCCURRENCES
COLUMN 17 PEAK WIND IN M.P.H.
PRELIMINARY LOCAL CLIMATOLOGICAL DATA (WS FORM: F-6) , PAGE 2
STATION: CONCORD AIRPORT
MONTH: MARCH
YEAR: 2021
LATITUDE: 37 58 N
LONGITUDE: 122 3 W
[TEMPERATURE DATA] [PRECIPITATION DATA] SYMBOLS USED IN COLUMN 16
AVERAGE MONTHLY: 54.9 TOTAL FOR MONTH: 0.84 1 = FOG OR MIST
DPTR FM NORMAL: -0.5 DPTR FM NORMAL: -1.53 2 = FOG REDUCING VISIBILITY
HIGHEST: 83 ON 31 GRTST 24HR 0.26 ON 9-10 TO 1/4 MILE OR LESS
LOWEST: 37 ON 16 3 = THUNDER
SNOW, ICE PELLETS, HAIL 4 = ICE PELLETS
TOTAL MONTH: M 5 = HAIL
GRTST 24HR M ON M 6 = FREEZING RAIN OR DRIZZLE
GRTST DEPTH: M ON M 7 = DUSTSTORM OR SANDSTORM:
VSBY 1/2 MILE OR LESS
8 = SMOKE OR HAZE
[NO. OF DAYS WITH] [WEATHER - DAYS WITH] 9 = BLOWING SNOW
X = TORNADO
MAX 32 OR BELOW: 0 0.01 INCH OR MORE: 7
MAX 90 OR ABOVE: 0 0.10 INCH OR MORE: 5
MIN 32 OR BELOW: 0 0.50 INCH OR MORE: 0
MIN 0 OR BELOW: 0 1.00 INCH OR MORE: 0
[HDD (BASE 65) ]
TOTAL THIS MO. 307 CLEAR (SCALE 0-3) 23
DPTR FM NORMAL 8 PTCLDY (SCALE 4-7) 6
TOTAL FM JUL 1 1800 CLOUDY (SCALE 8-10) 2
DPTR FM NORMAL -364
[CDD (BASE 65) ]
TOTAL THIS MO. 2
DPTR FM NORMAL 0 [PRESSURE DATA]
TOTAL FM JAN 1 2 HIGHEST SLP 30.28 ON 20
DPTR FM NORMAL 0 LOWEST SLP 29.70 ON 3
[REMARKS]
#FINAL-03-21#