000
CXUS55 KBOU 011000
CF6CCU
PRELIMINARY LOCAL CLIMATOLOGICAL DATA (WS FORM: F-6)
STATION: COPPER MTN/RED CLIFF
MONTH: NOVEMBER
YEAR: 2020
LATITUDE: 39 28 N
LONGITUDE: 106 9 W
TEMPERATURE IN F: :PCPN: SNOW: WIND :SUNSHINE: SKY :PK WND
================================================================================
1 2 3 4 5 6A 6B 7 8 9 10 11 12 13 14 15 16 17 18
12Z AVG MX 2MIN
DY MAX MIN AVG DEP HDD CDD WTR SNW DPTH SPD SPD DIR MIN PSBL S-S WX SPD DR
================================================================================
1 46 32 39 M 26 0 0.00 M M 8.1 16 270 M M 0 M M
2 54 37 46 M 19 0 0.00 M M 7.0 M M M M 0 18 290
3 50 37 44 M 21 0 0.00 M M 7.6 17 300 M M 2 M M
4 45 34 40 M 25 0 0.00 M M M M M M M 2 M M
5 54 34 44 M 21 0 0.00 M M 4.0 9 270 M M 0 M M
6 52 37 45 M 20 0 0.00 M M M M M M M 0 M M
7 45 34 40 M 25 0 0.00 M M M 18 M M M 4 30 M
8 34 19 27 M 38 0 0.00 M M M M M M M 6 M M
9 27 12 20 M 45 0 0.00 M M M M M M M 10 M M
10 16 9 13 M 52 0 0.00 M M M M M M M 9 M M
11 23 5 14 M 51 0 0.00 M M M M M M M 4 M M
12 23 12 18 M 47 0 0.00 M M M M M M M 4 M M
13 32 21 27 M 38 0 0.00 M M M M M M M 2 M M
14 25 5 15 M 50 0 0.00 M M M M M M M 9 M M
15 30 5 18 M 47 0 0.00 M M M M M M M 9 M M
16 37 30 34 M 31 0 0.03 M M 7.5 8 270 M M 5 M M
17 46 34 40 M 25 0 0.00 M M 6.9 17 M M M 0 25 M
18 45 37 41 M 24 0 0.00 M M M 23 M M M 0 M M
19 41 34 38 M 27 0 0.00 M M M 10 M M M 1 M M
20 37 32 35 M 30 0 0.00 M M 8.6 9 270 M M 8 M M
21 34 23 29 M 36 0 0.00 M M M 8 M M M 6 M M
22 43 19 31 M 34 0 0.00 M M 4.6 14 M M M 3 M M
23 36 28 32 M 33 0 0.04 M M 6.9 8 M M M 7 M M
24 28 14 21 M 44 0 0.00 M M 4.6 8 M M M 10 M M
25 34 12 23 M 42 0 0.06 M M 10.4 14 M M M 0 M M
26 27 16 22 M 43 0 0.00 M M M 5 M M M 6 M M
27 28 14 21 M 44 0 0.00 M M 1.2 6 M M M 0 M M
28 34 23 29 M 36 0 0.00 M M 8.1 10 M M M 0 M M
29 27 18 23 M 42 0 0.00 M M 2.3 5 310 M M 0 M M
30 34 18 26 M 39 0 0.00 M M 8.3 10 270 M M 0 M M
================================================================================
SM 1087 685 1055 0 0.13 M 96.1 M 107
================================================================================
AV 36.2 22.8 6.4 FASTST M M 4 MAX(MPH)
MISC ----> 23 9999 30 9999
================================================================================
NOTES:
# LAST OF SEVERAL OCCURRENCES
COLUMN 17 PEAK WIND IN M.P.H.
PRELIMINARY LOCAL CLIMATOLOGICAL DATA (WS FORM: F-6) , PAGE 2
STATION: COPPER MTN/RED CLIFF
MONTH: NOVEMBER
YEAR: 2020
LATITUDE: 39 28 N
LONGITUDE: 106 9 W
[TEMPERATURE DATA] [PRECIPITATION DATA] SYMBOLS USED IN COLUMN 16
AVERAGE MONTHLY: 29.5 TOTAL FOR MONTH: 0.13 1 = FOG OR MIST
DPTR FM NORMAL: 0.0 DPTR FM NORMAL: M 2 = FOG REDUCING VISIBILITY
HIGHEST: 54 ON 5, 2 GRTST 24HR 0.06 ON 25-25 TO 1/4 MILE OR LESS
LOWEST: 5 ON 15,14 3 = THUNDER
SNOW, ICE PELLETS, HAIL 4 = ICE PELLETS
TOTAL MONTH: M 5 = HAIL
GRTST 24HR M ON M 6 = FREEZING RAIN OR DRIZZLE
GRTST DEPTH: M ON M 7 = DUSTSTORM OR SANDSTORM:
VSBY 1/2 MILE OR LESS
8 = SMOKE OR HAZE
[NO. OF DAYS WITH] [WEATHER - DAYS WITH] 9 = BLOWING SNOW
X = TORNADO
MAX 32 OR BELOW: 11 0.01 INCH OR MORE: 3
MAX 90 OR ABOVE: 0 0.10 INCH OR MORE: 0
MIN 32 OR BELOW: 21 0.50 INCH OR MORE: 0
MIN 0 OR BELOW: 0 1.00 INCH OR MORE: 0
[HDD (BASE 65) ]
TOTAL THIS MO. 1055 CLEAR (SCALE 0-3) 16
DPTR FM NORMAL M PTCLDY (SCALE 4-7) 9
TOTAL FM JUL 1 2641 CLOUDY (SCALE 8-10) 5
DPTR FM NORMAL M
[CDD (BASE 65) ]
TOTAL THIS MO. 0
DPTR FM NORMAL M [PRESSURE DATA]
TOTAL FM JAN 1 3 HIGHEST SLP M ON M
DPTR FM NORMAL M LOWEST SLP M ON M
[REMARKS]
#FINAL-11-20#