000
CXAK58 PACD 011146
CLMCDB
CLIMATE REPORT
NATIONAL WEATHER SERVICE ANCHORAGE, AK
346 AM AKDT TUE AUG 01 2023
...................................
...THE COLD BAY CLIMATE SUMMARY FOR THE MONTH OF JULY 2023...
CLIMATE NORMAL PERIOD: 1991 TO 2020
CLIMATE RECORD PERIOD: 1942 TO 2023
WEATHER OBSERVED NORMAL DEPART LAST YEAR`S
VALUE DATE(S) VALUE FROM VALUE
NORMAL
..............................................................
TEMPERATURE (F)
RECORD
HIGH 77 MM
LOW 38 07/13/2021
HIGHEST 69 MM MM 64
LOWEST 40 MM MM 39
AVG. MAXIMUM 56.7 56.2 0.5 55.8
AVG. MINIMUM 47.5 46.9 0.6 45.9
MEAN 52.1 51.5 0.6 50.9
DAYS MAX >= 90 0 0.0 0.0 0
DAYS MAX <= 32 0 0.0 0.0 0
DAYS MIN <= 32 0 0.0 0.0 0
DAYS MIN <= 0 0 0.0 0.0 0
PRECIPITATION (INCHES)
RECORD
MAXIMUM 1.91 2022
MINIMUM 1.54 2020
TOTALS 5.59 2.51 3.08 1.91
DAILY AVG. 0.18 0.08 0.10 0.06
DAYS >= .01 27 19.8 7.2 19
DAYS >= .10 15 8.2 6.8 8
DAYS >= .50 3 0.8 2.2 0
DAYS >= 1.00 0 0.0 0.0 0
GREATEST
24 HR. TOTAL 0.90 07/19 TO 07/20 0.32
STORM TOTAL 0.76 0.29
(MM/DD(HH))
DEGREE DAYS
HEATING TOTAL 393 417 -24 430
SINCE 7/1 393 416 -23 MM
COOLING TOTAL 0 0 0 0
SINCE 1/1 0 0 0 MM
FREEZE DATES
RECORD
EARLIEST MM
LATEST MM
EARLIEST 08/18
LATEST 06/15
..............................................................
WIND (MPH)
AVERAGE WIND SPEED 16.3
RESULTANT WIND SPEED/DIRECTION 6/190
HIGHEST WIND SPEED/DIRECTION 46/160 DATE 07/08
HIGHEST GUST SPEED/DIRECTION 58/160 DATE 07/08
SKY COVER
POSSIBLE SUNSHINE (PERCENT) MM
AVERAGE SKY COVER 0.91
NUMBER OF DAYS FAIR 1
NUMBER OF DAYS PC 1
NUMBER OF DAYS CLOUDY 29
AVERAGE RH (PERCENT) 90
WEATHER CONDITIONS. NUMBER OF DAYS WITH
THUNDERSTORM 0 MIXED PRECIP 0
HEAVY RAIN 1 RAIN 12
LIGHT RAIN 26 FREEZING RAIN 0
LT FREEZING RAIN 0 HAIL 0
HEAVY SNOW 0 SNOW 0
LIGHT SNOW 0 SLEET 0
FOG 31 FOG W/VIS <= 1/4 MILE 9
HAZE 0
- INDICATES NEGATIVE NUMBERS.
R INDICATES RECORD WAS SET OR TIED.
MM INDICATES DATA IS MISSING.
T INDICATES TRACE AMOUNT.
$$