000
CXUS56 KSLC 011246
CF6CDC
PRELIMINARY LOCAL CLIMATOLOGICAL DATA (WS FORM: F-6)
STATION: CEDAR CITY UT
MONTH: OCTOBER
YEAR: 2020
LATITUDE: 37 42 N
LONGITUDE: 113 6 W
TEMPERATURE IN F: :PCPN: SNOW: WIND :SUNSHINE: SKY :PK WND
================================================================================
1 2 3 4 5 6A 6B 7 8 9 10 11 12 13 14 15 16 17 18
12Z AVG MX 2MIN
DY MAX MIN AVG DEP HDD CDD WTR SNW DPTH SPD SPD DIR MIN PSBL S-S WX SPD DR
================================================================================
1 83 39 61 6 4 0 0.00 0.0 0 4.2 14 360 M M 0 17 330
2 84 39 62 7 3 0 0.00 0.0 0 3.1 9 30 M M 0 8 12 350
3 82 40 61 7 4 0 0.00 0.0 0 4.4 13 340 M M 0 16 10
4 85 37 61 7 4 0 0.00 0.0 0 4.1 14 220 M M 0 8 19 220
5 85 40 63 9 2 0 0.00 0.0 0 3.8 14 310 M M 0 8 20 310
6 84 40 62 9 3 0 0.00 0.0 0 3.1 10 110 M M 0 12 310
7 84 42 63 10 2 0 0.00 0.0 0 6.7 24 240 M M 0 8 31 230
8 81 44 63 10 2 0 T M 0 7.5 23 230 M M 0 29 230
9 80 44 62 10 3 0 0.00 0.0 0 7.5 23 210 M M 0 29 230
10 76 43 60 8 5 0 0.00 0.0 0 10.7 30 220 M M 0 38 210
11 69 40 55 4 10 0 0.00 0.0 0 9.2 17 350 M M 0 23 330
12 78 32 55 4 10 0 0.00 0.0 0 3.8 13 200 M M 0 17 260
13 81 36 59 8 6 0 0.00 0.0 0 5.4 16 200 M M 0 20 200
14 83 43 63 13 2 0 0.00 0.0 0 5.8 16 300 M M 0 20 260
15 67 37 52 2 13 0 0.00 0.0 0 8.8 22 360 M M 0 27 360
16 71 30 51 1 14 0 0.00 0.0 0 4.0 10 340 M M 0 13 310
17 80 30 55 6 10 0 0.00 0.0 0 6.2 16 220 M M 0 8 20 290
18 80 40 60 11 5 0 0.00 0.0 0 6.6 18 220 M M 0 23 210
19 79 35 57 9 8 0 0.00 0.0 0 5.0 13 320 M M 0 17 320
20 76 35 56 8 9 0 0.00 0.0 0 3.3 12 140 M M 0 8 13 140
21 78 37 58 10 7 0 0.00 M 0 8.0 23 210 M M 0 8 27 220
22 72 30 51 3 14 0 0.00 0.0 0 5.5 13 10 M M 0 8 18 20
23 61 26 44 -3 21 0 0.00 0.0 0 2.1 12 200 M M 0 12 200
24 71 38 55 8 10 0 0.00 0.0 0 12.9 25 200 M M 0 32 210
25 59 21 40 -6 25 0 T M 0 14.1 30 210 M M 5 1 37 200
26 35 17 26 -20 39 0 T M 0 13.1 24 360 M M 3 35 10
27 48 13 31 -15 34 0 0.00 0.0 0 7.0 18 360 M M 0 24 350
28 59 20 40 -5 25 0 0.00 0.0 0 5.3 16 10 M M 0 18 23 20
29 65 25 45 0 20 0 0.00 0.0 0 1.3 10 30 M M 0 12 30
30 68 27 48 4 17 0 0.00 0.0 0 3.4 12 150 M M 0 13 350
31 71 29 50 6 15 0 0.00 0.0 0 4.6 16 340 M M 0 20 340
================================================================================
SM 2275 1049 346 0 T 0.0 190.5 M 8
================================================================================
AV 73.4 33.8 6.1 FASTST M M 0 MAX(MPH)
MISC ----> # 30 220 # 38 210
================================================================================
NOTES:
# LAST OF SEVERAL OCCURRENCES
COLUMN 17 PEAK WIND IN M.P.H.
PRELIMINARY LOCAL CLIMATOLOGICAL DATA (WS FORM: F-6) , PAGE 2
STATION: CEDAR CITY UT
MONTH: OCTOBER
YEAR: 2020
LATITUDE: 37 42 N
LONGITUDE: 113 6 W
[TEMPERATURE DATA] [PRECIPITATION DATA] SYMBOLS USED IN COLUMN 16
AVERAGE MONTHLY: 53.6 TOTAL FOR MONTH: T 1 = FOG OR MIST
DPTR FM NORMAL: 3.9 DPTR FM NORMAL: -1.34 2 = FOG REDUCING VISIBILITY
HIGHEST: 85 ON 5, 4 GRTST 24HR T ON 26-26 TO 1/4 MILE OR LESS
LOWEST: 13 ON 27 3 = THUNDER
SNOW, ICE PELLETS, HAIL 4 = ICE PELLETS
TOTAL MONTH: 0.0 INCH 5 = HAIL
GRTST 24HR 0.0 6 = FREEZING RAIN OR DRIZZLE
GRTST DEPTH: 0 7 = DUSTSTORM OR SANDSTORM:
VSBY 1/2 MILE OR LESS
8 = SMOKE OR HAZE
[NO. OF DAYS WITH] [WEATHER - DAYS WITH] 9 = BLOWING SNOW
X = TORNADO
MAX 32 OR BELOW: 0 0.01 INCH OR MORE: 0
MAX 90 OR ABOVE: 0 0.10 INCH OR MORE: 0
MIN 32 OR BELOW: 12 0.50 INCH OR MORE: 0
MIN 0 OR BELOW: 0 1.00 INCH OR MORE: 0
[HDD (BASE 65) ]
TOTAL THIS MO. 346 CLEAR (SCALE 0-3) 30
DPTR FM NORMAL -130 PTCLDY (SCALE 4-7) 1
TOTAL FM JUL 1 430 CLOUDY (SCALE 8-10) 0
DPTR FM NORMAL -189
[CDD (BASE 65) ]
TOTAL THIS MO. 0
DPTR FM NORMAL 0 [PRESSURE DATA]
TOTAL FM JAN 1 968 HIGHEST SLP 30.42 ON 16
DPTR FM NORMAL 380 LOWEST SLP 29.60 ON 10
[REMARKS]
#FINAL-10-20#