000
CXUS53 KEAX 010836
CF6CDJ
PRELIMINARY LOCAL CLIMATOLOGICAL DATA (WS FORM: F-6)
STATION: CHILLICOTHE
MONTH: JANUARY
YEAR: 2023
LATITUDE: 39 49 N
LONGITUDE: 93 35 W
TEMPERATURE IN F: :PCPN: SNOW: WIND :SUNSHINE: SKY :PK WND
================================================================================
1 2 3 4 5 6A 6B 7 8 9 10 11 12 13 14 15 16 17 18
12Z AVG MX 2MIN
DY MAX MIN AVG DEP HDD CDD WTR SNW DPTH SPD SPD DIR MIN PSBL S-S WX SPD DR
================================================================================
1 55 30 43 15 22 0 0.00 M M 4.1 12 30 M M 0 17 30
2 56 42 49 21 16 0 1.24 M M 6.2 17 70 M M 0 123 27 70
3 56 34 45 17 20 0 0.00 M M 8.6 20 230 M M 0 33 240
4 37 33 35 7 30 0 0.01 M M 7.1 13 280 M M 0 22 300
5 39 25 32 4 33 0 0.00 M M 6.7 15 310 M M 0 26 280
6 45 21 33 5 32 0 0.00 M M 1.3 8 40 M M 0 13 60
7 33 24 29 1 36 0 0.00 M M 5.7 10 10 M M 0 20 10
8 45 19 32 5 33 0 0.00 M M 0.8 7 230 M M 0 10 230
9 57 22 40 13 25 0 0.00 M M 3.4 15 200 M M 0 24 190
10 53 26 40 13 25 0 0.00 M M 2.0 7 120 M M 0 11 270
11 53 27 40 13 25 0 0.00 M M 3.4 16 10 M M 0 28 20
12 37 M M M M M 0.00 M M 12.0 15 310 M M 0 35 360
13 M 21 M M M M 0.00 M M 4.8 15 330 M M 0 26 330
14 44 18 31 4 34 0 0.00 M M 5.7 15 130 M M 0 24 140
15 58 36 47 20 18 0 0.00 M M 10.4 18 170 M M 0 31 180
16 64 39 52 25 13 0 0.00 M M 10.2 26 190 M M 0 43 210
17 50 33 42 15 23 0 0.00 M M 4.8 15 310 M M 0 21 310
18 37 33 35 8 30 0 0.53 M M 6.1 16 70 M M 0 1 27 70
19 38 32 35 8 30 0 0.08 M M 7.4 17 300 M M 0 31 300
20 42 24 33 6 32 0 0.00 M M 3.8 12 300 M M 0 21 280
21 37 23 30 3 35 0 0.12 M M 0.6 5 200 M M 0 7 20
22 36 25 31 4 34 0 0.10 M M 3.2 8 300 M M 0 13 300
23 41 22 32 5 33 0 0.00 M M 4.2 9 230 M M 0 17 230
24 42 24 33 6 32 0 0.04 M M 0.7 6 170 M M 0 M M
25 37 25 31 4 34 0 0.19 M M 8.1 17 310 M M 0 29 300
26 30 14 22 -6 43 0 0.00 M M 6.9 16 310 M M 0 26 300
27 50 26 38 10 27 0 0.00 M M 6.8 16 290 M M 0 29 280
28 50 22 36 8 29 0 0.00 M M 7.6 16 360 M M 0 28 350
29 25 14 20 -8 45 0 0.00 M M 9.6 15 340 M M 0 28 340
30 22 14 18 -10 47 0 0.00 M M 7.6 14 350 M M 0 24 350
31 26 M M M M M 0.00 M M 1.2 10 300 M M 0 16 290
================================================================================
SM 1295 748 836 0 2.31 M 171.0 M 0
================================================================================
AV 43.2 25.8 5.5 FASTST M M 0 MAX(MPH)
MISC ----> 26 190 43 210
================================================================================
NOTES:
# LAST OF SEVERAL OCCURRENCES
COLUMN 17 PEAK WIND IN M.P.H.
PRELIMINARY LOCAL CLIMATOLOGICAL DATA (WS FORM: F-6) , PAGE 2
STATION: CHILLICOTHE
MONTH: JANUARY
YEAR: 2023
LATITUDE: 39 49 N
LONGITUDE: 93 35 W
[TEMPERATURE DATA] [PRECIPITATION DATA] SYMBOLS USED IN COLUMN 16
AVERAGE MONTHLY: 34.5 TOTAL FOR MONTH: 2.31 1 = FOG OR MIST
DPTR FM NORMAL: 7.1 DPTR FM NORMAL: 1.06 2 = FOG REDUCING VISIBILITY
HIGHEST: 64 ON 16 GRTST 24HR 1.24 ON 2- 2 TO 1/4 MILE OR LESS
LOWEST: 14 ON 30,29 3 = THUNDER
SNOW, ICE PELLETS, HAIL 4 = ICE PELLETS
TOTAL MONTH: M 5 = HAIL
GRTST 24HR M ON M 6 = FREEZING RAIN OR DRIZZLE
GRTST DEPTH: M ON M 7 = DUSTSTORM OR SANDSTORM:
VSBY 1/2 MILE OR LESS
8 = SMOKE OR HAZE
[NO. OF DAYS WITH] [WEATHER - DAYS WITH] 9 = BLOWING SNOW
X = TORNADO
MAX 32 OR BELOW: 4 0.01 INCH OR MORE: 8
MAX 90 OR ABOVE: 0 0.10 INCH OR MORE: 5
MIN 32 OR BELOW: 22 0.50 INCH OR MORE: 2
MIN 0 OR BELOW: 0 1.00 INCH OR MORE: 1
[HDD (BASE 65) ]
TOTAL THIS MO. 836 CLEAR (SCALE 0-3) 31
DPTR FM NORMAL -328 PTCLDY (SCALE 4-7) 0
TOTAL FM JUL 1 2905 CLOUDY (SCALE 8-10) 0
DPTR FM NORMAL -341
[CDD (BASE 65) ]
TOTAL THIS MO. 0
DPTR FM NORMAL 0 [PRESSURE DATA]
TOTAL FM JAN 1 0 HIGHEST SLP 30.61 ON 30
DPTR FM NORMAL 0 LOWEST SLP 29.38 ON 16
[REMARKS]
#FINAL-01-23#