000
CXUS55 KCYS 011826
CLMCDR
CLIMATE REPORT
NATIONAL WEATHER SERVICE CHEYENNE WY
1126 AM MST FRI DEC 01 2023
...................................
...THE CHADRON NEBRASKA AIRPORT CLIMATE SUMMARY FOR THE MONTH OF NOVEMBER 2023...
CLIMATE NORMAL PERIOD 1991 TO 2020
CLIMATE RECORD PERIOD 1895 TO 2023
WEATHER OBSERVED NORMAL DEPART LAST YEAR`S
VALUE DATE(S) VALUE FROM VALUE DATE(S)
NORMAL
................................................................
TEMPERATURE (F)
RECORD
HIGH 81 11/02/2008
11/08/1999
LOW -20 11/13/1986
HIGHEST 77 11/05 MM MM 77
LOWEST 3 11/24 MM MM -2
AVG. MAXIMUM 54.6 49.6 5.0 45.4
AVG. MINIMUM 21.3 21.2 0.1 15.3
MEAN 37.9 35.4 2.5 30.4
DAYS MAX >= 90 0 0.0 0.0 0
DAYS MAX <= 32 3 3.5 -0.5 5
DAYS MIN <= 32 28 27.5 0.5 28
DAYS MIN <= 0 0 1.0 -1.0 2
PRECIPITATION (INCHES)
RECORD
MAXIMUM 1.62 1998
TOTALS 0.20 0.40 -0.20 0.24
DAYS >= .01 2 3.6 -1.6 MM
DAYS >= .10 1 1.4 -0.4 MM
DAYS >= .50 0 0.0 0.0 MM
DAYS >= 1.00 0 0.0 0.0 MM
GREATEST
24 HR. TOTAL 0.11 11/23 TO 11/23 0.14 11/03 TO 11/03
11/23 TO 11/23
11/24 TO 11/24
DEGREE DAYS
HEATING TOTAL 804 888 -84 1029
SINCE 7/1 1434 1580 -146 MM
COOLING TOTAL 0 0 0 0
SINCE 1/1 740 808 -68 MM
................................................................
WIND (MPH)
AVERAGE WIND SPEED 7.4
HIGHEST WIND SPEED/DIRECTION 39/280 DATE 11/05
HIGHEST GUST SPEED/DIRECTION 51/280 DATE 11/05
SKY COVER
POSSIBLE SUNSHINE (PERCENT) MM
AVERAGE SKY COVER 0.19
NUMBER OF DAYS FAIR 24
NUMBER OF DAYS PC 4
NUMBER OF DAYS CLOUDY 2
AVERAGE RH (PERCENT) 60
WEATHER CONDITIONS. NUMBER OF DAYS WITH
THUNDERSTORM 0 MIXED PRECIP 0
HEAVY RAIN 0 RAIN 0
LIGHT RAIN 4 FREEZING RAIN 0
LT FREEZING RAIN 0 HAIL 0
HEAVY SNOW 0 SNOW 1
LIGHT SNOW 2 SLEET 0
FOG 3 FOG W/VIS <= 1/4 MILE 0
HAZE 3
- INDICATES NEGATIVE NUMBERS.
R INDICATES RECORD WAS SET OR TIED.
MM INDICATES DATA IS MISSING.
T INDICATES TRACE AMOUNT.
$$