000
CXUS55 KGJT 010910
CF6CEZ
PRELIMINARY LOCAL CLIMATOLOGICAL DATA (WS FORM: F-6)
STATION: CORTEZ CO
MONTH: OCTOBER
YEAR: 2023
LATITUDE: 37 17 N
LONGITUDE: 108 38 W
TEMPERATURE IN F: :PCPN: SNOW: WIND :SUNSHINE: SKY :PK WND
================================================================================
1 2 3 4 5 6A 6B 7 8 9 10 11 12 13 14 15 16 17 18
12Z AVG MX 2MIN
DY MAX MIN AVG DEP HDD CDD WTR SNW DPTH SPD SPD DIR MIN PSBL S-S WX SPD DR
================================================================================
1 76 45 61 6 4 0 T M M 11.5 29 190 M M 5 3 41 200
2 65 45 55 0 10 0 0.36 M M 6.7 25 150 M M 7 138 35 160
3 63 38 51 -3 14 0 0.03 M M 5.2 14 290 M M 2 1 19 260
4 69 35 52 -2 13 0 0.00 M M 6.8 18 320 M M 0 27 310
5 75 33 54 0 11 0 0.00 M M 4.5 13 280 M M 0 18 290
6 75 33 54 1 11 0 0.00 M M 6.2 15 210 M M 0 23 260
7 76 36 56 3 9 0 0.00 M M 4.7 13 50 M M 0 15 220
8 77 35 56 4 9 0 0.00 M M 6.6 17 280 M M 0 22 270
9 77 35 56 4 9 0 0.00 M M 6.4 16 290 M M 0 20 320
10 75 37 56 5 9 0 0.00 M M 5.6 16 130 M M 2 29 250
11 73 39 56 5 9 0 T M M 10.7 30 250 M M 3 44 190
12 58 32 45 -5 20 0 0.00 M M 6.9 20 290 M M 3 29 290
13 61 27 44 -6 21 0 0.00 M M 5.9 14 280 M M 0 19 270
14 67 28 48 -2 17 0 0.00 M M 4.9 14 290 M M 0 8 21 280
15 72 28 50 1 15 0 0.00 M M 6.8 16 290 M M 0 26 280
16 74 31 53 4 12 0 0.00 M M 6.6 16 210 M M 0 8 20 210
17 77 29 53 5 12 0 0.00 M M 6.8 17 280 M M 0 8 24 260
18 78 35 57 9 8 0 0.00 M M 8.6 20 280 M M 0 8 27 280
19 83 34 59 11 6 0 0.00 M M 6.9 17 290 M M 0 8 26 270
20 77 31 54 7 11 0 0.00 M M 6.1 16 210 M M 0 8 20 200
21 79 30 55 8 10 0 0.00 M M 5.1 17 200 M M 0 8 21 210
22 76 33 55 9 10 0 0.00 M M 5.3 18 220 M M 0 25 210
23 75 33 54 8 11 0 0.00 M M 6.2 25 200 M M 1 31 220
24 66 39 53 7 12 0 0.02 M M 5.6 20 120 M M 4 8 28 90
25 67 30 49 4 16 0 0.00 M M 5.7 17 280 M M 0 8 24 280
26 63 28 46 1 19 0 0.00 M M 6.9 18 200 M M 2 8 25 200
27 63 34 49 4 16 0 T M M 5.8 21 190 M M 3 29 190
28 64 40 52 8 13 0 0.01 M M 8.0 24 240 M M 7 35 220
29 50 25 38 -6 27 0 0.00 M M 7.4 22 350 M M 1 30 360
30 49 14 32 -12 33 0 0.00 M M 5.2 13 280 M M 0 17 290
31 55 14 35 -8 30 0 0.00 M M 5.7 13 210 M M 0 8 19 200
================================================================================
SM 2155 1006 427 0 0.42 M 201.3 M 40
================================================================================
AV 69.5 32.5 6.5 FASTST M M 1 MAX(MPH)
MISC ----> 30 250 44 190
================================================================================
NOTES:
# LAST OF SEVERAL OCCURRENCES
COLUMN 17 PEAK WIND IN M.P.H.
PRELIMINARY LOCAL CLIMATOLOGICAL DATA (WS FORM: F-6) , PAGE 2
STATION: CORTEZ CO
MONTH: OCTOBER
YEAR: 2023
LATITUDE: 37 17 N
LONGITUDE: 108 38 W
[TEMPERATURE DATA] [PRECIPITATION DATA] SYMBOLS USED IN COLUMN 16
AVERAGE MONTHLY: 51.0 TOTAL FOR MONTH: 0.42 1 = FOG OR MIST
DPTR FM NORMAL: 2.0 DPTR FM NORMAL: -0.64 2 = FOG REDUCING VISIBILITY
HIGHEST: 83 ON 19 GRTST 24HR 0.37 ON 2- 3 TO 1/4 MILE OR LESS
LOWEST: 14 ON 31,30 3 = THUNDER
SNOW, ICE PELLETS, HAIL 4 = ICE PELLETS
TOTAL MONTH: M 5 = HAIL
GRTST 24HR M ON M 6 = FREEZING RAIN OR DRIZZLE
GRTST DEPTH: M ON M 7 = DUSTSTORM OR SANDSTORM:
VSBY 1/2 MILE OR LESS
8 = SMOKE OR HAZE
[NO. OF DAYS WITH] [WEATHER - DAYS WITH] 9 = BLOWING SNOW
X = TORNADO
MAX 32 OR BELOW: 0 0.01 INCH OR MORE: 4
MAX 90 OR ABOVE: 0 0.10 INCH OR MORE: 1
MIN 32 OR BELOW: 13 0.50 INCH OR MORE: 0
MIN 0 OR BELOW: 0 1.00 INCH OR MORE: 0
[HDD (BASE 65) ]
TOTAL THIS MO. 427 CLEAR (SCALE 0-3) 26
DPTR FM NORMAL -69 PTCLDY (SCALE 4-7) 5
TOTAL FM JUL 1 524 CLOUDY (SCALE 8-10) 0
DPTR FM NORMAL -115
[CDD (BASE 65) ]
TOTAL THIS MO. 0
DPTR FM NORMAL 0 [PRESSURE DATA]
TOTAL FM JAN 1 579 HIGHEST SLP M ON M
DPTR FM NORMAL 90 LOWEST SLP 29.37 ON 11
[REMARKS]
#FINAL-10-23#