000
CXUS51 KLWX 010815
CF6CHO
PRELIMINARY LOCAL CLIMATOLOGICAL DATA (WS FORM: F-6)
STATION: CHARLOTTESVILLE VA
MONTH: JUNE
YEAR: 2022
LATITUDE: 38 7 N
LONGITUDE: 78 27 W
TEMPERATURE IN F: :PCPN: SNOW: WIND :SUNSHINE: SKY :PK WND
================================================================================
1 2 3 4 5 6A 6B 7 8 9 10 11 12 13 14 15 16 17 18
12Z AVG MX 2MIN
DY MAX MIN AVG DEP HDD CDD WTR SNW DPTH SPD SPD DIR MIN PSBL S-S WX SPD DR
================================================================================
1 93 67 80 9 0 15 0.48 M M 3.2 17 320 M M 3 138 27 310
2 92 70 81 10 0 16 0.30 M M 3.1 16 300 M M 3 13 25 290
3 79 61 70 -1 0 5 T M M 2.8 8 100 M M 1 1 13 320
4 84 56 70 -2 0 5 0.00 M M 2.4 9 130 M M 1 13 80
5 81 55 68 -4 0 3 0.00 M M 4.7 16 30 M M 0 23 40
6 82 56 69 -3 0 4 0.00 M M 4.5 14 160 M M 1 21 180
7 77 61 69 -3 0 4 0.08 M M 3.6 16 190 M M 6 12 21 210
8 87 65 76 3 0 11 0.63 M M 3.2 10 190 M M 4 138 17 320
9 84 62 73 0 0 8 0.03 M M 4.5 14 320 M M 3 1 21 280
10 81 55 68 -5 0 3 0.00 M M 2.5 10 180 M M 2 14 150
11 80 64 72 -2 0 7 0.04 M M 3.5 15 30 M M 7 1 19 20
12 85 64 75 1 0 10 0.48 M M 2.6 10 320 M M 6 138 16 360
13 92 69 81 7 0 16 0.00 M M 3.5 12 190 M M 1 13 15 200
14 85 73 79 4 0 14 0.07 M M 2.7 9 140 M M 3 13 11 140
15 88 69 79 4 0 14 0.00 M M 3.4 12 180 M M 7 1 13 190
16 93 73 83 8 0 18 T M M 8.1 21 190 M M 5 3 27 130
17 97 71 84 9 0 19 0.02 M M 4.9 15 200 M M 1 3 20 300
18 80 66 73 -3 0 8 0.00 M M 6.5 20 340 M M 1 29 340
19 81 56 69 -7 0 4 0.00 M M 6.5 15 350 M M 0 22 10
20 82 60 71 -5 0 6 0.00 M M 1.9 10 320 M M 3 14 330
21 88 64 76 0 0 11 0.00 M M 3.3 14 200 M M 4 17 200
22 94 65 80 3 0 15 1.36 M M 3.9 25 40 M M 3 13 34 30
23 81 68 75 -2 0 10 0.00 M M 5.9 16 40 M M 7 1 21 70
24 87 67 77 0 0 12 0.00 M M 2.6 10 130 M M 4 13 150
25 89 67 78 1 0 13 0.00 M M 5.1 14 160 M M 3 1 17 180
26 89 69 79 1 0 14 0.14 M M 5.2 17 190 M M 4 13 22 180
27 83 65 74 -4 0 9 T M M 4.6 12 340 M M 5 1 15 340
28 82 59 71 -7 0 6 0.00 M M 3.7 10 70 M M 0 13 50
29 88 59 74 -4 0 9 0.00 M M 5.0 16 190 M M 1 1 20 190
30 90 66 78 0 0 13 0.03 M M 2.5 10 150 M M 1 1 15 140
================================================================================
SM 2574 1922 0 302 3.66 M 119.9 M 90
================================================================================
AV 85.8 64.1 4.0 FASTST M M 3 MAX(MPH)
MISC ----> 25 40 34 30
================================================================================
NOTES:
# LAST OF SEVERAL OCCURRENCES
COLUMN 17 PEAK WIND IN M.P.H.
PRELIMINARY LOCAL CLIMATOLOGICAL DATA (WS FORM: F-6) , PAGE 2
STATION: CHARLOTTESVILLE VA
MONTH: JUNE
YEAR: 2022
LATITUDE: 38 7 N
LONGITUDE: 78 27 W
[TEMPERATURE DATA] [PRECIPITATION DATA] SYMBOLS USED IN COLUMN 16
AVERAGE MONTHLY: 74.9 TOTAL FOR MONTH: 3.66 1 = FOG OR MIST
DPTR FM NORMAL: 0.1 DPTR FM NORMAL: -0.72 2 = FOG REDUCING VISIBILITY
HIGHEST: 97 ON 17 GRTST 24HR 1.36 ON 22-22 TO 1/4 MILE OR LESS
LOWEST: 55 ON 10, 5 3 = THUNDER
SNOW, ICE PELLETS, HAIL 4 = ICE PELLETS
TOTAL MONTH: M 5 = HAIL
GRTST 24HR M ON M 6 = FREEZING RAIN OR DRIZZLE
GRTST DEPTH: M ON M 7 = DUSTSTORM OR SANDSTORM:
VSBY 1/2 MILE OR LESS
8 = SMOKE OR HAZE
[NO. OF DAYS WITH] [WEATHER - DAYS WITH] 9 = BLOWING SNOW
X = TORNADO
MAX 32 OR BELOW: 0 0.01 INCH OR MORE: 12
MAX 90 OR ABOVE: 7 0.10 INCH OR MORE: 6
MIN 32 OR BELOW: 0 0.50 INCH OR MORE: 2
MIN 0 OR BELOW: 0 1.00 INCH OR MORE: 1
[HDD (BASE 65) ]
TOTAL THIS MO. 0 CLEAR (SCALE 0-3) 17
DPTR FM NORMAL -5 PTCLDY (SCALE 4-7) 13
TOTAL FM JUL 1 3397 CLOUDY (SCALE 8-10) 0
DPTR FM NORMAL -369
[CDD (BASE 65) ]
TOTAL THIS MO. 302
DPTR FM NORMAL 3 [PRESSURE DATA]
TOTAL FM JAN 1 502 HIGHEST SLP 30.26 ON 29
DPTR FM NORMAL 35 LOWEST SLP 29.67 ON 9
[REMARKS]
#FINAL-06-22#