000
CXUS52 KCHS 051444
CF6CHS
PRELIMINARY LOCAL CLIMATOLOGICAL DATA (WS FORM: F-6)
STATION: NORTH CHARLESTON SC
MONTH: JULY
YEAR: 2020
LATITUDE: 32 54 N
LONGITUDE: 80 2 W
TEMPERATURE IN F: :PCPN: SNOW: WIND :SUNSHINE: SKY :PK WND
================================================================================
1 2 3 4 5 6A 6B 7 8 9 10 11 12 13 14 15 16 17 18
12Z AVG MX 2MIN
DY MAX MIN AVG DEP HDD CDD WTR SNW DPTH SPD SPD DIR MIN PSBL S-S WX SPD DR
================================================================================
1 94 73 84 3 0 19 T 0.0 0 5.6 15 30 M M 6 3 18 260
2 92 74 83 2 0 18 T 0.0 0 5.5 23 40 M M 6 3 30 40
3 93 72 83 1 0 18 0.00 0.0 0 5.1 14 140 M M 4 1 18 140
4 93 72 83 1 0 18 0.00 0.0 0 4.6 14 170 M M 3 18 17 130
5 89 71 80 -2 0 15 T 0.0 0 6.5 16 120 M M 4 18 20 130
6 88 74 81 -1 0 16 0.80 0.0 0 6.6 26 200 M M 7 13 35 200
7 80 74 77 -5 0 12 0.90 0.0 0 4.1 13 140 M M 9 13 16 120
8 89 76 83 1 0 18 0.10 0.0 0 4.8 14 290 M M 7 13 17 280
9 90 75 83 1 0 18 T 0.0 0 6.2 14 60 M M 5 19 330
10 93 76 85 3 0 20 T 0.0 0 5.9 16 180 M M 5 3 19 170
11 96 78 87 5 0 22 0.00 0.0 0 5.6 20 210 M M 3 3 24 210
12 96 79 88 6 0 23 0.00 0.0 0 5.7 15 210 M M 3 18 250
13 93 75 84 2 0 19 0.01 0.0 0 8.3 20 80 M M 4 25 80
14 95 75 85 3 0 20 0.03 0.0 0 4.4 17 240 M M 4 3 23 250
15 92 76 84 2 0 19 0.00 0.0 0 5.1 15 120 M M 4 13 18 110
16 92 76 84 2 0 19 0.00 0.0 0 6.5 16 140 M M 3 13 22 120
17 93 73 83 1 0 18 0.00 0.0 0 5.2 16 150 M M 2 1 19 160
18 92 73 83 1 0 18 0.00 0.0 0 5.2 15 170 M M 2 1 19 200
19 94 75 85 3 0 20 0.00 0.0 0 5.7 15 190 M M 2 19 210
20 94 77 86 4 0 21 0.00 0.0 0 7.0 17 180 M M 4 3 23 200
21 94 76 85 3 0 20 0.00 0.0 0 8.1 17 180 M M 2 24 210
22 94 76 85 3 0 20 T 0.0 0 6.7 16 180 M M 3 3 19 190
23 93 75 84 2 0 19 T 0.0 0 5.4 16 150 M M 3 13 20 140
24 93 76 85 3 0 20 0.02 0.0 0 4.5 17 180 M M 6 3 21 210
25 92 74 83 1 0 18 0.40 0.0 0 3.0 22 60 M M 6 138 28 90
26 91 73 82 0 0 17 T 0.0 0 4.7 17 150 M M 4 3 21 150
27 94 75 85 3 0 20 0.00 0.0 0 6.9 16 200 M M 3 19 190
28 96 76 86 4 0 21 0.21 0.0 0 5.8 16 180 M M 5 38 19 80
29 92 75 84 2 0 19 T 0.0 0 9.2 21 210 M M 6 29 200
30 90 76 83 1 0 18 0.00 0.0 0 10.5 20 190 M M 6 3 24 190
31 96 77 87 5 0 22 0.00 0.0 0 12.0 20 210 M M 3 25 210
================================================================================
SM 2863 2323 0 585 2.47 0.0 190.4 M 134
================================================================================
AV 92.4 74.9 6.1 FASTST M M 4 MAX(MPH)
MISC ----> 26 200 35 200
================================================================================
NOTES:
# LAST OF SEVERAL OCCURRENCES
COLUMN 17 PEAK WIND IN M.P.H.
PRELIMINARY LOCAL CLIMATOLOGICAL DATA (WS FORM: F-6) , PAGE 2
STATION: NORTH CHARLESTON SC
MONTH: JULY
YEAR: 2020
LATITUDE: 32 54 N
LONGITUDE: 80 2 W
[TEMPERATURE DATA] [PRECIPITATION DATA] SYMBOLS USED IN COLUMN 16
AVERAGE MONTHLY: 83.6 TOTAL FOR MONTH: 2.47 1 = FOG OR MIST
DPTR FM NORMAL: 1.5 DPTR FM NORMAL: -4.06 2 = FOG REDUCING VISIBILITY
HIGHEST: 96 ON 31,28 GRTST 24HR 1.70 ON 6- 7 TO 1/4 MILE OR LESS
LOWEST: 71 ON 5 3 = THUNDER
SNOW, ICE PELLETS, HAIL 4 = ICE PELLETS
TOTAL MONTH: 0.0 INCH 5 = HAIL
GRTST 24HR 0.0 6 = FREEZING RAIN OR DRIZZLE
GRTST DEPTH: 0 7 = DUSTSTORM OR SANDSTORM:
VSBY 1/2 MILE OR LESS
8 = SMOKE OR HAZE
[NO. OF DAYS WITH] [WEATHER - DAYS WITH] 9 = BLOWING SNOW
X = TORNADO
MAX 32 OR BELOW: 0 0.01 INCH OR MORE: 8
MAX 90 OR ABOVE: 27 0.10 INCH OR MORE: 5
MIN 32 OR BELOW: 0 0.50 INCH OR MORE: 2
MIN 0 OR BELOW: 0 1.00 INCH OR MORE: 0
[HDD (BASE 65) ]
TOTAL THIS MO. 0 CLEAR (SCALE 0-3) 9
DPTR FM NORMAL 0 PTCLDY (SCALE 4-7) 21
TOTAL FM JUL 1 0 CLOUDY (SCALE 8-10) 1
DPTR FM NORMAL 0
[CDD (BASE 65) ]
TOTAL THIS MO. 585
DPTR FM NORMAL 56 [PRESSURE DATA]
TOTAL FM JAN 1 1461 HIGHEST SLP 30.20 ON 17
DPTR FM NORMAL 149 LOWEST SLP 29.77 ON 12
[REMARKS]
#FINAL-07-20#