000
CXUS55 KOHX 011210
CF6CKV
PRELIMINARY LOCAL CLIMATOLOGICAL DATA (WS FORM: F-6)
STATION: CLARKSVILLE
MONTH: JANUARY
YEAR: 2022
LATITUDE: 36 37 N
LONGITUDE: 87 25 W
TEMPERATURE IN F: :PCPN: SNOW: WIND :SUNSHINE: SKY :PK WND
================================================================================
1 2 3 4 5 6A 6B 7 8 9 10 11 12 13 14 15 16 17 18
12Z AVG MX 2MIN
DY MAX MIN AVG DEP HDD CDD WTR SNW DPTH SPD SPD DIR MIN PSBL S-S WX SPD DR
================================================================================
1 75 57 66 29 0 1 1.44 M M 7.8 24 210 M M 10 123 48 220
2 58 32 45 8 20 0 0.09 M M 14.1 24 340 M M 10 18 32 340
3 32 30 31 -6 34 0 0.00 M M 7.6 25 360 M M 10 35 340
4 46 27 37 0 28 0 0.00 M M 9.7 22 210 M M 3 33 200
5 54 29 42 5 23 0 0.00 M M 10.4 20 200 M M 0 29 210
6 31 13 22 -15 43 0 0.05 M M 11.0 20 340 M M 7 1 26 350
7 21 7 14 -23 51 0 T M M 5.5 10 110 M M 0 14 120
8 53 13 33 -4 32 0 0.46 M M 7.5 16 150 M M 6 3 24 170
9 53 28 41 4 24 0 1.84 M M 12.9 25 350 M M 8 13 34 360
10 43 22 33 -4 32 0 0.00 M M 6.5 15 280 M M 0 20 280
11 45 24 35 -2 30 0 0.00 M M 3.7 12 190 M M 0 16 180
12 57 33 45 8 20 0 0.00 M M 9.6 17 240 M M 0 24 220
13 51 34 43 6 22 0 T M M 6.6 13 290 M M 2 16 280
14 52 27 40 3 25 0 0.00 M M 3.8 12 80 M M 3 18 14 70
15 43 34 39 2 26 0 0.01 M M 11.2 21 70 M M 9 18 29 70
16 39 31 35 -2 30 0 0.30 M M 12.6 20 360 M M 7 16 25 20
17 37 25 31 -6 34 0 T M M 7.9 17 320 M M 8 18 24 300
18 50 23 37 0 28 0 0.00 M M 6.9 15 200 M M 0 18 22 190
19 50 28 39 2 26 0 0.86 M M 10.3 24 360 M M 9 18 31 10
20 28 20 24 -13 41 0 T M M 14.2 23 350 M M 10 8 30 350
21 31 17 24 -13 41 0 0.00 M M 8.1 15 50 M M 2 22 50
22 36 11 24 -13 41 0 0.00 M M 3.0 12 210 M M 0 16 190
23 49 24 37 0 28 0 0.00 M M 8.0 20 260 M M 1 28 240
24 59 23 41 4 24 0 0.00 M M 6.1 17 10 M M 6 26 230
25 41 21 31 -6 34 0 0.00 M M 11.9 18 10 M M 3 28 10
26 32 16 24 -13 41 0 0.00 M M 5.1 14 10 M M 0 18 10
27 43 17 30 -7 35 0 0.00 M M 2.8 14 320 M M 8 17 330
28 41 24 33 -4 32 0 T M M 12.7 26 330 M M 8 37 310
29 36 14 25 -13 40 0 0.00 M M 6.0 18 340 M M 1 18 25 330
30 52 28 40 2 25 0 0.00 M M 7.5 17 300 M M 0 22 290
31 53 26 40 2 25 0 0.00 M M 4.2 10 130 M M 0 14 110
================================================================================
SM 1391 758 935 1 5.05 M 255.2 M 131
================================================================================
AV 44.9 24.5 8.2 FASTST M M 4 MAX(MPH)
MISC ----> 26 330 48 220
================================================================================
NOTES:
# LAST OF SEVERAL OCCURRENCES
COLUMN 17 PEAK WIND IN M.P.H.
PRELIMINARY LOCAL CLIMATOLOGICAL DATA (WS FORM: F-6) , PAGE 2
STATION: CLARKSVILLE
MONTH: JANUARY
YEAR: 2022
LATITUDE: 36 37 N
LONGITUDE: 87 25 W
[TEMPERATURE DATA] [PRECIPITATION DATA] SYMBOLS USED IN COLUMN 16
AVERAGE MONTHLY: 34.7 TOTAL FOR MONTH: 5.05 1 = FOG OR MIST
DPTR FM NORMAL: -2.3 DPTR FM NORMAL: 1.77 2 = FOG REDUCING VISIBILITY
HIGHEST: 75 ON 1 GRTST 24HR 1.92 ON 31- 1 TO 1/4 MILE OR LESS
LOWEST: 7 ON 7 3 = THUNDER
SNOW, ICE PELLETS, HAIL 4 = ICE PELLETS
TOTAL MONTH: M 5 = HAIL
GRTST 24HR M ON M 6 = FREEZING RAIN OR DRIZZLE
GRTST DEPTH: M ON M 7 = DUSTSTORM OR SANDSTORM:
VSBY 1/2 MILE OR LESS
8 = SMOKE OR HAZE
[NO. OF DAYS WITH] [WEATHER - DAYS WITH] 9 = BLOWING SNOW
X = TORNADO
MAX 32 OR BELOW: 6 0.01 INCH OR MORE: 8
MAX 90 OR ABOVE: 0 0.10 INCH OR MORE: 5
MIN 32 OR BELOW: 27 0.50 INCH OR MORE: 3
MIN 0 OR BELOW: 0 1.00 INCH OR MORE: 2
[HDD (BASE 65) ]
TOTAL THIS MO. 935 CLEAR (SCALE 0-3) 16
DPTR FM NORMAL 65 PTCLDY (SCALE 4-7) 8
TOTAL FM JUL 1 2050 CLOUDY (SCALE 8-10) 7
DPTR FM NORMAL -347
[CDD (BASE 65) ]
TOTAL THIS MO. 1
DPTR FM NORMAL 1 [PRESSURE DATA]
TOTAL FM JAN 1 1 HIGHEST SLP 30.62 ON 11
DPTR FM NORMAL 1 LOWEST SLP 29.55 ON 1
[REMARKS]
#FINAL-01-22#