000
CXUS56 KLOX 011255
CF6CMA
PRELIMINARY LOCAL CLIMATOLOGICAL DATA (WS FORM: F-6)
STATION: CAMARILLO AIRPORT CA
MONTH: NOVEMBER
YEAR: 2022
LATITUDE: 34 12 N
LONGITUDE: 119 6 W
TEMPERATURE IN F: :PCPN: SNOW: WIND :SUNSHINE: SKY :PK WND
================================================================================
1 2 3 4 5 6A 6B 7 8 9 10 11 12 13 14 15 16 17 18
12Z AVG MX 2MIN
DY MAX MIN AVG DEP HDD CDD WTR SNW DPTH SPD SPD DIR MIN PSBL S-S WX SPD DR
================================================================================
1 70 47 59 -4 6 0 0.03 M M 4.6 18 260 M M 4 18 22 260
2 69 55 62 -1 3 0 0.03 M M 13.8 31 270 M M 3 1 41 270
3 65 44 55 -8 10 0 0.00 M M 12.2 24 260 M M 0 31 260
4 70 41 56 -7 9 0 0.00 M M 3.9 17 260 M M 0 21 250
5 69 40 55 -8 10 0 0.00 M M 3.6 12 250 M M 0 16 220
6 67 47 57 -6 8 0 0.00 M M 5.6 14 250 M M 4 19 220
7 62 55 59 -3 6 0 0.05 M M 5.8 17 200 M M 9 1 24 190
8 64 51 58 -4 7 0 0.78 M M 6.3 29 280 M M 9 12 40 200
9 64 45 55 -7 10 0 0.01 M M 6.3 15 280 M M 1 19 280
10 72 41 57 -5 8 0 0.00 M M 3.6 16 90 M M 0 27 90
11 72 43 58 -4 7 0 0.00 M M 7.3 23 70 M M 0 28 70
12 66 40 53 -9 12 0 0.00 M M 4.6 14 200 M M 0 16 210
13 68 38 53 -8 12 0 0.00 M M 5.4 20 260 M M 0 18 23 260
14 68 39 54 -7 11 0 0.00 M M 3.1 10 240 M M 0 14 240
15 75 38 57 -4 8 0 0.00 M M 12.5 26 60 M M 0 37 80
16 75 53 64 3 1 0 0.00 M M M M M M M 0 M M
17 80 44 62 2 3 0 0.00 M M 9.5 23 50 M M 0 30 60
18 67 38 53 -7 12 0 0.00 M M 5.3 20 60 M M 0 26 70
19 72 61 67 7 0 2 0.00 M M 20.4 M M M M 0 M M
20 80 45 63 3 2 0 0.00 M M 9.7 21 70 M M 0 26 70
21 78 43 61 1 4 0 0.00 M M 3.9 15 240 M M 0 20 240
22 78 44 61 2 4 0 0.00 M M 4.5 14 80 M M 0 19 80
23 71 39 55 -4 10 0 0.00 M M 3.6 12 200 M M 0 15 200
24 78 46 62 3 3 0 0.00 M M 18.0 32 50 M M 0 63 80
25 80 44 62 3 3 0 0.00 M M 9.0 20 90 M M 0 M M
26 69 40 55 -3 10 0 0.00 M M 2.9 12 220 M M 0 15 230
27 68 38 53 -5 12 0 0.00 M M 4.1 10 240 M M 0 8 15 210
28 65 45 55 -3 10 0 0.00 M M 3.9 14 220 M M 2 8 18 230
29 66 40 53 -5 12 0 0.00 M M 4.6 15 210 M M 0 18 22 140
30 65 41 53 -5 12 0 0.00 M M 5.8 17 200 M M 5 18 22 200
================================================================================
SM 2113 1325 225 2 0.90 M 203.8 M 37
================================================================================
AV 70.4 44.2 7.0 FASTST M M 1 MAX(MPH)
MISC ----> 32 50 63 80
================================================================================
NOTES:
# LAST OF SEVERAL OCCURRENCES
COLUMN 17 PEAK WIND IN M.P.H.
PRELIMINARY LOCAL CLIMATOLOGICAL DATA (WS FORM: F-6) , PAGE 2
STATION: CAMARILLO AIRPORT CA
MONTH: NOVEMBER
YEAR: 2022
LATITUDE: 34 12 N
LONGITUDE: 119 6 W
[TEMPERATURE DATA] [PRECIPITATION DATA] SYMBOLS USED IN COLUMN 16
AVERAGE MONTHLY: 57.3 TOTAL FOR MONTH: 0.90 1 = FOG OR MIST
DPTR FM NORMAL: -3.4 DPTR FM NORMAL: 0.03 2 = FOG REDUCING VISIBILITY
HIGHEST: 80 ON 25,20 GRTST 24HR 0.79 ON 8- 9 TO 1/4 MILE OR LESS
LOWEST: 38 ON 27,18 3 = THUNDER
SNOW, ICE PELLETS, HAIL 4 = ICE PELLETS
TOTAL MONTH: M 5 = HAIL
GRTST 24HR M ON M 6 = FREEZING RAIN OR DRIZZLE
GRTST DEPTH: M ON M 7 = DUSTSTORM OR SANDSTORM:
VSBY 1/2 MILE OR LESS
8 = SMOKE OR HAZE
[NO. OF DAYS WITH] [WEATHER - DAYS WITH] 9 = BLOWING SNOW
X = TORNADO
MAX 32 OR BELOW: 0 0.01 INCH OR MORE: 5
MAX 90 OR ABOVE: 0 0.10 INCH OR MORE: 1
MIN 32 OR BELOW: 0 0.50 INCH OR MORE: 1
MIN 0 OR BELOW: 0 1.00 INCH OR MORE: 0
[HDD (BASE 65) ]
TOTAL THIS MO. 225 CLEAR (SCALE 0-3) 25
DPTR FM NORMAL 70 PTCLDY (SCALE 4-7) 3
TOTAL FM JUL 1 267 CLOUDY (SCALE 8-10) 2
DPTR FM NORMAL 40
[CDD (BASE 65) ]
TOTAL THIS MO. 2
DPTR FM NORMAL -24 [PRESSURE DATA]
TOTAL FM JAN 1 754 HIGHEST SLP 30.34 ON 16
DPTR FM NORMAL 116 LOWEST SLP 29.75 ON 8
[REMARKS]
#FINAL-11-22#