000
CXUS53 KILX 012300
CF6CMI
PRELIMINARY LOCAL CLIMATOLOGICAL DATA (WS FORM: F-6)
STATION: CHAMPAIGN IL AIRPORT
MONTH: APRIL
YEAR: 2020
LATITUDE: 40 1 N
LONGITUDE: 88 17 W
TEMPERATURE IN F: :PCPN: SNOW: WIND :SUNSHINE: SKY :PK WND
================================================================================
1 2 3 4 5 6A 6B 7 8 9 10 11 12 13 14 15 16 17 18
12Z AVG MX 2MIN
DY MAX MIN AVG DEP HDD CDD WTR SNW DPTH SPD SPD DIR MIN PSBL S-S WX SPD DR
================================================================================
1 56 29 43 -4 22 0 0.00 M M 5.1 9 70 M M 3 1 17 20
2 64 35 50 3 15 0 T M M 7.8 14 150 M M 0 23 180
3 69 47 58 11 7 0 T M M 8.5 20 310 M M 8 25 310
4 47 37 42 -6 23 0 0.01 M M 11.6 18 320 M M 10 1 23 300
5 60 33 47 -1 18 0 0.00 M M 7.5 17 50 M M 3 23 60
6 69 38 54 6 11 0 0.00 M M 8.7 18 190 M M 7 1 24 190
7 82 56 69 20 0 4 0.00 M M 13.4 23 200 M M 5 32 200
8 84 47 66 17 0 1 0.11 M M 10.4 44 360 M M 1 123 57 360
9 52 33 43 -6 22 0 0.01 M M 19.2 38 320 M M 4 51 290
10 55 27 41 -9 24 0 0.00 M M 11.3 22 280 M M 0 34 270
11 66 42 54 4 11 0 0.09 M M 15.6 29 180 M M 6 3 37 190
12 63 47 55 5 10 0 T M M 13.4 26 200 M M 8 1 32 210
13 53 27 40 -11 25 0 T M M 21.4 36 310 M M 5 1 48 310
14 47 22 35 -16 30 0 0.00 M M 11.7 30 290 M M 3 8 41 290
15 43 22 33 -19 32 0 T M M 12.5 29 240 M M 5 1 39 240
16 45 22 34 -18 31 0 T M M 6.1 16 70 M M 7 22 60
17 44 28 36 -16 29 0 0.04 M M 11.9 21 320 M M 9 1 28 330
18 57 27 42 -11 23 0 0.00 M M 12.9 26 200 M M 0 33 200
19 68 36 52 -1 13 0 0.00 M M 11.1 17 330 M M 0 23 330
20 66 31 49 -4 16 0 T M M 11.1 25 280 M M 3 33 250
21 58 35 47 -7 18 0 0.00 M M 14.7 25 280 M M 1 36 290
22 79 31 55 1 10 0 0.00 M M 15.5 30 210 M M 1 39 200
23 60 45 53 -2 12 0 0.49 M M 7.5 15 210 M M 7 1 20 200
24 66 42 54 -1 11 0 0.65 M M 6.2 20 60 M M 9 1238 25 60
25 59 45 52 -3 13 0 0.86 M M 17.2 30 20 M M 9 18 41 10
26 61 42 52 -4 13 0 0.14 M M 13.6 25 350 M M 4 1 36 20
27 67 37 52 -4 13 0 T M M 12.5 25 200 M M 2 34 190
28 79 52 66 10 0 1 1.39 M M 14.9 28 290 M M 4 13 43 200
29 58 47 53 -4 12 0 0.45 M M 16.0 26 350 M M 10 1 34 340
30 59 44 52 -5 13 0 T M M 14.4 32 320 M M 6 1 42 320
================================================================================
SM 1836 1106 477 6 4.24 M 363.7 M 140
================================================================================
AV 61.2 36.9 12.1 FASTST M M 5 MAX(MPH)
MISC ----> # 44 360 # 57 360
================================================================================
NOTES:
# LAST OF SEVERAL OCCURRENCES
COLUMN 17 PEAK WIND IN M.P.H.
PRELIMINARY LOCAL CLIMATOLOGICAL DATA (WS FORM: F-6) , PAGE 2
STATION: CHAMPAIGN IL AIRPORT
MONTH: APRIL
YEAR: 2020
LATITUDE: 40 1 N
LONGITUDE: 88 17 W
[TEMPERATURE DATA] [PRECIPITATION DATA] SYMBOLS USED IN COLUMN 16
AVERAGE MONTHLY: 49.0 TOTAL FOR MONTH: 4.24 1 = FOG OR MIST
DPTR FM NORMAL: -2.8 DPTR FM NORMAL: 0.45 2 = FOG REDUCING VISIBILITY
HIGHEST: 84 ON 8 GRTST 24HR 1.39 ON 28-28 TO 1/4 MILE OR LESS
LOWEST: 22 ON 16,15 3 = THUNDER
SNOW, ICE PELLETS, HAIL 4 = ICE PELLETS
TOTAL MONTH: M 5 = HAIL
GRTST 24HR M ON M 6 = FREEZING RAIN OR DRIZZLE
GRTST DEPTH: M ON M 7 = DUSTSTORM OR SANDSTORM:
VSBY 1/2 MILE OR LESS
8 = SMOKE OR HAZE
[NO. OF DAYS WITH] [WEATHER - DAYS WITH] 9 = BLOWING SNOW
X = TORNADO
MAX 32 OR BELOW: 0 0.01 INCH OR MORE: 11
MAX 90 OR ABOVE: 0 0.10 INCH OR MORE: 7
MIN 32 OR BELOW: 10 0.50 INCH OR MORE: 3
MIN 0 OR BELOW: 0 1.00 INCH OR MORE: 1
[HDD (BASE 65) ]
TOTAL THIS MO. 477 CLEAR (SCALE 0-3) 11
DPTR FM NORMAL 71 PTCLDY (SCALE 4-7) 13
TOTAL FM JUL 1 5405 CLOUDY (SCALE 8-10) 6
DPTR FM NORMAL -259
[CDD (BASE 65) ]
TOTAL THIS MO. 6
DPTR FM NORMAL -4 [PRESSURE DATA]
TOTAL FM JAN 1 6 HIGHEST SLP 30.41 ON 16
DPTR FM NORMAL -5 LOWEST SLP 29.41 ON 12
[REMARKS]
#FINAL-04-20#