000
CXUS53 KICT 030629
CF6CNU
PRELIMINARY LOCAL CLIMATOLOGICAL DATA (WS FORM: F-6)
STATION: CHANUTE KS
MONTH: MAY
YEAR: 2023
LATITUDE: 37 40 N
LONGITUDE: 95 29 W
TEMPERATURE IN F: :PCPN: SNOW: WIND :SUNSHINE: SKY :PK WND
================================================================================
1 2 3 4 5 6A 6B 7 8 9 10 11 12 13 14 15 16 17 18
12Z AVG MX 2MIN
DY MAX MIN AVG DEP HDD CDD WTR SNW DPTH SPD SPD DIR MIN PSBL S-S WX SPD DR
================================================================================
1 70 38 54 -8 11 0 0.00 M M 10.5 23 320 M M 0 33 310
2 72 38 55 -7 10 0 0.00 M M 7.8 20 320 M M 0 30 290
3 79 33 56 -7 9 0 0.00 M M 2.6 9 140 M M 0 13 280
4 68 48 58 -5 7 0 0.13 M M 9.2 20 190 M M 8 1 25 170
5 75 57 66 3 0 1 0.00 M M 9.9 17 150 M M 8 23 150
6 93 65 79 15 0 14 0.00 M M 16.1 26 170 M M 4 18 35 170
7 90 71 81 17 0 16 0.00 M M 14.9 26 180 M M 1 35 170
8 89 66 78 14 0 13 0.00 M M 6.2 15 90 M M 5 18 23 40
9 90 63 77 12 0 12 0.52 M M 11.0 29 350 M M 4 13 43 350
10 85 61 73 8 0 8 0.00 M M 8.1 24 130 M M 0 31 130
11 82 67 75 10 0 10 0.44 M M 7.7 14 170 M M 7 1 19 140
12 87 64 76 10 0 11 0.75 M M 12.2 26 240 M M 5 13 38 240
13 86 66 76 10 0 11 0.41 M M 6.0 29 210 M M 1 13 38 200
14 86 65 76 10 0 11 0.02 M M 2.6 16 290 M M 3 13 21 290
15 78 61 70 3 0 5 0.12 M M 5.9 15 360 M M 9 18 22 10
16 67 59 63 -4 2 0 T M M 6.2 12 320 M M 10 1 17 310
17 81 57 69 2 0 4 0.00 M M 3.8 12 170 M M 3 1 15 180
18 82 56 69 1 0 4 0.00 M M 4.0 14 160 M M 1 12 19 220
19 68 50 59 -9 6 0 0.41 M M 6.2 22 360 M M 5 1 35 10
20 73 47 60 -8 5 0 0.00 M M 5.0 14 10 M M 0 1 18 360
21 75 46 61 -8 4 0 0.00 M M 2.7 10 190 M M 0 12 16 190
22 79 52 66 -3 0 1 0.00 M M 4.1 10 170 M M 1 1 14 160
23 81 55 68 -1 0 3 0.00 M M 3.8 14 120 M M 3 1 17 130
24 83 57 70 0 0 5 0.75 M M 3.7 31 130 M M 2 13 40 130
25 83 56 70 0 0 5 0.00 M M 3.7 13 110 M M 1 12 17 120
26 83 61 72 2 0 7 0.00 M M 8.0 14 70 M M 0 21 120
27 81 55 68 -3 0 3 0.00 M M 6.1 12 110 M M 0 17 120
28 84 55 70 -1 0 5 0.00 M M 5.2 10 170 M M 3 14 160
29 80 62 71 0 0 6 T M M 5.1 13 200 M M 6 16 190
30 86 62 74 2 0 9 0.03 M M 7.5 16 180 M M 3 13 22 200
31 87 67 77 5 0 12 0.03 M M 9.7 17 180 M M 3 3 24 160
================================================================================
SM 2503 1760 54 176 3.61 M 215.5 M 96
================================================================================
AV 80.7 56.8 7.0 FASTST M M 3 MAX(MPH)
MISC ----> 31 130 43 350
================================================================================
NOTES:
# LAST OF SEVERAL OCCURRENCES
COLUMN 17 PEAK WIND IN M.P.H.
PRELIMINARY LOCAL CLIMATOLOGICAL DATA (WS FORM: F-6) , PAGE 2
STATION: CHANUTE KS
MONTH: MAY
YEAR: 2023
LATITUDE: 37 40 N
LONGITUDE: 95 29 W
[TEMPERATURE DATA] [PRECIPITATION DATA] SYMBOLS USED IN COLUMN 16
AVERAGE MONTHLY: 68.8 TOTAL FOR MONTH: 3.61 1 = FOG OR MIST
DPTR FM NORMAL: 1.9 DPTR FM NORMAL: -2.26 2 = FOG REDUCING VISIBILITY
HIGHEST: 93 ON 6 GRTST 24HR 0.77 ON 12-13 TO 1/4 MILE OR LESS
LOWEST: 33 ON 3 3 = THUNDER
SNOW, ICE PELLETS, HAIL 4 = ICE PELLETS
TOTAL MONTH: M 5 = HAIL
GRTST 24HR M ON M 6 = FREEZING RAIN OR DRIZZLE
GRTST DEPTH: M ON M 7 = DUSTSTORM OR SANDSTORM:
VSBY 1/2 MILE OR LESS
8 = SMOKE OR HAZE
[NO. OF DAYS WITH] [WEATHER - DAYS WITH] 9 = BLOWING SNOW
X = TORNADO
MAX 32 OR BELOW: 0 0.01 INCH OR MORE: 11
MAX 90 OR ABOVE: 3 0.10 INCH OR MORE: 8
MIN 32 OR BELOW: 0 0.50 INCH OR MORE: 3
MIN 0 OR BELOW: 0 1.00 INCH OR MORE: 0
[HDD (BASE 65) ]
TOTAL THIS MO. 54 CLEAR (SCALE 0-3) 19
DPTR FM NORMAL -16 PTCLDY (SCALE 4-7) 9
TOTAL FM JUL 1 3941 CLOUDY (SCALE 8-10) 3
DPTR FM NORMAL -284
[CDD (BASE 65) ]
TOTAL THIS MO. 176
DPTR FM NORMAL 45 [PRESSURE DATA]
TOTAL FM JAN 1 210 HIGHEST SLP 30.27 ON 20
DPTR FM NORMAL 42 LOWEST SLP 29.70 ON 7
[REMARKS]
#FINAL-05-23#