000
CXUS53 KICT 010800
CF6CNU
PRELIMINARY LOCAL CLIMATOLOGICAL DATA (WS FORM: F-6)
STATION: CHANUTE KS
MONTH: JUNE
YEAR: 2020
LATITUDE: 37 40 N
LONGITUDE: 95 29 W
TEMPERATURE IN F: :PCPN: SNOW: WIND :SUNSHINE: SKY :PK WND
================================================================================
1 2 3 4 5 6A 6B 7 8 9 10 11 12 13 14 15 16 17 18
12Z AVG MX 2MIN
DY MAX MIN AVG DEP HDD CDD WTR SNW DPTH SPD SPD DIR MIN PSBL S-S WX SPD DR
================================================================================
1 85 65 75 5 0 10 0.00 M M 11.1 22 190 M M 0 28 200
2 87 65 76 5 0 11 0.00 M M 11.3 20 210 M M 0 26 180
3 92 72 82 11 0 17 0.00 M M 10.4 17 200 M M 0 23 230
4 89 68 79 8 0 14 0.00 M M 10.3 24 20 M M 1 3 35 20
5 95 73 84 12 0 19 0.00 M M 8.0 17 190 M M 0 22 200
6 96 73 85 13 0 20 0.00 M M 7.6 14 160 M M 1 18 180
7 93 71 82 10 0 17 0.00 M M 9.7 17 180 M M 0 26 170
8 93 74 84 12 0 19 0.00 M M 8.9 17 100 M M 0 26 90
9 94 63 79 6 0 14 0.05 M M 14.7 32 230 M M 2 1 53 220
10 80 57 69 -4 0 4 T M M 16.6 31 310 M M 5 1 49 320
11 89 52 71 -2 0 6 0.00 M M 6.1 15 170 M M 0 22 200
12 93 63 78 4 0 13 0.00 M M 9.4 17 210 M M 1 24 210
13 92 64 78 4 0 13 0.00 M M 7.6 13 190 M M 1 21 160
14 93 66 80 6 0 15 0.00 M M 8.4 16 200 M M 0 27 210
15 93 70 82 7 0 17 0.00 M M 8.8 17 190 M M 0 26 190
16 92 68 80 5 0 15 0.00 M M 9.4 14 190 M M 0 18 180
17 92 69 81 6 0 16 0.00 M M 11.6 21 190 M M 1 32 170
18 93 71 82 7 0 17 0.00 M M 13.5 22 180 M M 1 31 170
19 78 66 72 -4 0 7 0.36 M M 5.9 16 270 M M 5 1 22 260
20 84 65 75 -1 0 10 0.09 M M 3.9 13 200 M M 3 1 16 200
21 92 68 80 4 0 15 0.00 M M 9.2 20 190 M M 1 26 200
22 93 68 81 5 0 16 0.00 M M 8.2 17 320 M M 0 24 30
23 85 63 74 -3 0 9 0.00 M M 8.3 18 360 M M 1 28 10
24 92 58 75 -2 0 10 0.00 M M 3.3 13 260 M M 2 17 310
25 93 67 80 3 0 15 0.00 M M 10.3 22 180 M M 1 31 160
26 92 72 82 5 0 17 0.00 M M 12.0 18 200 M M 1 26 200
27 89 73 81 3 0 16 0.72 M M 12.5 22 210 M M 3 13 30 180
28 92 77 85 7 0 20 0.00 M M 16.1 28 180 M M 2 38 170
29 92 78 85 7 0 20 0.00 M M 16.4 24 180 M M 6 32 200
30 92 78 85 7 0 20 0.01 M M 15.7 26 160 M M 4 3 37 160
================================================================================
SM 2715 2037 0 432 1.23 M 305.2 M 42
================================================================================
AV 90.5 67.9 10.2 FASTST M M 1 MAX(MPH)
MISC ----> # 32 230 # 53 220
================================================================================
NOTES:
# LAST OF SEVERAL OCCURRENCES
COLUMN 17 PEAK WIND IN M.P.H.
PRELIMINARY LOCAL CLIMATOLOGICAL DATA (WS FORM: F-6) , PAGE 2
STATION: CHANUTE KS
MONTH: JUNE
YEAR: 2020
LATITUDE: 37 40 N
LONGITUDE: 95 29 W
[TEMPERATURE DATA] [PRECIPITATION DATA] SYMBOLS USED IN COLUMN 16
AVERAGE MONTHLY: 79.2 TOTAL FOR MONTH: 1.23 1 = FOG OR MIST
DPTR FM NORMAL: 4.6 DPTR FM NORMAL: -4.80 2 = FOG REDUCING VISIBILITY
HIGHEST: 96 ON 6 GRTST 24HR 0.72 ON 27-27 TO 1/4 MILE OR LESS
LOWEST: 52 ON 11 3 = THUNDER
SNOW, ICE PELLETS, HAIL 4 = ICE PELLETS
TOTAL MONTH: M 5 = HAIL
GRTST 24HR M ON M 6 = FREEZING RAIN OR DRIZZLE
GRTST DEPTH: M ON M 7 = DUSTSTORM OR SANDSTORM:
VSBY 1/2 MILE OR LESS
8 = SMOKE OR HAZE
[NO. OF DAYS WITH] [WEATHER - DAYS WITH] 9 = BLOWING SNOW
X = TORNADO
MAX 32 OR BELOW: 0 0.01 INCH OR MORE: 5
MAX 90 OR ABOVE: 21 0.10 INCH OR MORE: 2
MIN 32 OR BELOW: 0 0.50 INCH OR MORE: 1
MIN 0 OR BELOW: 0 1.00 INCH OR MORE: 0
[HDD (BASE 65) ]
TOTAL THIS MO. 0 CLEAR (SCALE 0-3) 26
DPTR FM NORMAL -6 PTCLDY (SCALE 4-7) 4
TOTAL FM JUL 1 3995 CLOUDY (SCALE 8-10) 0
DPTR FM NORMAL -488
[CDD (BASE 65) ]
TOTAL THIS MO. 432
DPTR FM NORMAL 140 [PRESSURE DATA]
TOTAL FM JAN 1 554 HIGHEST SLP 0.00 ON M
DPTR FM NORMAL 129 LOWEST SLP 0.00 ON M
[REMARKS]
#FINAL-06-20#