000
CXUS55 KGJT 011000
CF6CNY
PRELIMINARY LOCAL CLIMATOLOGICAL DATA (WS FORM: F-6)
STATION: CANYONLANDS AIRPORT UT
MONTH: MARCH
YEAR: 2020
LATITUDE: 38 46 N
LONGITUDE: 109 45 W
TEMPERATURE IN F: :PCPN: SNOW: WIND :SUNSHINE: SKY :PK WND
================================================================================
1 2 3 4 5 6A 6B 7 8 9 10 11 12 13 14 15 16 17 18
12Z AVG MX 2MIN
DY MAX MIN AVG DEP HDD CDD WTR SNW DPTH SPD SPD DIR MIN PSBL S-S WX SPD DR
================================================================================
1 59 35 47 7 18 0 0.00 M M 7.9 23 260 M M 5 38 220
2 52 31 42 2 23 0 0.00 M M 5.0 16 290 M M 3 21 290
3 56 21 39 -2 26 0 0.00 M M 4.5 13 70 M M 0 19 90
4 60 22 41 0 24 0 0.00 M M 3.4 10 280 M M 0 15 300
5 64 23 44 3 21 0 0.00 M M 3.2 12 120 M M 0 14 120
6 67 27 47 5 18 0 0.00 M M 4.8 14 290 M M 0 21 300
7 68 35 52 10 13 0 0.00 M M 8.7 22 190 M M 5 33 170
8 64 38 51 9 14 0 0.00 M M 9.5 30 280 M M 4 44 280
9 61 28 45 2 20 0 0.00 M M 4.3 17 200 M M 1 30 190
10 61 38 50 7 15 0 0.00 M M 3.7 15 270 M M 4 22 270
11 55 33 44 1 21 0 0.07 M M 3.3 9 140 M M 5 1 12 140
12 64 34 49 6 16 0 0.00 M M 3.0 10 250 M M 0 1 15 270
13 57 41 49 5 16 0 0.20 M M 11.2 32 250 M M 8 1 45 180
14 58 41 50 6 15 0 0.00 M M 9.7 24 180 M M 7 31 170
15 63 38 51 7 14 0 0.00 M M 5.8 21 220 M M 2 26 200
16 65 31 48 4 17 0 0.00 M M 4.0 18 240 M M 0 23 240
17 67 41 54 9 11 0 0.00 M M 7.9 25 210 M M 1 34 220
18 60 43 52 7 13 0 0.15 M M 10.5 32 170 M M 5 18 41 200
19 56 39 48 3 17 0 0.05 M M 8.9 21 300 M M 8 27 190
20 53 37 45 -1 20 0 T M M 6.9 22 190 M M 8 29 170
21 55 33 44 -2 21 0 0.00 M M 5.3 16 300 M M 5 20 300
22 59 31 45 -1 20 0 T M M 4.6 15 300 M M 2 23 310
23 52 34 43 -3 22 0 0.02 M M 4.7 20 250 M M 5 27 200
24 61 33 47 0 18 0 0.00 M M 9.1 22 200 M M 4 32 200
25 64 45 55 8 10 0 0.00 M M 14.4 28 200 M M 0 36 210
26 61 39 50 3 15 0 0.00 M M 14.4 31 240 M M 0 42 250
27 47 29 38 -9 27 0 0.07 M M 8.1 29 270 M M 7 138 34 260
28 52 28 40 -8 25 0 0.00 M M 5.6 16 280 M M 7 20 250
29 54 39 47 -1 18 0 T M M 5.5 18 190 M M 10 27 200
30 61 36 49 1 16 0 0.00 M M 5.0 16 280 M M 5 24 290
31 70 29 50 2 15 0 0.00 M M 7.3 18 230 M M 0 26 220
================================================================================
SM 1846 1052 559 0 0.56 M 210.2 M 111
================================================================================
AV 59.6 33.9 6.8 FASTST M M 4 MAX(MPH)
MISC ----> # 32 250 # 45 180
================================================================================
NOTES:
# LAST OF SEVERAL OCCURRENCES
COLUMN 17 PEAK WIND IN M.P.H.
PRELIMINARY LOCAL CLIMATOLOGICAL DATA (WS FORM: F-6) , PAGE 2
STATION: CANYONLANDS AIRPORT UT
MONTH: MARCH
YEAR: 2020
LATITUDE: 38 46 N
LONGITUDE: 109 45 W
[TEMPERATURE DATA] [PRECIPITATION DATA] SYMBOLS USED IN COLUMN 16
AVERAGE MONTHLY: 46.7 TOTAL FOR MONTH: 0.56 1 = FOG OR MIST
DPTR FM NORMAL: 2.3 DPTR FM NORMAL: -0.21 2 = FOG REDUCING VISIBILITY
HIGHEST: 70 ON 31 GRTST 24HR 0.20 ON 13-13 TO 1/4 MILE OR LESS
LOWEST: 21 ON 3 3 = THUNDER
SNOW, ICE PELLETS, HAIL 4 = ICE PELLETS
TOTAL MONTH: M 5 = HAIL
GRTST 24HR M ON M 6 = FREEZING RAIN OR DRIZZLE
GRTST DEPTH: M ON M 7 = DUSTSTORM OR SANDSTORM:
VSBY 1/2 MILE OR LESS
8 = SMOKE OR HAZE
[NO. OF DAYS WITH] [WEATHER - DAYS WITH] 9 = BLOWING SNOW
X = TORNADO
MAX 32 OR BELOW: 0 0.01 INCH OR MORE: 6
MAX 90 OR ABOVE: 0 0.10 INCH OR MORE: 2
MIN 32 OR BELOW: 11 0.50 INCH OR MORE: 0
MIN 0 OR BELOW: 0 1.00 INCH OR MORE: 0
[HDD (BASE 65) ]
TOTAL THIS MO. 559 CLEAR (SCALE 0-3) 14
DPTR FM NORMAL -80 PTCLDY (SCALE 4-7) 15
TOTAL FM JUL 1 5131 CLOUDY (SCALE 8-10) 2
DPTR FM NORMAL 83
[CDD (BASE 65) ]
TOTAL THIS MO. 0
DPTR FM NORMAL 0 [PRESSURE DATA]
TOTAL FM JAN 1 0 HIGHEST SLP 30.40 ON 5
DPTR FM NORMAL 0 LOWEST SLP 29.53 ON 19
[REMARKS]
#FINAL-03-20#