000
CXUS53 KGJT 031105
CLACNY
CLIMATE REPORT...COR TO NORMAL FREEZE DATES
NATIONAL WEATHER SERVICE GRAND JUNCTION CO
530 AM MST FRI JAN 01 2021
...................................
...THE CANYONLANDS AIRPORT UT CLIMATE SUMMARY FOR THE YEAR OF 2020...
CLIMATE NORMAL PERIOD 1981 TO 2010
CLIMATE RECORD PERIOD 9999 TO 9999
WEATHER OBSERVED NORMAL DEPART LAST YEAR`S
VALUE DATE(S) VALUE FROM VALUE DATE(S)
NORMAL
................................................................
TEMPERATURE (F)
RECORD
HIGH MM MM
LOW MM MM
HIGHEST 105 08/19 MM MM 104 07/22
LOWEST -7 12/30 MM MM -3 12/29
AVG. MAXIMUM 69.1 67.1 2.0 66.5
AVG. MINIMUM 39.2 39.4 -0.2 39.3
MEAN 54.1 53.2 0.9 52.9
DAYS MAX >= 90 97 73.3 23.7 85
DAYS MAX <= 32 31 19.0 12.0 24
DAYS MIN <= 32 143 136.6 6.4 145
DAYS MIN <= 0 1 3.4 -2.4 3
PRECIPITATION (INCHES)
RECORD
MAXIMUM MM MM
MINIMUM MM MM
TOTALS 3.20 8.80 -5.60 8.11
DAILY AVG. T 0.02 -0.02 T
DAYS >= .01 31 MM MM 57
DAYS >= .10 7 MM MM 20
DAYS >= .50 1 MM MM 4
DAYS >= 1.00 0 MM MM 0
GREATEST
24 HR. TOTAL 0.82 06/06 TO 06/06 0.70
STORM TOTAL 0.24 MM
SNOWFALL (INCHES)
RECORDS
TOTAL MM MM
24 HR TOTAL MM
SNOW DEPTH MM MM
TOTALS MM MM MM MM
LIQUID EQUIV MM MM MM MM
SINCE 7/1 MM MM MM MM
LIQUID 7/1 MM MM MM MM
SNOWDEPTH AVG. MM MM
DAYS >= TRACE MM MM MM MM
DAYS >= 1.0 MM MM MM MM
GREATEST
SNOW DEPTH MM MM MM
24 HR TOTAL MM MM
STORM TOTAL MM MM
(MM/DD(HH)) MM
DEGREE DAYS
HEATING TOTAL 5515 5578 -63 5758
SINCE 7/1 2359 2395 -36 2381
COOLING TOTAL 1654 1288 366 1462
SINCE 1/1 1654 1289 365 1462
FREEZE DATES
RECORD
EARLIEST MM
LATEST MM
EARLIEST MM
LATEST 04/14
................................................................
WIND (MPH)
AVERAGE WIND SPEED 6.3
RESULTANT WIND SPEED/DIRECTION 2/250
HIGHEST WIND SPEED/DIRECTION 58/160 DATE 06/05
HIGHEST GUST SPEED/DIRECTION 76/220 DATE 07/28
SKY COVER
POSSIBLE SUNSHINE (PERCENT) MM
AVERAGE SKY COVER 0.18
NUMBER OF DAYS FAIR 294
NUMBER OF DAYS PC 47
NUMBER OF DAYS CLOUDY 24
AVERAGE RH (PERCENT) 40
WEATHER CONDITIONS. NUMBER OF DAYS WITH
THUNDERSTORM 15 MIXED PRECIP 0
HEAVY RAIN 1 RAIN 7
LIGHT RAIN 46 FREEZING RAIN 0
LT FREEZING RAIN 0 HAIL 0
HEAVY SNOW 1 SNOW 5
LIGHT SNOW 20 SLEET 0
FOG 43 FOG W/VIS <= 1/4 MILE 12
HAZE 41
- INDICATES NEGATIVE NUMBERS.
R INDICATES RECORD WAS SET OR TIED.
MM INDICATES DATA IS MISSING.
T INDICATES TRACE AMOUNT.
$$