000
CXUS55 KRIW 010945
CF6COD
PRELIMINARY LOCAL CLIMATOLOGICAL DATA (WS FORM: F-6)
STATION: CODY WY
MONTH: MAY
YEAR: 2020
LATITUDE: 44 31 N
LONGITUDE: 109 1 W
TEMPERATURE IN F: :PCPN: SNOW: WIND :SUNSHINE: SKY :PK WND
================================================================================
1 2 3 4 5 6A 6B 7 8 9 10 11 12 13 14 15 16 17 18
12Z AVG MX 2MIN
DY MAX MIN AVG DEP HDD CDD WTR SNW DPTH SPD SPD DIR MIN PSBL S-S WX SPD DR
================================================================================
1 61 40 51 2 14 0 0.00 M M 7.6 14 20 M M 2 20 360
2 67 37 52 2 13 0 T M M 4.5 13 20 M M 2 16 110
3 67 40 54 4 11 0 0.00 M M 9.7 24 10 M M 2 33 10
4 60 40 50 0 15 0 0.00 M M 10.3 20 240 M M 7 28 260
5 62 30 46 -5 19 0 0.00 M M 6.7 17 40 M M 1 8 25 20
6 71 34 53 2 12 0 0.00 M M 9.7 22 230 M M 1 38 230
7 48 32 40 -11 25 0 0.00 M M 11.7 22 360 M M 6 37 350
8 58 28 43 -9 22 0 0.05 M M 4.7 18 350 M M 4 3 27 350
9 50 34 42 -10 23 0 T M M 8.7 14 360 M M 8 24 360
10 45 37 41 -11 24 0 0.00 M M 8.2 13 360 M M 10 17 350
11 41 32 37 -15 28 0 0.01 M M 9.8 15 350 M M 10 M M
12 61 31 46 -7 19 0 0.03 M M 4.2 15 10 M M 7 12 M M
13 62 40 51 -2 14 0 T M M 11.0 22 260 M M 2 33 260
14 63 43 53 0 12 0 T M M 7.2 20 280 M M 5 3 25 280
15 62 43 53 -1 12 0 T M M 10.8 21 20 M M 8 29 340
16 64 38 51 -3 14 0 T M M 5.1 15 120 M M 5 M M
17 80 43 62 8 3 0 0.00 M M 6.5 14 130 M M 1 20 100
18 84 47 66 12 0 1 0.00 M M 6.9 16 150 M M 0 24 130
19 76 47 62 7 3 0 0.00 M M 9.2 16 360 M M 0 21 340
20 71 47 59 4 6 0 0.00 M M 8.1 20 260 M M 3 39 190
21 62 42 52 -3 13 0 0.00 0.0 M 10.3 18 260 M M 2 31 280
22 64 43 54 -1 11 0 0.04 M M 6.7 15 230 M M 6 18 280
23 48 35 42 -14 23 0 0.35 M M 8.2 17 340 M M 9 13 23 340
24 52 35 44 -12 21 0 0.02 M M 4.4 10 180 M M 10 M M
25 68 40 54 -2 11 0 0.00 M M 6.4 12 250 M M 5 23 250
26 74 51 63 6 2 0 0.00 M M 9.8 17 250 M M 8 27 260
27 71 52 62 5 3 0 T M M 6.7 12 50 M M 5 M M
28 68 47 58 1 7 0 0.00 0.0 M 7.9 14 10 M M 0 21 330
29 77 47 62 5 3 0 T M M 6.6 14 10 M M 1 3 20 10
30 84 52 68 10 0 3 T 0.0 M 8.1 15 170 M M 1 8 30 250
31 87 63 75 17 0 10 0.00 0.0 M 12.1 28 210 M M 0 41 220
================================================================================
SM 2008 1270 383 14 0.50 0.0 247.8 M 131
================================================================================
AV 64.8 41.0 8.0 FASTST M M 4 MAX(MPH)
MISC ----> # 28 210 # 41 220
================================================================================
NOTES:
# LAST OF SEVERAL OCCURRENCES
COLUMN 17 PEAK WIND IN M.P.H.
PRELIMINARY LOCAL CLIMATOLOGICAL DATA (WS FORM: F-6) , PAGE 2
STATION: CODY WY
MONTH: MAY
YEAR: 2020
LATITUDE: 44 31 N
LONGITUDE: 109 1 W
[TEMPERATURE DATA] [PRECIPITATION DATA] SYMBOLS USED IN COLUMN 16
AVERAGE MONTHLY: 52.9 TOTAL FOR MONTH: 0.50 1 = FOG OR MIST
DPTR FM NORMAL: -0.9 DPTR FM NORMAL: M 2 = FOG REDUCING VISIBILITY
HIGHEST: 87 ON 31 GRTST 24HR 0.35 ON 23-23 TO 1/4 MILE OR LESS
LOWEST: 28 ON 8 3 = THUNDER
SNOW, ICE PELLETS, HAIL 4 = ICE PELLETS
TOTAL MONTH: 0.0 INCH 5 = HAIL
GRTST 24HR 0.0 6 = FREEZING RAIN OR DRIZZLE
GRTST DEPTH: M ON M 7 = DUSTSTORM OR SANDSTORM:
VSBY 1/2 MILE OR LESS
8 = SMOKE OR HAZE
[NO. OF DAYS WITH] [WEATHER - DAYS WITH] 9 = BLOWING SNOW
X = TORNADO
MAX 32 OR BELOW: 0 0.01 INCH OR MORE: 6
MAX 90 OR ABOVE: 0 0.10 INCH OR MORE: 1
MIN 32 OR BELOW: 5 0.50 INCH OR MORE: 0
MIN 0 OR BELOW: 0 1.00 INCH OR MORE: 0
[HDD (BASE 65) ]
TOTAL THIS MO. 383 CLEAR (SCALE 0-3) 15
DPTR FM NORMAL M PTCLDY (SCALE 4-7) 10
TOTAL FM JUL 1 7403 CLOUDY (SCALE 8-10) 6
DPTR FM NORMAL M
[CDD (BASE 65) ]
TOTAL THIS MO. 14
DPTR FM NORMAL 14 [PRESSURE DATA]
TOTAL FM JAN 1 14 HIGHEST SLP M ON M
DPTR FM NORMAL 14 LOWEST SLP M ON M
[REMARKS]
#FINAL-05-20#