946
CXUS55 KPUB 011906
CF6COS
PRELIMINARY LOCAL CLIMATOLOGICAL DATA (WS FORM: F-6)
STATION: COLORADO SPRINGS CO
MONTH: JULY
YEAR: 2020
LATITUDE: 38 49 N
LONGITUDE: 104 43 W
TEMPERATURE IN F: :PCPN: SNOW: WIND :SUNSHINE: SKY :PK WND
================================================================================
1 2 3 4 5 6A 6B 7 8 9 10 11 12 13 14 15 16 17 18
12Z AVG MX 2MIN
DY MAX MIN AVG DEP HDD CDD WTR SNW DPTH SPD SPD DIR MIN PSBL S-S WX SPD DR
================================================================================
1 83 50 67 -3 0 2 0.00 0.0 0 11.0 26 180 M M 1 38 160
2 95 59 77 7 0 12 0.00 0.0 0 10.3 30 180 M M 4 18 39 190
3 87 54 71 1 0 6 0.15 0.0 0 6.9 32 310 M M 5 3 45 300
4 85 58 72 2 0 7 0.48 0.0 0 11.0 36 290 M M 6 38 46 280
5 82 56 69 -1 0 4 T 0.0 0 9.1 36 340 M M 5 38 47 340
6 90 55 73 3 0 8 T 0.0 0 7.8 22 150 M M 3 27 140
7 90 58 74 3 0 9 0.02 0.0 0 8.0 37 250 M M 5 3 50 280
8 96 55 76 5 0 11 0.00 0.0 0 7.7 18 70 M M 3 27 60
9 94 63 79 8 0 14 0.00 0.0 0 11.2 33 120 M M 3 43 130
10 96 67 82 11 0 17 0.00 0.0 0 7.3 22 130 M M 4 18 30 150
11 95 67 81 10 0 16 0.00 0.0 0 12.7 31 340 M M 2 43 330
12 88 67 78 7 0 13 T 0.0 0 9.3 31 240 M M 6 38 58 200
13 94 66 80 9 0 15 T 0.0 0 11.1 35 230 M M 7 46 230
14 92 60 76 5 0 11 0.18 T 0 9.1 30 40 M M 7 35 37 40
15 84 60 72 1 0 7 0.26 0.0 0 9.9 31 130 M M 6 3 39 130
16 86 57 72 1 0 7 T 0.0 0 8.9 33 290 M M 7 3 50 290
17 94 58 76 5 0 11 T 0.0 0 7.9 33 260 M M 5 45 260
18 95 64 80 9 0 15 0.00 0.0 0 8.2 23 40 M M 6 33 40
19 85 61 73 2 0 8 0.00 0.0 0 8.7 26 350 M M 7 35 360
20 93 56 75 4 0 10 0.00 0.0 0 8.1 43 30 M M 5 57 40
21 86 56 71 0 0 6 0.06 0.0 0 9.4 33 290 M M 3 3 46 310
22 90 58 74 3 0 9 0.00 0.0 0 8.1 20 180 M M 7 33 160
23 91 60 76 5 0 11 0.00 0.0 0 6.1 13 110 M M 7 22 120
24 94 62 78 7 0 13 T 0.0 0 8.6 26 330 M M 7 3 45 170
25 86 58 72 1 0 7 T 0.0 0 8.0 25 170 M M 7 3 33 170
26 85 60 73 2 0 8 0.16 0.0 0 8.2 23 330 M M 9 3 32 320
27 81 61 71 0 0 6 0.22 0.0 0 6.9 21 150 M M 8 13 26 160
28 78 59 69 -2 0 4 T 0.0 0 6.5 24 330 M M 8 123 33 330
29 94 55 75 4 0 10 T 0.0 0 11.1 35 290 M M 3 50 290
30 86 59 73 2 0 8 T 0.0 0 11.0 28 40 M M 4 3 41 30
31 90 55 73 3 0 8 T 0.0 0 7.7 39 330 M M 4 38 53 310
================================================================================
SM 2765 1834 0 293 1.53 T 275.8 M 164
================================================================================
AV 89.2 59.2 8.9 FASTST M M 5 MAX(MPH)
MISC ----> 43 30 58 200
================================================================================
NOTES:
COLUMN 17 PEAK WIND IN M.P.H.
PRELIMINARY LOCAL CLIMATOLOGICAL DATA (WS FORM: F-6) , PAGE 2
STATION: COLORADO SPRINGS CO
MONTH: JULY
YEAR: 2020
LATITUDE: 38 49 N
LONGITUDE: 104 43 W
[TEMPERATURE DATA] [PRECIPITATION DATA] SYMBOLS USED IN COLUMN 16
AVERAGE MONTHLY: 74.2 TOTAL FOR MONTH: 1.53 1 = FOG OR MIST
DPTR FM NORMAL: 3.3 DPTR FM NORMAL: -1.31 2 = FOG REDUCING VISIBILITY
HIGHEST: 96 ON 10, 8 GRTST 24HR 0.55 ON 3-4 TO 1/4 MILE OR LESS
LOWEST: 50 ON 1 3 = THUNDER
SNOW, ICE PELLETS, HAIL 4 = ICE PELLETS
TOTAL MONTH: T 5 = HAIL
GRTST 24HR T ON 14 6 = FREEZING RAIN OR DRIZZLE
GRTST DEPTH: 0 7 = DUSTSTORM OR SANDSTORM:
VSBY 1/2 MILE OR LESS
8 = SMOKE OR HAZE
[NO. OF DAYS WITH] [WEATHER - DAYS WITH] 9 = BLOWING SNOW
X = TORNADO
MAX 32 OR BELOW: 0 0.01 INCH OR MORE: 8
MAX 90 OR ABOVE: 17 0.10 INCH OR MORE: 6
MIN 32 OR BELOW: 0 0.50 INCH OR MORE: 0
MIN 0 OR BELOW: 0 1.00 INCH OR MORE: 0
[HDD (BASE 65) ]
TOTAL THIS MO. 0 CLEAR (SCALE 0-3) 7
DPTR FM NORMAL -10 PTCLDY (SCALE 4-7) 21
TOTAL FM JUL 1 0 CLOUDY (SCALE 8-10) 3
DPTR FM NORMAL -3
[CDD (BASE 65) ]
TOTAL THIS MO. 293
DPTR FM NORMAL 102 [PRESSURE DATA]
TOTAL FM JAN 1 497 HIGHEST SLP 30.18 ON 30
DPTR FM NORMAL 213 LOWEST SLP 29.64 ON 13
[REMARKS]
#FINAL-07-20#