000
CXUS55 KPUB 031614
CLMCOS
CLIMATE REPORT
NATIONAL WEATHER SERVICE
1014 AM MDT MON APR 03 2023
...................................
...THE COLORADO SPRINGS CO CLIMATE SUMMARY FOR THE MONTH OF MARCH 2023...
CLIMATE NORMAL PERIOD 1991 TO 2020
CLIMATE RECORD PERIOD 1872 TO 2023
WEATHER OBSERVED NORMAL DEPART LAST YEAR`S
VALUE DATE(S) VALUE FROM VALUE DATE(S)
NORMAL
................................................................
TEMPERATURE (F)
RECORD
HIGH 81 03/26/1971
LOW -16 03/02/1943
HIGHEST 70 03/15 55 15 80 03/26
LOWEST 9 03/28 21 -12 4 03/11
03/10
AVG. MAXIMUM 51.5 54.9 -3.4 54.7
AVG. MINIMUM 24.0 27.3 -3.3 27.5
MEAN 37.8 41.1 -3.3 41.1
DAYS MAX >= 90 0 0.0 0.0
DAYS MAX <= 32 1 1.9 -0.9
DAYS MIN <= 32 28 23.7 4.3
DAYS MIN <= 0 0 0.1 -0.1
PRECIPITATION (INCHES)
RECORD
MAXIMUM 3.03 1906
MINIMUM T 1946
TOTALS 0.08 0.79 -0.71 0.75
DAILY AVG. 0.00 0.03 -0.03
DAYS >= .01 4 6.7 -2.7
DAYS >= .10 0 2.4 -2.4
DAYS >= .50 0 0.2 -0.2
DAYS >= 1.00 0 0.1 -0.1
GREATEST
24 HR. TOTAL 0.03 03/16 TO 03/16 0.38
03/26 TO 03/27
SNOWFALL (INCHES)
RECORDS
TOTAL 30.2 1909
TOTALS 0.3 5.7 -5.4 7.9
SINCE 7/1 29.3 26.4 2.9 MM
SNOWDEPTH AVG. T
DAYS >= 1.0 0 1.9 -1.9
GREATEST
SNOW DEPTH T 03/16 2
03/26
03/27
24 HR TOTAL 0.2 03/26 TO 03/26 2.6
DEGREE DAYS
HEATING TOTAL 837 741 96 731
SINCE 7/1 5062 5047 15 MM
COOLING TOTAL 0 0 0 0
SINCE 1/1 0 0 0 MM
................................................................
WIND (MPH)
AVERAGE WIND SPEED 10.8
HIGHEST WIND SPEED/DIRECTION 47/270 DATE 03/31
HIGHEST GUST SPEED/DIRECTION 65/270 DATE 03/31
SKY COVER
POSSIBLE SUNSHINE (PERCENT) MM
AVERAGE SKY COVER 0.51
NUMBER OF DAYS FAIR 9
NUMBER OF DAYS PC 17
NUMBER OF DAYS CLOUDY 5
AVERAGE RH (PERCENT) 44
WEATHER CONDITIONS. NUMBER OF DAYS WITH
THUNDERSTORM 0 MIXED PRECIP 0
HEAVY RAIN 0 RAIN 0
LIGHT RAIN 3 FREEZING RAIN 0
LT FREEZING RAIN 2 HAIL 0
HEAVY SNOW 0 SNOW 1
LIGHT SNOW 10 SLEET 0
FOG 6 FOG W/VIS <= 1/4 MILE 3
HAZE 2
- INDICATES NEGATIVE NUMBERS.
R INDICATES RECORD WAS SET OR TIED.
MM INDICATES DATA IS MISSING.
T INDICATES TRACE AMOUNT.
$$