000
CXUS55 KPUB 051734 RRB
CLSCOS
CLIMATE REPORT
NATIONAL WEATHER SERVICE
1034 AM MST SAT MAR 05 2022
...................................
...THE COLORADO SPRINGS CO CLIMATE SUMMARY FOR THE SEASON, FROM
12/1/2021 TO 2/28/2022...
CLIMATE NORMAL PERIOD 1991 TO 2020
CLIMATE RECORD PERIOD 1872 TO 2022
WEATHER OBSERVED NORMAL DEPART LAST YEAR`S
VALUE DATE(S) VALUE FROM VALUE DATE(S)
NORMAL
................................................................
TEMPERATURE (F)
RECORD
HIGH 77 12/23/1955
LOW -27 02/01/1951
12/09/1919
HIGHEST 72 12/02 65 02/23
LOWEST -6 02/23 -16 02/15
AVG. MAXIMUM 48.6 45.4 3.2 42.8
AVG. MINIMUM 20.2 19.1 1.1 18.0
MEAN 34.4 32.2 2.2 30.4
DAYS MAX >= 90 0 0.0 0.0
DAYS MAX <= 32 10 15.7 -5.7
DAYS MIN <= 32 76 85.9 -9.9
DAYS MIN <= 0 4 3.7 0.3
PRECIPITATION (INCHES)
RECORD
MAXIMUM 4.05 1934
MINIMUM 0.16 1928
TOTALS 0.85 0.84 0.01 1.93
DAILY AVG. 0.01 0.01 0.00
DAYS >= .01 16 11.9 4.1
DAYS >= .10 5 2.8 2.2
DAYS >= .50 0 0.1 -0.1
DAYS >= 1.00 0 0.0 0.0
GREATEST
24 HR. TOTAL 0.31 02/01 TO 02/02
SNOWFALL (INCHES)
RECORDS
MAXIMUM 56.3 1987
MINIMUM 2.6 1952
TOTALS 15.2 13.6 1.6 26.6
SINCE 7/1 15.2 20.7 -5.5 32.6
SNOWDEPTH AVG. 0
DAYS >= 1.0 6 4.9 1.1
GREATEST
SNOW DEPTH 6 02/02 6
24 HR TOTAL 6.5 02/01 TO 02/02 6.7
DEGREE DAYS
HEATING TOTAL 2714 2951 -237 3078
SINCE 7/1 3690 4308 -618 4305
COOLING TOTAL 0 0 0 0
SINCE 1/1 0 0 0 0
................................................................
WIND (MPH)
AVERAGE WIND SPEED 9.1
HIGHEST WIND SPEED/DIRECTION 66/290 DATE 12/15
HIGHEST GUST SPEED/DIRECTION 92/290 DATE 12/15
SKY COVER
POSSIBLE SUNSHINE (PERCENT) MM
AVERAGE SKY COVER 0.42
NUMBER OF DAYS FAIR 34
NUMBER OF DAYS PC 44
NUMBER OF DAYS CLOUDY 12
AVERAGE RH (PERCENT) 43
WEATHER CONDITIONS. NUMBER OF DAYS WITH
THUNDERSTORM 0 MIXED PRECIP 2
HEAVY RAIN 0 RAIN 1
LIGHT RAIN 5 FREEZING RAIN 0
LT FREEZING RAIN 4 HAIL 0
HEAVY SNOW 2 SNOW 6
LIGHT SNOW 26 SLEET 0
FOG 19 FOG W/VIS <= 1/4 MILE 4
HAZE 10
- INDICATES NEGATIVE NUMBERS.
R INDICATES RECORD WAS SET OR TIED.
MM INDICATES DATA IS MISSING.
T INDICATES TRACE AMOUNT.
$$