000
CXUS53 KLSX 011559 CCA
CF6COU
PRELIMINARY LOCAL CLIMATOLOGICAL DATA (WS FORM: F-6)
STATION: COLUMBIA ASOS
MONTH: JULY
YEAR: 2023
LATITUDE: 38 49 N
LONGITUDE: 92 13 W
TEMPERATURE IN F: :PCPN: SNOW: WIND :SUNSHINE: SKY :PK WND
================================================================================
1 2 3 4 5 6A 6B 7 8 9 10 11 12 13 14 15 16 17 18
12Z AVG MX 2MIN
DY MAX MIN AVG DEP HDD CDD WTR SNW DPTH SPD SPD DIR MIN PSBL S-S WX SPD DR
================================================================================
1 89 68 79 1 0 14 0.55 0.0 0 8.5 26 290 M M 3 13 38 290
2 85 68 77 -1 0 12 0.06 0.0 0 7.1 17 300 M M 7 1 22 310
3 91 65 78 0 0 13 0.00 0.0 0 3.9 10 240 M M 0 14 210
4 98 70 84 6 0 19 0.00 0.0 0 5.1 12 240 M M 1 19 260
5 91 72 82 4 0 17 0.00 0.0 0 9.1 17 270 M M 1 23 260
6 85 67 76 -2 0 11 0.00 0.0 0 7.2 13 350 M M 0 17 350
7 88 63 76 -2 0 11 0.02 0.0 0 6.6 13 110 M M 2 17 100
8 80 62 71 -7 0 6 0.00 0.0 0 7.0 15 10 M M 8 19 10
9 88 60 74 -4 0 9 0.00 0.0 0 4.1 9 20 M M 1 14 20
10 93 61 77 -1 0 12 0.00 0.0 0 5.6 14 240 M M 0 21 210
11 96 67 82 4 0 17 0.00 0.0 0 7.5 16 220 M M 1 25 200
12 96 71 84 6 0 19 0.58 0.0 0 9.5 41 10 M M 3 13 55 10
13 91 71 81 2 0 16 0.16 0.0 0 4.9 13 280 M M 4 13 18 120
14 97 71 84 5 0 19 0.66 0.0 0 6.9 30 360 M M 2 13 41 360
15 90 68 79 0 0 14 T 0.0 0 7.3 17 280 M M 3 123 23 270
16 91 67 79 0 0 14 0.07 0.0 0 8.9 31 300 M M 2 138 45 310
17 90 69 80 1 0 15 0.02 0.0 0 5.3 23 240 M M 1 13 31 240
18 82 68 75 -4 0 10 0.28 0.0 0 6.1 24 260 M M 5 13 35 260
19 90 71 81 2 0 16 0.71 0.0 0 6.3 23 350 M M 6 13 28 350
20 93 72 83 4 0 18 T 0.0 0 7.6 28 210 M M 2 1 36 200
21 82 65 74 -5 0 9 T 0.0 0 3.7 9 20 M M 2 12 10
22 87 63 75 -4 0 10 0.00 0.0 0 5.0 13 260 M M 1 16 270
23 95 65 80 1 0 15 0.00 0.0 0 5.4 15 230 M M 1 3 19 210
24 90 71 81 2 0 16 0.00 0.0 0 5.8 29 290 M M 1 40 280
25 93 71 82 3 0 17 T 0.0 0 8.4 16 220 M M 1 23 230
26 95 78 87 8 0 22 0.23 0.0 0 14.7 30 230 M M 1 3 47 220
27 101 78 90 11 0 25 0.00 0.0 0 10.5 20 260 M M 0 31 240
28 100 76 88 9 0 23 0.00 0.0 0 11.4 20 210 M M 0 27 210
29 98 71 85 6 0 20 0.08 0.0 0 7.8 44 320 M M 1 13 59 320
30 91 69 80 1 0 15 0.00 0.0 0 4.4 9 90 M M 0 1 14 50
31 78 71 75 -4 0 10 0.07 0.0 0 5.4 13 100 M M 4 17 100
================================================================================
SM 2814 2129 0 464 3.49 0.0 217.0 M 64
================================================================================
AV 90.8 68.7 7.0 FASTST M M 2 MAX(MPH)
MISC ----> 44 320 59 320
================================================================================
NOTES:
# LAST OF SEVERAL OCCURRENCES
COLUMN 17 PEAK WIND IN M.P.H.
PRELIMINARY LOCAL CLIMATOLOGICAL DATA (WS FORM: F-6) , PAGE 2
STATION: COLUMBIA ASOS
MONTH: JULY
YEAR: 2023
LATITUDE: 38 49 N
LONGITUDE: 92 13 W
[TEMPERATURE DATA] [PRECIPITATION DATA] SYMBOLS USED IN COLUMN 16
AVERAGE MONTHLY: 79.7 TOTAL FOR MONTH: 3.49 1 = FOG OR MIST
DPTR FM NORMAL: 1.2 DPTR FM NORMAL: -0.64 2 = FOG REDUCING VISIBILITY
HIGHEST: 101 ON 27 GRTST 24HR 0.99 ON 18-19 TO 1/4 MILE OR LESS
LOWEST: 60 ON 9 3 = THUNDER
SNOW, ICE PELLETS, HAIL 4 = ICE PELLETS
TOTAL MONTH: 0.0 INCH 5 = HAIL
GRTST 24HR 0.0 6 = FREEZING RAIN OR DRIZZLE
GRTST DEPTH: 0 7 = DUSTSTORM OR SANDSTORM:
VSBY 1/2 MILE OR LESS
8 = SMOKE OR HAZE
[NO. OF DAYS WITH] [WEATHER - DAYS WITH] 9 = BLOWING SNOW
X = TORNADO
MAX 32 OR BELOW: 0 0.01 INCH OR MORE: 13
MAX 90 OR ABOVE: 21 0.10 INCH OR MORE: 7
MIN 32 OR BELOW: 0 0.50 INCH OR MORE: 4
MIN 0 OR BELOW: 0 1.00 INCH OR MORE: 0
[HDD (BASE 65) ]
TOTAL THIS MO. 0 CLEAR (SCALE 0-3) 25
DPTR FM NORMAL 0 PTCLDY (SCALE 4-7) 5
TOTAL FM JUL 1 0 CLOUDY (SCALE 8-10) 1
DPTR FM NORMAL 0
[CDD (BASE 65) ]
TOTAL THIS MO. 464
DPTR FM NORMAL 45 [PRESSURE DATA]
TOTAL FM JAN 1 976 HIGHEST SLP 30.17 ON 31
DPTR FM NORMAL 117 LOWEST SLP 29.68 ON 14
[REMARKS]
#FINAL-07-23#