000
CXUS54 KFWD 010830
CF6CPT
PRELIMINARY LOCAL CLIMATOLOGICAL DATA (WS FORM: F-6)
STATION: CLEBURNE
MONTH: DECEMBER
YEAR: 2022
LATITUDE: 32 20 N
LONGITUDE: 97 24 W
TEMPERATURE IN F: :PCPN: SNOW: WIND :SUNSHINE: SKY :PK WND
================================================================================
1 2 3 4 5 6A 6B 7 8 9 10 11 12 13 14 15 16 17 18
12Z AVG MX 2MIN
DY MAX MIN AVG DEP HDD CDD WTR SNW DPTH SPD SPD DIR MIN PSBL S-S WX SPD DR
================================================================================
1 52 32 42 -8 23 0 0.00 M M 8.6 18 110 M M 5 1 25 110
2 70 48 59 9 6 0 0.02 M M 11.2 16 170 M M 7 12 23 170
3 61 45 53 4 12 0 0.01 M M 12.5 24 360 M M 5 2 32 360
4 55 48 52 3 13 0 0.01 M M 6.5 14 360 M M 10 12 17 170
5 81 52 67 18 0 2 0.00 M M 10.9 17 210 M M 4 1 25 210
6 75 61 68 20 0 3 0.00 M M 6.6 12 170 M M 3 1 16 170
7 77 63 70 22 0 5 0.02 M M 6.4 13 160 M M 9 1 18 170
8 75 63 69 21 0 4 0.08 M M 4.8 12 200 M M 9 1 18 200
9 66 61 64 17 1 0 M M M 6.9 12 40 M M 10 12 M M
10 75 55 65 18 0 0 0.94 M M 8.7 15 310 M M 9 123 25 300
11 59 52 56 9 9 0 0.07 M M 7.0 13 360 M M 10 1 22 360
12 66 55 61 14 4 0 0.03 M M 12.2 18 150 M M 10 1 27 130
13 70 54 62 16 3 0 0.11 M M 11.6 22 170 M M 7 3 32 160
14 55 39 47 1 18 0 0.00 M M 9.8 21 290 M M 3 29 300
15 55 34 45 -1 20 0 0.00 M M 5.9 8 30 M M 0 M M
16 48 36 42 -4 23 0 0.00 M M 8.0 16 20 M M 4 8 20 20
17 50 30 40 -6 25 0 0.00 M M 6.6 14 340 M M 2 8 15 350
18 55 28 42 -4 23 0 0.00 M M 7.8 15 150 M M 4 8 20 180
19 48 41 45 0 20 0 0.00 M M 9.4 14 130 M M 9 1 21 130
20 54 37 46 1 19 0 0.00 M M 9.3 14 360 M M 6 1 21 10
21 48 28 38 -7 27 0 0.00 M M 7.0 14 170 M M 2 1 18 170
22 M 10 M M M M 0.01 M M 21.2 35 330 M M 7 1 45 330
23 25 10 18 -27 47 0 0.00 M M 15.3 22 340 M M 1 31 340
24 37 18 28 -17 37 0 0.00 M M 3.6 10 320 M M 3 M M
25 52 23 38 -7 27 0 0.00 M M 5.7 12 210 M M 0 18 210
26 55 28 42 -3 23 0 0.00 M M 10.2 16 360 M M 0 21 340
27 52 21 37 -7 28 0 0.00 M M 9.2 16 170 M M 0 21 150
28 73 39 56 12 9 0 0.00 M M 15.1 23 180 M M 0 31 190
29 72 52 62 18 3 0 0.00 M M 9.8 21 180 M M 3 28 180
30 63 43 53 9 12 0 0.00 M M 5.6 9 20 M M 4 14 20
31 75 46 61 17 4 0 0.00 M M 9.4 18 220 M M 1 25 220
================================================================================
SM 1799 1252 436 14 1.30 M 282.8 M 147
================================================================================
AV 60.0 40.4 9.1 FASTST M M 5 MAX(MPH)
MISC ----> 35 330 45 330
================================================================================
NOTES:
# LAST OF SEVERAL OCCURRENCES
COLUMN 17 PEAK WIND IN M.P.H.
PRELIMINARY LOCAL CLIMATOLOGICAL DATA (WS FORM: F-6) , PAGE 2
STATION: CLEBURNE
MONTH: DECEMBER
YEAR: 2022
LATITUDE: 32 20 N
LONGITUDE: 97 24 W
[TEMPERATURE DATA] [PRECIPITATION DATA] SYMBOLS USED IN COLUMN 16
AVERAGE MONTHLY: 50.2 TOTAL FOR MONTH: 1.30 1 = FOG OR MIST
DPTR FM NORMAL: 3.9 DPTR FM NORMAL: -1.28 2 = FOG REDUCING VISIBILITY
HIGHEST: 81 ON 5 GRTST 24HR 0.94 ON 10-10 TO 1/4 MILE OR LESS
LOWEST: 10 ON 23,22 3 = THUNDER
SNOW, ICE PELLETS, HAIL 4 = ICE PELLETS
TOTAL MONTH: M 5 = HAIL
GRTST 24HR M ON M 6 = FREEZING RAIN OR DRIZZLE
GRTST DEPTH: M ON M 7 = DUSTSTORM OR SANDSTORM:
VSBY 1/2 MILE OR LESS
8 = SMOKE OR HAZE
[NO. OF DAYS WITH] [WEATHER - DAYS WITH] 9 = BLOWING SNOW
X = TORNADO
MAX 32 OR BELOW: 1 0.01 INCH OR MORE: 10
MAX 90 OR ABOVE: 0 0.10 INCH OR MORE: 2
MIN 32 OR BELOW: 10 0.50 INCH OR MORE: 1
MIN 0 OR BELOW: 0 1.00 INCH OR MORE: 0
[HDD (BASE 65) ]
TOTAL THIS MO. 436 CLEAR (SCALE 0-3) 11
DPTR FM NORMAL -146 PTCLDY (SCALE 4-7) 12
TOTAL FM JUL 1 850 CLOUDY (SCALE 8-10) 8
DPTR FM NORMAL -117
[CDD (BASE 65) ]
TOTAL THIS MO. 14
DPTR FM NORMAL 12 [PRESSURE DATA]
TOTAL FM JAN 1 3202 HIGHEST SLP M ON M
DPTR FM NORMAL 705 LOWEST SLP M ON M
[REMARKS]
#FINAL-12-22#