000
CXUS54 KFWD 010831
CF6CPT
PRELIMINARY LOCAL CLIMATOLOGICAL DATA (WS FORM: F-6)
STATION: CLEBURNE
MONTH: NOVEMBER
YEAR: 2023
LATITUDE: 32 21 N
LONGITUDE: 97 24 W
TEMPERATURE IN F: :PCPN: SNOW: WIND :SUNSHINE: SKY :PK WND
================================================================================
1 2 3 4 5 6A 6B 7 8 9 10 11 12 13 14 15 16 17 18
12Z AVG MX 2MIN
DY MAX MIN AVG DEP HDD CDD WTR SNW DPTH SPD SPD DIR MIN PSBL S-S WX SPD DR
================================================================================
1 55 32 44 -17 21 0 0.00 M M 5.3 12 10 M M 0 M M
2 63 36 50 -11 15 0 0.00 M M 8.4 15 170 M M 0 21 170
3 72 45 59 -2 6 0 0.00 M M 10.5 17 180 M M 1 24 170
4 73 54 64 4 1 0 0.00 M M 9.6 14 150 M M 2 12 21 170
5 77 57 67 7 0 2 0.00 M M 9.4 15 190 M M 2 2 22 210
6 81 63 72 12 0 7 0.00 M M 12.8 18 180 M M 0 26 200
7 84 61 73 14 0 8 0.00 M M 11.8 20 170 M M 0 21 170
8 84 64 74 15 0 9 0.00 M M 12.7 20 190 M M 1 23 190
9 72 52 62 4 3 0 0.16 M M 11.6 20 10 M M 8 1 29 10
10 57 50 54 -4 11 0 0.01 M M 11.4 16 30 M M 10 1 22 20
11 64 54 59 1 6 0 0.00 M M 7.8 12 70 M M 9 18 40
12 63 48 56 -1 9 0 0.00 M M 3.8 7 40 M M 1 18 M M
13 64 52 58 1 7 0 0.00 M M 7.9 13 30 M M 1 15 70
14 70 46 58 2 7 0 0.00 M M 3.8 8 100 M M 2 M M
15 72 46 59 3 6 0 0.00 M M 3.9 8 99 M M 0 128 M M
16 59 50 55 -1 10 0 0.00 M M 8.1 13 170 M M 7 12 20 170
17 61 55 58 3 7 0 0.00 M M 9.1 14 160 M M 10 1 18 160
18 68 55 62 7 3 0 0.00 M M 4.7 9 360 M M 4 1 M M
19 64 52 58 4 7 0 0.02 M M 8.0 16 170 M M 8 1 23 170
20 75 55 65 11 0 0 0.00 M M 13.3 23 310 M M 4 1 31 310
21 55 43 49 -5 16 0 0.00 M M 17.0 30 330 M M 7 41 330
22 61 32 47 -6 18 0 0.00 M M 7.1 15 330 M M 0 23 330
23 59 39 49 -4 16 0 0.00 M M 7.3 10 130 M M 0 M M
24 64 39 52 0 13 0 0.00 M M 5.8 10 100 M M 0 1 13 99
25 61 41 51 -1 14 0 0.17 M M 5.7 14 130 M M 5 1 18 130
26 52 34 43 -9 22 0 0.01 M M 12.8 21 330 M M 3 1 29 340
27 52 28 40 -11 25 0 0.00 M M 4.6 10 20 M M 0 8 13 40
28 59 41 50 -1 15 0 0.00 M M 4.2 10 170 M M 3 16 160
29 63 37 50 -1 15 0 0.00 M M 8.3 14 160 M M 4 22 190
30 66 55 61 11 4 0 0.06 M M 8.8 14 160 M M 8 1 21 160
================================================================================
SM 1970 1416 277 26 0.43 M 255.3 M 100
================================================================================
AV 65.7 47.2 8.5 FASTST M M 3 MAX(MPH)
MISC ----> 30 330 41 330
================================================================================
NOTES:
# LAST OF SEVERAL OCCURRENCES
COLUMN 17 PEAK WIND IN M.P.H.
PRELIMINARY LOCAL CLIMATOLOGICAL DATA (WS FORM: F-6) , PAGE 2
STATION: CLEBURNE
MONTH: NOVEMBER
YEAR: 2023
LATITUDE: 32 21 N
LONGITUDE: 97 24 W
[TEMPERATURE DATA] [PRECIPITATION DATA] SYMBOLS USED IN COLUMN 16
AVERAGE MONTHLY: 56.4 TOTAL FOR MONTH: 0.43 1 = FOG OR MIST
DPTR FM NORMAL: 0.6 DPTR FM NORMAL: -2.37 2 = FOG REDUCING VISIBILITY
HIGHEST: 84 ON 8, 7 GRTST 24HR 0.17 ON 25-25 TO 1/4 MILE OR LESS
LOWEST: 28 ON 27 3 = THUNDER
SNOW, ICE PELLETS, HAIL 4 = ICE PELLETS
TOTAL MONTH: M 5 = HAIL
GRTST 24HR M ON M 6 = FREEZING RAIN OR DRIZZLE
GRTST DEPTH: M ON M 7 = DUSTSTORM OR SANDSTORM:
VSBY 1/2 MILE OR LESS
8 = SMOKE OR HAZE
[NO. OF DAYS WITH] [WEATHER - DAYS WITH] 9 = BLOWING SNOW
X = TORNADO
MAX 32 OR BELOW: 0 0.01 INCH OR MORE: 6
MAX 90 OR ABOVE: 0 0.10 INCH OR MORE: 2
MIN 32 OR BELOW: 3 0.50 INCH OR MORE: 0
MIN 0 OR BELOW: 0 1.00 INCH OR MORE: 0
[HDD (BASE 65) ]
TOTAL THIS MO. 277 CLEAR (SCALE 0-3) 18
DPTR FM NORMAL -21 PTCLDY (SCALE 4-7) 8
TOTAL FM JUL 1 371 CLOUDY (SCALE 8-10) 4
DPTR FM NORMAL -14
[CDD (BASE 65) ]
TOTAL THIS MO. 26
DPTR FM NORMAL 4 [PRESSURE DATA]
TOTAL FM JAN 1 3254 HIGHEST SLP M ON M
DPTR FM NORMAL 759 LOWEST SLP M ON M
[REMARKS]
#FINAL-11-23#