000
CXUS56 KLOX 201838
CF6CQT
PRELIMINARY LOCAL CLIMATOLOGICAL DATA (WS FORM: F-6)
STATION: DOWNTOWN LOS ANGELES (USC) CA
MONTH: MARCH
YEAR: 2022
LATITUDE: 34 1 N
LONGITUDE: 118 17 W
TEMPERATURE IN F: :PCPN: SNOW: WIND :SUNSHINE: SKY :PK WND
================================================================================
1 2 3 4 5 6A 6B 7 8 9 10 11 12 13 14 15 16 17 18
12Z AVG MX 2MIN
DY MAX MIN AVG DEP HDD CDD WTR SNW DPTH SPD SPD DIR MIN PSBL S-S WX SPD DR
================================================================================
1 82 50 66 6 0 1 0.00 M M 0.9 8 270 M M 0 8 14 270
2 80 50 65 5 0 0 0.00 M M 0.6 8 270 M M 0 8 14 270
3 68 50 59 -1 6 0 0.00 M M 2.6 8 130 M M 2 18 12 120
4 63 52 58 -2 7 0 T M M 2.7 12 260 M M 6 8 21 260
5 59 48 54 -6 11 0 0.08 M M 2.2 16 260 M M 5 29 260
6 61 43 52 -8 13 0 0.00 M M 1.9 9 270 M M 0 15 270
7 68 44 56 -4 9 0 0.00 M M 1.2 9 260 M M 0 8 14 270
8 68 45 57 -3 8 0 0.00 M M 1.4 10 260 M M 0 8 19 260
9 67 47 57 -4 8 0 0.00 M M 1.6 8 260 M M 1 16 270
10 66 53 60 -1 5 0 0.00 M M 2.0 10 260 M M 3 15 260
11 71 46 59 -2 6 0 0.00 M M 1.4 10 260 M M 0 16 260
12 76 50 63 2 2 0 0.00 M M 2.2 10 260 M M 0 19 270
13 69 51 60 -1 5 0 0.00 M M 2.0 8 260 M M 0 14 270
14 71 54 63 2 2 0 0.00 M M 2.6 7 270 M M 2 M M
15 72 52 62 1 3 0 0.00 M M 1.0 6 99 M M 0 M M
16 80 55 68 7 0 3 0.00 M M 3.4 9 300 M M 1 18 17 290
17 78 53 66 5 0 1 0.00 M M 1.3 9 260 M M 0 M M
18 77 53 65 4 0 0 0.00 M M 0.9 7 270 M M 0 M M
19 67 55 61 0 4 0 0.01 M M 1.7 6 250 M M 4 18 M M
20 74 53 64 2 1 0 0.00 M M 4.6 12 270 M M 1 22 270
21 74 55 65 3 0 0 0.00 M M 1.9 7 260 M M 0 8 13 280
22 84 53 69 7 0 4 0.00 M M 0.8 9 270 M M 0 13 260
23 85 57 71 9 0 6 0.00 M M 2.1 10 270 M M 0 17 270
24 79 56 68 6 0 3 0.00 M M 0.8 5 260 M M 0 M M
25 72 52 62 0 3 0 0.00 M M M M M M M 2 1 M M
26 71 54 63 1 2 0 0.00 M M 0.0 3 280 M M 4 M M
27 69 56 63 1 2 0 0.00 M M 2.2 6 99 M M 6 M M
28 60 53 57 -5 8 0 1.32 M M 3.3 12 120 M M M 1 22 150
29 64 50 57 -5 8 0 0.00 M M 0.0 9 260 M M 1 14 260
30 68 54 61 -1 4 0 0.00 M M 1.9 10 270 M M 2 17 260
31 63 55 59 -3 6 0 0.00 M M 0.9 7 260 M M 10 13 260
================================================================================
SM 2206 1599 123 18 1.41 M 51.9 M 50
================================================================================
AV 71.2 51.6 1.7 FASTST M M 2 MAX(MPH)
MISC ----> 16 260 29 260
================================================================================
NOTES:
# LAST OF SEVERAL OCCURRENCES
COLUMN 17 PEAK WIND IN M.P.H.
PRELIMINARY LOCAL CLIMATOLOGICAL DATA (WS FORM: F-6) , PAGE 2
STATION: DOWNTOWN LOS ANGELES (USC) CA
MONTH: MARCH
YEAR: 2022
LATITUDE: 34 1 N
LONGITUDE: 118 17 W
[TEMPERATURE DATA] [PRECIPITATION DATA] SYMBOLS USED IN COLUMN 16
AVERAGE MONTHLY: 61.4 TOTAL FOR MONTH: 1.41 1 = FOG OR MIST
DPTR FM NORMAL: 0.3 DPTR FM NORMAL: -0.82 2 = FOG REDUCING VISIBILITY
HIGHEST: 85 ON 23 GRTST 24HR 1.32 ON 28-28 TO 1/4 MILE OR LESS
LOWEST: 43 ON 6 3 = THUNDER
SNOW, ICE PELLETS, HAIL 4 = ICE PELLETS
TOTAL MONTH: M 5 = HAIL
GRTST 24HR M ON M 6 = FREEZING RAIN OR DRIZZLE
GRTST DEPTH: M ON M 7 = DUSTSTORM OR SANDSTORM:
VSBY 1/2 MILE OR LESS
8 = SMOKE OR HAZE
[NO. OF DAYS WITH] [WEATHER - DAYS WITH] 9 = BLOWING SNOW
X = TORNADO
MAX 32 OR BELOW: 0 0.01 INCH OR MORE: 3
MAX 90 OR ABOVE: 0 0.10 INCH OR MORE: 1
MIN 32 OR BELOW: 0 0.50 INCH OR MORE: 1
MIN 0 OR BELOW: 0 1.00 INCH OR MORE: 1
[HDD (BASE 65) ]
TOTAL THIS MO. 123 CLEAR (SCALE 0-3) 24
DPTR FM NORMAL -18 PTCLDY (SCALE 4-7) 5
TOTAL FM JUL 1 920 CLOUDY (SCALE 8-10) 2
DPTR FM NORMAL 43
[CDD (BASE 65) ]
TOTAL THIS MO. 18
DPTR FM NORMAL -4 [PRESSURE DATA]
TOTAL FM JAN 1 38 HIGHEST SLP M ON M
DPTR FM NORMAL -4 LOWEST SLP 29.75 ON 28
[REMARKS]
#FINAL-03-22#