000
CXUS56 KLOX 011655
CF6CQT
PRELIMINARY LOCAL CLIMATOLOGICAL DATA (WS FORM: F-6)
STATION: DOWNTOWN LOS ANGELES (USC) CA
MONTH: JULY
YEAR: 2020
LATITUDE: 34 1 N
LONGITUDE: 118 17 W
TEMPERATURE IN F: :PCPN: SNOW: WIND :SUNSHINE: SKY :PK WND
================================================================================
1 2 3 4 5 6A 6B 7 8 9 10 11 12 13 14 15 16 17 18
12Z AVG MX 2MIN
DY MAX MIN AVG DEP HDD CDD WTR SNW DPTH SPD SPD DIR MIN PSBL S-S WX SPD DR
================================================================================
1 76 63 70 -2 0 5 0.00 0.0 0 1.5 8 250 M M 6 14 270
2 79 64 72 0 0 7 0.00 0.0 0 2.7 8 260 M M 5 8 14 280
3 81 61 71 -1 0 6 0.00 0.0 0 1.7 8 270 M M 0 8 14 260
4 85 64 75 3 0 10 0.00 0.0 0 2.2 10 260 M M 0 8 16 270
5 91 64 78 5 0 13 0.00 0.0 0 1.8 10 270 M M 0 8 14 270
6 87 65 76 3 0 11 0.00 0.0 0 0.9 7 260 M M 0 18 12 270
7 84 65 75 2 0 10 0.00 0.0 0 1.5 8 270 M M 1 8 16 270
8 84 64 74 1 0 9 0.00 0.0 0 1.8 7 270 M M 2 8 12 260
9 83 64 74 1 0 9 0.00 0.0 0 1.5 10 260 M M 3 18 15 260
10 86 63 75 2 0 10 0.00 0.0 0 1.4 8 260 M M 3 18 13 270
11 90 65 78 5 0 13 0.00 0.0 0 1.8 10 260 M M 0 18 270
12 92 68 80 7 0 15 0.00 0.0 0 2.1 8 260 M M 0 15 270
13 85 66 76 3 0 11 0.00 0.0 0 1.2 7 270 M M 0 8 11 270
14 81 64 73 -1 0 8 0.00 0.0 0 2.0 10 270 M M 5 17 270
15 80 63 72 -2 0 7 0.00 0.0 0 2.4 10 260 M M 4 15 270
16 79 63 71 -3 0 6 0.00 0.0 0 2.2 9 260 M M 3 15 270
17 78 63 71 -3 0 6 0.00 0.0 M 1.9 8 260 M M 2 13 270
18 77 62 70 -4 0 5 0.00 0.0 0 1.4 10 270 M M 0 15 270
19 80 62 71 -3 0 6 0.00 0.0 0 1.5 12 260 M M 1 18 17 270
20 79 62 71 -3 0 6 0.00 0.0 0 1.9 8 270 M M 1 12 270
21 81 61 71 -3 0 6 0.00 0.0 0 2.0 9 260 M M 0 14 270
22 74 60 67 -7 0 2 0.00 0.0 0 1.6 8 260 M M 7 18 14 270
23 76 62 69 -5 0 4 0.00 0.0 0 1.6 10 270 M M 5 16 260
24 79 61 70 -4 0 5 0.00 0.0 0 1.7 8 280 M M 4 8 14 270
25 80 61 71 -3 0 6 0.00 0.0 0 1.7 9 260 M M 3 8 15 260
26 77 60 69 -5 0 4 0.00 0.0 0 1.4 9 270 M M 1 18 14 260
27 75 61 68 -6 0 3 0.00 0.0 0 1.3 9 260 M M 1 8 15 270
28 77 61 69 -5 0 4 0.00 0.0 0 2.1 9 260 M M 2 18 15 270
29 78 61 70 -4 0 5 0.00 0.0 0 1.0 9 270 M M 4 18 14 260
30 83 61 72 -2 0 7 0.00 0.0 0 1.0 9 280 M M 3 18 15 280
31 89 64 77 3 0 12 0.00 0.0 0 1.0 9 270 M M 0 8 14 270
================================================================================
SM 2526 1948 0 231 0.00 0.0 51.9 M 66
================================================================================
AV 81.5 62.8 1.7 FASTST M M 2 MAX(MPH)
MISC ----> # 12 260 # 18 270
================================================================================
NOTES:
# LAST OF SEVERAL OCCURRENCES
COLUMN 17 PEAK WIND IN M.P.H.
PRELIMINARY LOCAL CLIMATOLOGICAL DATA (WS FORM: F-6) , PAGE 2
STATION: DOWNTOWN LOS ANGELES (USC) CA
MONTH: JULY
YEAR: 2020
LATITUDE: 34 1 N
LONGITUDE: 118 17 W
[TEMPERATURE DATA] [PRECIPITATION DATA] SYMBOLS USED IN COLUMN 16
AVERAGE MONTHLY: 72.2 TOTAL FOR MONTH: 0.00 1 = FOG OR MIST
DPTR FM NORMAL: -1.1 DPTR FM NORMAL: -0.01 2 = FOG REDUCING VISIBILITY
HIGHEST: 92 ON 12 GRTST 24HR 0.00 ON 31-31 TO 1/4 MILE OR LESS
LOWEST: 60 ON 26,22 3 = THUNDER
SNOW, ICE PELLETS, HAIL 4 = ICE PELLETS
TOTAL MONTH: 0.0 INCH 5 = HAIL
GRTST 24HR 0.0 6 = FREEZING RAIN OR DRIZZLE
GRTST DEPTH: 0 7 = DUSTSTORM OR SANDSTORM:
VSBY 1/2 MILE OR LESS
8 = SMOKE OR HAZE
[NO. OF DAYS WITH] [WEATHER - DAYS WITH] 9 = BLOWING SNOW
X = TORNADO
MAX 32 OR BELOW: 0 0.01 INCH OR MORE: 0
MAX 90 OR ABOVE: 3 0.10 INCH OR MORE: 0
MIN 32 OR BELOW: 0 0.50 INCH OR MORE: 0
MIN 0 OR BELOW: 0 1.00 INCH OR MORE: 0
[HDD (BASE 65) ]
TOTAL THIS MO. 0 CLEAR (SCALE 0-3) 19
DPTR FM NORMAL 0 PTCLDY (SCALE 4-7) 12
TOTAL FM JUL 1 0 CLOUDY (SCALE 8-10) 0
DPTR FM NORMAL 0
[CDD (BASE 65) ]
TOTAL THIS MO. 231
DPTR FM NORMAL -28 [PRESSURE DATA]
TOTAL FM JAN 1 769 HIGHEST SLP M ON M
DPTR FM NORMAL 222 LOWEST SLP 29.75 ON 21
[REMARKS]
#FINAL-07-20#