000
CXUS54 KCRP 021409
CF6CRP
PRELIMINARY LOCAL CLIMATOLOGICAL DATA (WS FORM: F-6)
STATION: CORPUS CHRISTI
MONTH: APRIL
YEAR: 2023
LATITUDE: 27 46 N
LONGITUDE: 97 30 W
TEMPERATURE IN F: :PCPN: SNOW: WIND :SUNSHINE: SKY :PK WND
================================================================================
1 2 3 4 5 6A 6B 7 8 9 10 11 12 13 14 15 16 17 18
12Z AVG MX 2MIN
DY MAX MIN AVG DEP HDD CDD WTR SNW DPTH SPD SPD DIR MIN PSBL S-S WX SPD DR
================================================================================
1 89 74 82 11 0 17 0.00 0.0 0 9.9 17 110 M M 9 1 24 110
2 88 74 81 10 0 16 T 0.0 0 16.5 28 150 M M 9 1 39 180
3 91 73 82 11 0 17 0.00 0.0 0 16.3 26 150 M M 8 1 37 170
4 85 74 80 9 0 15 T 0.0 0 19.4 29 170 M M 10 42 170
5 81 61 71 -1 0 6 0.13 0.0 0 17.7 33 30 M M 10 13 46 20
6 63 55 59 -13 6 0 0.82 0.0 0 15.4 29 40 M M 10 13 37 30
7 63 55 59 -13 6 0 1.52 0.0 0 12.8 25 10 M M 10 13 33 350
8 75 57 66 -6 0 1 T 0.0 0 8.2 15 10 M M 9 1 19 60
9 80 60 70 -2 0 5 0.00 0.0 0 9.0 15 20 M M 6 21 30
10 80 67 74 2 0 9 0.01 0.0 0 9.8 22 110 M M 8 27 110
11 81 60 71 -2 0 6 0.00 0.0 0 8.4 16 100 M M 3 23 110
12 80 57 69 -4 0 4 0.00 0.0 0 7.0 16 50 M M 1 1 22 80
13 81 56 69 -4 0 4 0.00 0.0 0 8.1 17 150 M M 4 25 120
14 83 67 75 2 0 10 0.00 0.0 0 12.3 21 180 M M 8 28 190
15 93 74 84 11 0 19 T 0.0 0 7.2 16 60 M M 7 18 21 50
16 83 57 70 -4 0 5 0.00 0.0 0 13.2 26 50 M M 4 1 35 40
17 81 56 69 -5 0 4 0.00 0.0 0 12.3 23 120 M M 3 32 120
18 81 68 75 1 0 10 0.25 0.0 0 14.1 33 150 M M 9 3 48 150
19 81 71 76 2 0 11 0.00 0.0 0 13.5 22 150 M M 9 32 130
20 84 75 80 6 0 15 T 0.0 0 12.8 21 160 M M 9 33 150
21 83 65 74 0 0 9 T 0.0 0 7.6 17 50 M M 8 1 21 50
22 82 65 74 -1 0 9 T 0.0 0 11.9 21 90 M M 6 28 120
23 75 62 69 -6 0 4 3.35 0.0 0 16.8 35 50 M M 8 135 45 40
24 75 60 68 -7 0 3 0.01 0.0 0 11.6 22 30 M M 9 1 29 40
25 80 69 75 0 0 10 T 0.0 0 8.8 17 90 M M 9 25 130
26 86 74 80 5 0 15 T 0.0 0 9.5 18 130 M M 9 24 130
27 83 69 76 0 0 11 1.08 0.0 0 6.1 22 50 M M 7 13 29 50
28 84 65 75 -1 0 10 0.32 0.0 0 10.3 30 340 M M 7 13 43 330
29 79 59 69 -7 0 4 T 0.0 0 14.5 32 340 M M 3 46 310
30 87 54 71 -5 0 6 0.00 0.0 0 4.7 12 150 M M 1 16 160
================================================================================
SM 2437 1933 12 255 7.49 0.0 345.7 M 213
================================================================================
AV 81.2 64.4 11.5 FASTST M M 7 MAX(MPH)
MISC ----> 35 50 48 150
================================================================================
NOTES:
# LAST OF SEVERAL OCCURRENCES
COLUMN 17 PEAK WIND IN M.P.H.
PRELIMINARY LOCAL CLIMATOLOGICAL DATA (WS FORM: F-6) , PAGE 2
STATION: CORPUS CHRISTI
MONTH: APRIL
YEAR: 2023
LATITUDE: 27 46 N
LONGITUDE: 97 30 W
[TEMPERATURE DATA] [PRECIPITATION DATA] SYMBOLS USED IN COLUMN 16
AVERAGE MONTHLY: 72.8 TOTAL FOR MONTH: 7.49 1 = FOG OR MIST
DPTR FM NORMAL: -0.6 DPTR FM NORMAL: 5.45 2 = FOG REDUCING VISIBILITY
HIGHEST: 93 ON 15 GRTST 24HR 3.35 ON 22-23 TO 1/4 MILE OR LESS
LOWEST: 54 ON 30 3 = THUNDER
SNOW, ICE PELLETS, HAIL 4 = ICE PELLETS
TOTAL MONTH: 0.0 INCH 5 = HAIL
GRTST 24HR 0.0 6 = FREEZING RAIN OR DRIZZLE
GRTST DEPTH: 0 7 = DUSTSTORM OR SANDSTORM:
VSBY 1/2 MILE OR LESS
8 = SMOKE OR HAZE
[NO. OF DAYS WITH] [WEATHER - DAYS WITH] 9 = BLOWING SNOW
X = TORNADO
MAX 32 OR BELOW: 0 0.01 INCH OR MORE: 9
MAX 90 OR ABOVE: 2 0.10 INCH OR MORE: 7
MIN 32 OR BELOW: 0 0.50 INCH OR MORE: 4
MIN 0 OR BELOW: 0 1.00 INCH OR MORE: 3
[HDD (BASE 65) ]
TOTAL THIS MO. 12 CLEAR (SCALE 0-3) 3
DPTR FM NORMAL 1 PTCLDY (SCALE 4-7) 12
TOTAL FM JUL 1 728 CLOUDY (SCALE 8-10) 15
DPTR FM NORMAL -71
[CDD (BASE 65) ]
TOTAL THIS MO. 255
DPTR FM NORMAL -8 [PRESSURE DATA]
TOTAL FM JAN 1 745 HIGHEST SLP 30.23 ON 16
DPTR FM NORMAL 245 LOWEST SLP 29.55 ON 4
[REMARKS]
#FINAL-04-23#