000
CXUS54 KCRP 012345
CF6CRP
PRELIMINARY LOCAL CLIMATOLOGICAL DATA (WS FORM: F-6)
STATION: CORPUS CHRISTI
MONTH: APRIL
YEAR: 2022
LATITUDE: 27 46 N
LONGITUDE: 97 30 W
TEMPERATURE IN F: :PCPN: SNOW: WIND :SUNSHINE: SKY :PK WND
================================================================================
1 2 3 4 5 6A 6B 7 8 9 10 11 12 13 14 15 16 17 18
12Z AVG MX 2MIN
DY MAX MIN AVG DEP HDD CDD WTR SNW DPTH SPD SPD DIR MIN PSBL S-S WX SPD DR
================================================================================
1 80 61 71 0 0 6 0.00 0.0 0 13.5 23 100 M M 8 8 31 90
2 91 66 79 8 0 14 0.00 0.0 0 9.7 20 140 M M 7 25 130
3 82 63 73 2 0 8 0.00 0.0 0 10.6 23 100 M M 7 128 29 90
4 86 72 79 8 0 14 T 0.0 0 17.3 25 140 M M 10 34 150
5 91 72 82 10 0 17 T 0.0 0 8.5 21 160 M M 9 18 28 100
6 93 68 81 9 0 16 0.00 0.0 0 15.8 29 340 M M 3 18 37 360
7 82 53 68 -4 0 3 0.00 0.0 0 12.5 24 30 M M 0 31 20
8 83 48 66 -6 0 1 0.00 0.0 0 8.7 23 160 M M 1 8 29 140
9 86 50 68 -4 0 3 0.00 0.0 0 19.2 37 160 M M 3 46 160
10 85 69 77 5 0 12 0.00 0.0 0 30.6 45 160 M M 6 57 140
11 82 72 77 4 0 12 T 0.0 0 23.0 53 150 M M 10 67 150
12 89 72 81 8 0 16 0.01 0.0 0 24.0 36 160 M M 9 138 46 150
13 93 73 83 10 0 18 0.00 0.0 0 13.7 31 170 M M 6 42 170
14 82 71 77 4 0 12 T 0.0 0 19.2 31 70 M M 6 1 42 70
15 85 72 79 6 0 14 0.01 0.0 0 13.2 22 130 M M 9 1 29 140
16 89 73 81 7 0 16 0.00 0.0 0 14.3 21 130 M M 8 1 28 140
17 88 74 81 7 0 16 0.00 0.0 0 12.4 23 130 M M 8 34 150
18 86 71 79 5 0 14 0.00 0.0 0 13.0 23 100 M M 6 29 110
19 79 70 75 1 0 10 0.05 0.0 0 18.9 28 130 M M 10 1 35 130
20 87 74 81 7 0 16 T 0.0 0 20.5 29 160 M M 9 3 39 140
21 89 74 82 8 0 17 0.00 0.0 0 20.7 31 160 M M 9 39 150
22 88 74 81 6 0 16 0.00 0.0 0 23.1 31 130 M M 8 39 130
23 87 74 81 6 0 16 0.00 0.0 0 24.8 37 140 M M 8 48 150
24 87 75 81 6 0 16 0.00 0.0 0 24.4 35 150 M M 9 44 140
25 89 69 79 4 0 14 0.17 0.0 0 17.7 36 20 M M 9 138 47 30
26 75 66 71 -4 0 6 0.00 0.0 0 14.7 25 40 M M 9 32 30
27 85 64 75 -1 0 10 T 0.0 0 11.2 21 100 M M 6 27 90
28 88 69 79 3 0 14 0.00 0.0 0 16.2 28 150 M M 6 34 140
29 87 73 80 4 0 15 0.00 0.0 0 19.6 30 150 M M 8 40 130
30 88 73 81 5 0 16 0.00 0.0 0 14.2 23 130 M M 7 29 110
================================================================================
SM 2582 2055 0 378 0.24 0.0 505.2 M 214
================================================================================
AV 86.1 68.5 16.8 FASTST M M 7 MAX(MPH)
MISC ----> 53 150 67 150
================================================================================
NOTES:
# LAST OF SEVERAL OCCURRENCES
COLUMN 17 PEAK WIND IN M.P.H.
PRELIMINARY LOCAL CLIMATOLOGICAL DATA (WS FORM: F-6) , PAGE 2
STATION: CORPUS CHRISTI
MONTH: APRIL
YEAR: 2022
LATITUDE: 27 46 N
LONGITUDE: 97 30 W
[TEMPERATURE DATA] [PRECIPITATION DATA] SYMBOLS USED IN COLUMN 16
AVERAGE MONTHLY: 77.3 TOTAL FOR MONTH: 0.24 1 = FOG OR MIST
DPTR FM NORMAL: 3.9 DPTR FM NORMAL: -1.80 2 = FOG REDUCING VISIBILITY
HIGHEST: 93 ON 13, 6 GRTST 24HR 0.17 ON 25-25 TO 1/4 MILE OR LESS
LOWEST: 48 ON 8 3 = THUNDER
SNOW, ICE PELLETS, HAIL 4 = ICE PELLETS
TOTAL MONTH: 0.0 INCH 5 = HAIL
GRTST 24HR 0.0 6 = FREEZING RAIN OR DRIZZLE
GRTST DEPTH: 0 7 = DUSTSTORM OR SANDSTORM:
VSBY 1/2 MILE OR LESS
8 = SMOKE OR HAZE
[NO. OF DAYS WITH] [WEATHER - DAYS WITH] 9 = BLOWING SNOW
X = TORNADO
MAX 32 OR BELOW: 0 0.01 INCH OR MORE: 4
MAX 90 OR ABOVE: 4 0.10 INCH OR MORE: 1
MIN 32 OR BELOW: 0 0.50 INCH OR MORE: 0
MIN 0 OR BELOW: 0 1.00 INCH OR MORE: 0
[HDD (BASE 65) ]
TOTAL THIS MO. 0 CLEAR (SCALE 0-3) 4
DPTR FM NORMAL -11 PTCLDY (SCALE 4-7) 12
TOTAL FM JUL 1 871 CLOUDY (SCALE 8-10) 14
DPTR FM NORMAL 72
[CDD (BASE 65) ]
TOTAL THIS MO. 378
DPTR FM NORMAL 115 [PRESSURE DATA]
TOTAL FM JAN 1 541 HIGHEST SLP 30.28 ON 8
DPTR FM NORMAL 41 LOWEST SLP 29.53 ON 5
[REMARKS]
#FINAL-04-22#