000
CXUS54 KCRP 021817
CF6CRP
PRELIMINARY LOCAL CLIMATOLOGICAL DATA (WS FORM: F-6)
STATION: CORPUS CHRISTI
MONTH: JUNE
YEAR: 2021
LATITUDE: 27 46 N
LONGITUDE: 97 30 W
TEMPERATURE IN F: :PCPN: SNOW: WIND :SUNSHINE: SKY :PK WND
================================================================================
1 2 3 4 5 6A 6B 7 8 9 10 11 12 13 14 15 16 17 18
12Z AVG MX 2MIN
DY MAX MIN AVG DEP HDD CDD WTR SNW DPTH SPD SPD DIR MIN PSBL S-S WX SPD DR
================================================================================
1 83 68 76 -6 0 11 0.81 0.0 0 7.1 29 320 M M 9 13 42 10
2 90 69 80 -2 0 15 T 0.0 0 4.6 16 150 M M 7 1 23 150
3 86 69 78 -4 0 13 1.28 0.0 0 7.0 21 330 M M 9 13 31 320
4 86 69 78 -4 0 13 0.01 0.0 0 4.5 10 340 M M 8 1 14 330
5 88 71 80 -2 0 15 T 0.0 0 5.6 14 60 M M 5 1 28 90
6 90 73 82 -1 0 17 0.00 0.0 0 10.1 18 150 M M 4 26 140
7 90 80 85 2 0 20 0.00 0.0 0 15.4 25 150 M M 9 18 36 170
8 90 79 85 2 0 20 0.00 0.0 0 12.9 21 160 M M 9 1 28 150
9 91 78 85 2 0 20 0.00 0.0 0 10.7 18 140 M M 7 1 25 150
10 92 78 85 2 0 20 0.00 0.0 0 9.7 20 150 M M 7 1 25 150
11 93 76 85 2 0 20 0.00 0.0 M 9.9 18 160 M M 5 23 170
12 94 77 86 3 0 21 0.00 0.0 M 7.3 15 140 M M 5 21 120
13 95 72 84 1 0 19 0.00 0.0 0 3.7 13 140 M M 3 1 17 150
14 98 72 85 2 0 20 T 0.0 0 4.1 29 50 M M 4 123 37 40
15 95 73 84 1 0 19 0.00 0.0 0 6.4 13 80 M M 5 18 40
16 93 74 84 0 0 19 0.00 0.0 0 8.2 20 20 M M 4 25 90
17 94 75 85 1 0 20 0.00 0.0 0 8.3 17 90 M M 5 22 100
18 93 73 83 -1 0 18 0.00 0.0 M 7.2 15 110 M M 5 20 100
19 95 72 84 0 0 19 0.00 0.0 M 6.0 15 150 M M 6 8 20 160
20 92 78 85 1 0 20 T 0.0 0 11.1 22 150 M M 8 8 29 160
21 94 81 88 4 0 23 0.07 0.0 0 12.1 21 160 M M 8 1 31 150
22 90 74 82 -2 0 17 0.86 0.0 0 6.1 23 110 M M 10 13 27 110
23 93 76 85 1 0 20 0.08 0.0 0 8.4 20 160 M M 7 1 25 160
24 94 78 86 2 0 21 T 0.0 0 9.9 20 150 M M 4 1 26 140
25 93 79 86 2 0 21 0.00 0.0 0 12.2 21 140 M M 4 1 28 150
26 94 79 87 3 0 22 0.00 0.0 0 12.7 22 140 M M 4 28 140
27 89 76 83 -1 0 18 0.30 0.0 0 7.1 16 70 M M 6 13 20 190
28 89 74 82 -2 0 17 0.02 0.0 0 7.8 16 120 M M 7 13 21 110
29 91 73 82 -2 0 17 0.55 0.0 0 7.6 20 110 M M 8 138 24 110
30 90 76 83 -1 0 18 0.03 0.0 0 6.5 18 120 M M 8 24 140
================================================================================
SM 2745 2242 0 553 4.01 0.0 250.2 M 190
================================================================================
AV 91.5 74.7 8.3 FASTST M M 6 MAX(MPH)
MISC ----> # 29 320 42 10
================================================================================
NOTES:
# LAST OF SEVERAL OCCURRENCES
COLUMN 17 PEAK WIND IN M.P.H.
PRELIMINARY LOCAL CLIMATOLOGICAL DATA (WS FORM: F-6) , PAGE 2
STATION: CORPUS CHRISTI
MONTH: JUNE
YEAR: 2021
LATITUDE: 27 46 N
LONGITUDE: 97 30 W
[TEMPERATURE DATA] [PRECIPITATION DATA] SYMBOLS USED IN COLUMN 16
AVERAGE MONTHLY: 83.1 TOTAL FOR MONTH: 4.01 1 = FOG OR MIST
DPTR FM NORMAL: -0.1 DPTR FM NORMAL: 0.45 2 = FOG REDUCING VISIBILITY
HIGHEST: 98 ON 14 GRTST 24HR 1.29 ON 3- 4 TO 1/4 MILE OR LESS
LOWEST: 68 ON 1 3 = THUNDER
SNOW, ICE PELLETS, HAIL 4 = ICE PELLETS
TOTAL MONTH: 0.0 INCH 5 = HAIL
GRTST 24HR 0.0 6 = FREEZING RAIN OR DRIZZLE
GRTST DEPTH: 0 7 = DUSTSTORM OR SANDSTORM:
VSBY 1/2 MILE OR LESS
8 = SMOKE OR HAZE
[NO. OF DAYS WITH] [WEATHER - DAYS WITH] 9 = BLOWING SNOW
X = TORNADO
MAX 32 OR BELOW: 0 0.01 INCH OR MORE: 10
MAX 90 OR ABOVE: 24 0.10 INCH OR MORE: 5
MIN 32 OR BELOW: 0 0.50 INCH OR MORE: 4
MIN 0 OR BELOW: 0 1.00 INCH OR MORE: 1
[HDD (BASE 65) ]
TOTAL THIS MO. 0 CLEAR (SCALE 0-3) 0
DPTR FM NORMAL 0 PTCLDY (SCALE 4-7) 23
TOTAL FM JUL 1 904 CLOUDY (SCALE 8-10) 7
DPTR FM NORMAL 103
[CDD (BASE 65) ]
TOTAL THIS MO. 553
DPTR FM NORMAL 6 [PRESSURE DATA]
TOTAL FM JAN 1 1436 HIGHEST SLP 30.09 ON 1
DPTR FM NORMAL -45 LOWEST SLP 29.70 ON 6
[REMARKS]
#FINAL-06-21#