000
CXUS54 KCRP 011516
CF6CRP
PRELIMINARY LOCAL CLIMATOLOGICAL DATA (WS FORM: F-6)
STATION: CORPUS CHRISTI
MONTH: JANUARY
YEAR: 2021
LATITUDE: 27 46 N
LONGITUDE: 97 30 W
TEMPERATURE IN F: :PCPN: SNOW: WIND :SUNSHINE: SKY :PK WND
================================================================================
1 2 3 4 5 6A 6B 7 8 9 10 11 12 13 14 15 16 17 18
12Z AVG MX 2MIN
DY MAX MIN AVG DEP HDD CDD WTR SNW DPTH SPD SPD DIR MIN PSBL S-S WX SPD DR
================================================================================
1 60 37 49 -8 16 0 0.00 0.0 0 9.3 21 310 M M 5 26 310
2 65 38 52 -5 13 0 0.00 0.0 0 8.0 18 20 M M 1 22 20
3 70 38 54 -3 11 0 0.00 0.0 0 7.0 18 160 M M 2 22 150
4 78 45 62 5 3 0 0.00 0.0 0 4.6 13 80 M M 2 12 14 90
5 75 57 66 9 0 1 T 0.0 0 7.1 20 130 M M 8 12 23 130
6 77 54 66 9 0 1 T 0.0 0 13.8 25 300 M M 7 30 300
7 70 40 55 -2 10 0 0.00 0.0 0 9.9 23 340 M M 1 27 330
8 61 41 51 -6 14 0 0.00 0.0 0 10.2 16 40 M M 1 21 50
9 56 41 49 -8 16 0 T 0.0 0 13.9 25 40 M M 6 29 40
10 57 37 47 -10 18 0 1.30 0.0 0 21.8 35 360 M M 10 1 42 360
11 53 36 45 -12 20 0 0.00 0.0 0 13.2 28 350 M M 6 35 350
12 46 35 41 -16 24 0 0.00 0.0 0 6.2 13 20 M M 7 15 20
13 58 32 45 -12 20 0 0.00 0.0 0 5.6 12 180 M M 5 12 150
14 80 39 60 3 5 0 0.00 0.0 0 10.5 18 10 M M 2 23 310
15 67 39 53 -4 12 0 0.00 0.0 0 9.9 18 310 M M 1 25 320
16 64 32 48 -9 17 0 0.00 0.0 0 6.3 14 80 M M 1 8 17 90
17 70 43 57 0 8 0 0.00 0.0 0 8.1 14 130 M M 3 17 140
18 77 51 64 7 1 0 0.00 0.0 0 15.8 31 160 M M 5 1 37 150
19 76 67 72 15 0 7 T 0.0 0 17.3 30 130 M M 10 35 130
20 69 55 62 5 3 0 0.04 0.0 0 10.8 18 40 M M 10 18 22 40
21 65 55 60 3 5 0 0.04 0.0 0 3.7 12 330 M M 10 1 14 330
22 79 60 70 13 0 5 0.01 0.0 0 4.9 15 330 M M 6 12 18 330
23 68 61 65 8 0 0 T 0.0 0 11.5 17 80 M M 10 12 20 70
24 76 68 72 15 0 7 T 0.0 0 19.7 29 150 M M 10 1 36 140
25 85 70 78 20 0 13 0.00 0.0 0 11.9 28 170 M M 9 1 33 170
26 78 65 72 14 0 7 0.00 0.0 0 11.6 22 90 M M 9 12 28 90
27 74 53 64 6 1 0 T 0.0 0 15.1 29 10 M M 9 12 35 10
28 61 45 53 -5 12 0 0.00 0.0 0 12.3 22 30 M M 5 26 30
29 74 51 63 5 2 0 0.00 0.0 0 10.8 22 160 M M 5 27 130
30 82 63 73 15 0 8 0.00 0.0 0 16.2 37 180 M M 6 1 45 180
31 82 53 68 10 0 3 0.00 0.0 0 10.6 23 360 M M 1 12 27 360
================================================================================
SM 2153 1501 231 52 1.39 0.0 337.6 M 173
================================================================================
AV 69.5 48.4 10.9 FASTST M M 6 MAX(MPH)
MISC ----> 37 180 45 180
================================================================================
NOTES:
# LAST OF SEVERAL OCCURRENCES
COLUMN 17 PEAK WIND IN M.P.H.
PRELIMINARY LOCAL CLIMATOLOGICAL DATA (WS FORM: F-6) , PAGE 2
STATION: CORPUS CHRISTI
MONTH: JANUARY
YEAR: 2021
LATITUDE: 27 46 N
LONGITUDE: 97 30 W
[TEMPERATURE DATA] [PRECIPITATION DATA] SYMBOLS USED IN COLUMN 16
AVERAGE MONTHLY: 58.9 TOTAL FOR MONTH: 1.39 1 = FOG OR MIST
DPTR FM NORMAL: 1.8 DPTR FM NORMAL: -0.15 2 = FOG REDUCING VISIBILITY
HIGHEST: 85 ON 25 GRTST 24HR 1.30 ON 10-10 TO 1/4 MILE OR LESS
LOWEST: 32 ON 16,13 3 = THUNDER
SNOW, ICE PELLETS, HAIL 4 = ICE PELLETS
TOTAL MONTH: 0.0 INCH 5 = HAIL
GRTST 24HR 0.0 6 = FREEZING RAIN OR DRIZZLE
GRTST DEPTH: 0 7 = DUSTSTORM OR SANDSTORM:
VSBY 1/2 MILE OR LESS
8 = SMOKE OR HAZE
[NO. OF DAYS WITH] [WEATHER - DAYS WITH] 9 = BLOWING SNOW
X = TORNADO
MAX 32 OR BELOW: 0 0.01 INCH OR MORE: 4
MAX 90 OR ABOVE: 0 0.10 INCH OR MORE: 1
MIN 32 OR BELOW: 2 0.50 INCH OR MORE: 1
MIN 0 OR BELOW: 0 1.00 INCH OR MORE: 1
[HDD (BASE 65) ]
TOTAL THIS MO. 231 CLEAR (SCALE 0-3) 9
DPTR FM NORMAL -45 PTCLDY (SCALE 4-7) 13
TOTAL FM JUL 1 509 CLOUDY (SCALE 8-10) 9
DPTR FM NORMAL -113
[CDD (BASE 65) ]
TOTAL THIS MO. 52
DPTR FM NORMAL 22 [PRESSURE DATA]
TOTAL FM JAN 1 52 HIGHEST SLP 30.55 ON 28
DPTR FM NORMAL 22 LOWEST SLP 29.64 ON 25
[REMARKS]
#FINAL-01-21#