000
CXUS54 KCRP 011300
CF6CRP
PRELIMINARY LOCAL CLIMATOLOGICAL DATA (WS FORM: F-6)
STATION: CORPUS CHRISTI
MONTH: NOVEMBER
YEAR: 2020
LATITUDE: 27 46 N
LONGITUDE: 97 30 W
TEMPERATURE IN F: :PCPN: SNOW: WIND :SUNSHINE: SKY :PK WND
================================================================================
1 2 3 4 5 6A 6B 7 8 9 10 11 12 13 14 15 16 17 18
12Z AVG MX 2MIN
DY MAX MIN AVG DEP HDD CDD WTR SNW DPTH SPD SPD DIR MIN PSBL S-S WX SPD DR
================================================================================
1 83 53 68 -3 0 3 0.00 0.0 0 8.1 16 90 M M 1 22 60
2 77 51 64 -6 1 0 0.00 0.0 0 8.4 14 100 M M 1 18 70
3 78 46 62 -8 3 0 0.00 0.0 0 6.8 16 90 M M 2 20 110
4 84 52 68 -2 0 3 0.00 0.0 0 7.1 18 130 M M 3 1 26 120
5 83 57 70 1 0 5 0.00 0.0 0 6.5 16 110 M M 2 1 20 100
6 82 59 71 2 0 6 0.00 0.0 0 7.6 16 100 M M 2 1 20 110
7 82 59 71 2 0 6 0.00 0.0 0 9.9 20 100 M M 3 1 23 100
8 84 61 73 5 0 8 0.00 0.0 0 8.7 20 100 M M 3 1 24 110
9 86 60 73 5 0 8 0.00 0.0 0 9.3 21 130 M M 2 1 25 130
10 87 62 75 7 0 10 0.00 0.0 0 5.6 14 100 M M 5 1 17 180
11 86 57 72 4 0 7 0.00 0.0 0 4.6 16 80 M M 3 12 19 80
12 85 60 73 6 0 8 0.00 0.0 0 5.3 14 120 M M 3 12 17 110
13 86 66 76 9 0 11 0.00 0.0 0 7.9 18 90 M M 6 27 110
14 89 70 80 13 0 15 0.00 0.0 0 14.9 29 180 M M 6 1 35 190
15 82 67 75 9 0 10 T 0.0 0 12.2 30 20 M M 4 128 37 20
16 79 55 67 1 0 2 0.00 0.0 0 9.9 15 100 M M 3 18 30
17 76 53 65 -1 0 0 0.00 0.0 0 10.5 18 50 M M 3 24 50
18 81 52 67 2 0 2 0.00 0.0 0 9.3 20 90 M M 2 25 100
19 84 53 69 4 0 4 0.00 0.0 0 7.6 20 140 M M 3 23 140
20 85 58 72 7 0 7 0.00 0.0 0 7.4 21 80 M M 3 12 25 90
21 83 61 72 8 0 7 0.00 0.0 0 9.2 16 100 M M 5 1 23 110
22 82 64 73 9 0 8 0.00 0.0 0 6.2 17 70 M M 7 22 60
23 78 63 71 7 0 6 0.00 0.0 0 12.0 21 90 M M 5 25 90
24 85 71 78 15 0 13 T 0.0 0 19.9 31 170 M M 6 38 140
25 81 66 74 11 0 9 0.00 0.0 0 10.6 22 20 M M 6 26 30
26 87 62 75 12 0 10 0.00 0.0 0 10.7 22 150 M M 8 26 160
27 86 73 80 18 0 15 0.00 0.0 0 13.4 23 140 M M 9 27 150
28 73 64 69 7 0 4 1.31 0.0 0 16.9 37 60 M M 10 13 42 50
29 71 51 61 -1 4 0 0.02 0.0 0 13.7 23 350 M M 6 1 28 340
30 58 38 48 -14 17 0 0.00 0.0 0 11.6 23 340 M M 4 32 10
================================================================================
SM 2443 1764 25 187 1.33 0.0 291.8 M 126
================================================================================
AV 81.4 58.8 9.7 FASTST M M 4 MAX(MPH)
MISC ----> # 37 60 # 42 50
================================================================================
NOTES:
# LAST OF SEVERAL OCCURRENCES
COLUMN 17 PEAK WIND IN M.P.H.
PRELIMINARY LOCAL CLIMATOLOGICAL DATA (WS FORM: F-6) , PAGE 2
STATION: CORPUS CHRISTI
MONTH: NOVEMBER
YEAR: 2020
LATITUDE: 27 46 N
LONGITUDE: 97 30 W
[TEMPERATURE DATA] [PRECIPITATION DATA] SYMBOLS USED IN COLUMN 16
AVERAGE MONTHLY: 70.1 TOTAL FOR MONTH: 1.33 1 = FOG OR MIST
DPTR FM NORMAL: 4.0 DPTR FM NORMAL: -0.64 2 = FOG REDUCING VISIBILITY
HIGHEST: 89 ON 14 GRTST 24HR 1.31 ON 28-28 TO 1/4 MILE OR LESS
LOWEST: 38 ON 30 3 = THUNDER
SNOW, ICE PELLETS, HAIL 4 = ICE PELLETS
TOTAL MONTH: 0.0 INCH 5 = HAIL
GRTST 24HR 0.0 6 = FREEZING RAIN OR DRIZZLE
GRTST DEPTH: 0 7 = DUSTSTORM OR SANDSTORM:
VSBY 1/2 MILE OR LESS
8 = SMOKE OR HAZE
[NO. OF DAYS WITH] [WEATHER - DAYS WITH] 9 = BLOWING SNOW
X = TORNADO
MAX 32 OR BELOW: 0 0.01 INCH OR MORE: 2
MAX 90 OR ABOVE: 0 0.10 INCH OR MORE: 1
MIN 32 OR BELOW: 0 0.50 INCH OR MORE: 1
MIN 0 OR BELOW: 0 1.00 INCH OR MORE: 1
[HDD (BASE 65) ]
TOTAL THIS MO. 25 CLEAR (SCALE 0-3) 11
DPTR FM NORMAL -66 PTCLDY (SCALE 4-7) 17
TOTAL FM JUL 1 56 CLOUDY (SCALE 8-10) 2
DPTR FM NORMAL -45
[CDD (BASE 65) ]
TOTAL THIS MO. 187
DPTR FM NORMAL 63 [PRESSURE DATA]
TOTAL FM JAN 1 3964 HIGHEST SLP 30.48 ON 30
DPTR FM NORMAL 489 LOWEST SLP 29.78 ON 10
[REMARKS]
#FINAL-11-20#