000
CXUS54 KCRP 011300
CF6CRP
PRELIMINARY LOCAL CLIMATOLOGICAL DATA (WS FORM: F-6)
STATION: CORPUS CHRISTI
MONTH: JULY
YEAR: 2020
LATITUDE: 27 46 N
LONGITUDE: 97 30 W
TEMPERATURE IN F: :PCPN: SNOW: WIND :SUNSHINE: SKY :PK WND
================================================================================
1 2 3 4 5 6A 6B 7 8 9 10 11 12 13 14 15 16 17 18
12Z AVG MX 2MIN
DY MAX MIN AVG DEP HDD CDD WTR SNW DPTH SPD SPD DIR MIN PSBL S-S WX SPD DR
================================================================================
1 90 79 85 2 0 20 0.00 0.0 0 14.2 23 150 M M 7 1 29 150
2 91 76 84 1 0 19 0.00 0.0 0 11.3 18 150 M M 7 18 25 150
3 94 73 84 0 0 19 0.00 0.0 0 6.8 14 160 M M 5 17 140
4 96 72 84 0 0 19 0.00 0.0 0 7.6 15 150 M M 3 12 19 140
5 95 74 85 1 0 20 0.00 0.0 0 10.2 17 160 M M 3 1 24 210
6 93 78 86 2 0 21 0.00 0.0 0 13.0 22 150 M M 6 27 150
7 93 80 87 3 0 22 0.00 0.0 0 13.4 21 140 M M 6 26 140
8 93 79 86 2 0 21 0.00 0.0 0 14.8 24 150 M M 6 18 32 150
9 93 79 86 2 0 21 0.00 0.0 0 14.6 24 150 M M 5 1 30 130
10 94 78 86 2 0 21 0.00 0.0 0 12.5 22 150 M M 4 28 160
11 95 78 87 3 0 22 0.00 0.0 0 10.0 17 150 M M 3 1 23 120
12 97 74 86 2 0 21 0.00 0.0 0 8.6 17 150 M M 6 1 22 160
13 97 77 87 3 0 22 0.00 0.0 0 11.9 23 150 M M 2 27 140
14 95 75 85 1 0 20 0.00 0.0 0 13.4 24 150 M M 2 18 31 140
15 94 77 86 2 0 21 0.00 0.0 0 12.4 23 150 M M 1 30 110
16 95 78 87 3 0 22 0.00 0.0 0 11.5 21 150 M M 3 29 130
17 97 73 85 1 0 20 0.05 0.0 0 6.2 26 130 M M 6 3 35 120
18 95 73 84 0 0 19 T 0.0 0 7.8 21 100 M M 7 26 100
19 95 71 83 -1 0 18 0.00 0.0 0 7.8 17 90 M M 6 1 22 120
20 96 74 85 1 0 20 0.00 0.0 0 7.5 20 90 M M 3 25 90
21 96 74 85 1 0 20 0.25 0.0 0 7.0 18 160 M M 5 13 23 130
22 97 76 87 3 0 22 T 0.0 0 8.5 20 100 M M 6 23 80
23 96 75 86 2 0 21 T 0.0 0 7.5 20 110 M M 3 3 23 110
24 99 75 87 3 0 22 0.63 0.0 0 11.1 30 80 M M 8 13 35 60
25 82 77 80 -4 0 15 2.57 0.0 0 27.2 41 120 M M 9 13 54 90
26 90 77 84 0 0 19 0.26 0.0 0 17.4 29 130 M M 9 1 39 130
27 93 76 85 1 0 20 0.07 0.0 0 9.7 20 130 M M 8 13 25 130
28 95 76 86 2 0 21 T 0.0 0 6.8 22 150 M M 6 13 28 150
29 92 74 83 -1 0 18 0.18 0.0 0 6.5 25 210 M M 8 13 34 210
30 94 75 85 0 0 20 0.00 0.0 0 10.7 22 150 M M 6 27 150
31 97 77 87 2 0 22 0.00 0.0 0 9.2 18 160 M M 4 24 160
================================================================================
SM 2919 2350 0 628 4.01 0.0 337.1 M 163
================================================================================
AV 94.2 75.8 10.9 FASTST M M 5 MAX(MPH)
MISC ----> # 41 120 # 54 90
================================================================================
NOTES:
# LAST OF SEVERAL OCCURRENCES
COLUMN 17 PEAK WIND IN M.P.H.
PRELIMINARY LOCAL CLIMATOLOGICAL DATA (WS FORM: F-6) , PAGE 2
STATION: CORPUS CHRISTI
MONTH: JULY
YEAR: 2020
LATITUDE: 27 46 N
LONGITUDE: 97 30 W
[TEMPERATURE DATA] [PRECIPITATION DATA] SYMBOLS USED IN COLUMN 16
AVERAGE MONTHLY: 85.0 TOTAL FOR MONTH: 4.01 1 = FOG OR MIST
DPTR FM NORMAL: 1.1 DPTR FM NORMAL: 1.22 2 = FOG REDUCING VISIBILITY
HIGHEST: 99 ON 24 GRTST 24HR 2.57 ON 25-25 TO 1/4 MILE OR LESS
LOWEST: 71 ON 19 3 = THUNDER
SNOW, ICE PELLETS, HAIL 4 = ICE PELLETS
TOTAL MONTH: 0.0 INCH 5 = HAIL
GRTST 24HR 0.0 6 = FREEZING RAIN OR DRIZZLE
GRTST DEPTH: 0 7 = DUSTSTORM OR SANDSTORM:
VSBY 1/2 MILE OR LESS
8 = SMOKE OR HAZE
[NO. OF DAYS WITH] [WEATHER - DAYS WITH] 9 = BLOWING SNOW
X = TORNADO
MAX 32 OR BELOW: 0 0.01 INCH OR MORE: 7
MAX 90 OR ABOVE: 30 0.10 INCH OR MORE: 5
MIN 32 OR BELOW: 0 0.50 INCH OR MORE: 2
MIN 0 OR BELOW: 0 1.00 INCH OR MORE: 1
[HDD (BASE 65) ]
TOTAL THIS MO. 0 CLEAR (SCALE 0-3) 6
DPTR FM NORMAL 0 PTCLDY (SCALE 4-7) 22
TOTAL FM JUL 1 0 CLOUDY (SCALE 8-10) 3
DPTR FM NORMAL 0
[CDD (BASE 65) ]
TOTAL THIS MO. 628
DPTR FM NORMAL 41 [PRESSURE DATA]
TOTAL FM JAN 1 2297 HIGHEST SLP 30.04 ON 11
DPTR FM NORMAL 347 LOWEST SLP 29.60 ON 25
[REMARKS]
#FINAL-07-20#