000
CXUS54 KCRP 031412
CF6CRP
PRELIMINARY LOCAL CLIMATOLOGICAL DATA (WS FORM: F-6)
STATION: CORPUS CHRISTI
MONTH: NOVEMBER
YEAR: 2023
LATITUDE: 27 46 N
LONGITUDE: 97 30 W
TEMPERATURE IN F: :PCPN: SNOW: WIND :SUNSHINE: SKY :PK WND
================================================================================
1 2 3 4 5 6A 6B 7 8 9 10 11 12 13 14 15 16 17 18
12Z AVG MX 2MIN
DY MAX MIN AVG DEP HDD CDD WTR SNW DPTH SPD SPD DIR MIN PSBL S-S WX SPD DR
================================================================================
1 68 38 53 -17 12 0 0.00 0.0 0 7.5 16 20 M M 2 20 30
2 73 46 60 -10 5 0 0.00 0.0 0 9.9 17 80 M M 9 23 80
3 82 56 69 -1 0 4 0.00 0.0 0 6.4 15 100 M M 4 1 18 100
4 84 55 70 1 0 5 0.00 0.0 0 5.7 16 70 M M 5 1 20 80
5 86 57 72 3 0 7 0.00 0.0 0 5.6 14 130 M M 9 12 18 130
6 89 63 76 7 0 11 0.00 0.0 0 12.1 24 150 M M 8 1 33 150
7 87 65 76 8 0 11 0.00 0.0 0 13.2 25 150 M M 7 1 31 160
8 88 68 78 10 0 13 0.00 0.0 0 13.4 25 140 M M 7 30 150
9 86 72 79 11 0 14 1.16 0.0 0 9.0 21 160 M M 10 13 25 160
10 73 60 67 -1 0 2 0.32 0.0 0 14.4 24 10 M M 10 1 32 10
11 60 59 60 -7 5 0 0.27 0.0 0 10.4 17 20 M M 10 1 22 20
12 63 60 62 -5 3 0 1.70 0.0 0 11.9 21 20 M M 10 1 27 30
13 64 61 63 -4 2 0 0.55 0.0 0 16.9 23 20 M M 10 1 31 360
14 78 60 69 3 0 4 0.01 0.0 0 9.0 18 20 M M 5 1 24 20
15 78 55 67 1 0 2 0.00 0.0 0 5.8 12 360 M M 2 1 16 40
16 72 54 63 -3 2 0 0.00 0.0 0 5.4 10 40 M M 6 12 13 350
17 78 53 66 0 0 1 0.00 0.0 0 4.7 10 160 M M 4 12 13 160
18 78 62 70 5 0 5 0.00 0.0 0 8.2 18 30 M M 6 1 25 10
19 78 62 70 5 0 5 T 0.0 0 9.0 17 140 M M 8 1 24 140
20 82 64 73 8 0 8 T 0.0 0 8.7 18 350 M M 7 1 26 350
21 69 52 61 -4 4 0 0.00 0.0 0 16.5 30 350 M M 8 45 350
22 64 43 54 -10 11 0 0.00 0.0 0 7.5 15 360 M M 8 23 340
23 61 51 56 -8 9 0 0.04 0.0 0 6.0 14 260 M M 8 17 260
24 73 49 61 -3 4 0 0.00 0.0 0 11.4 20 80 M M 7 25 70
25 74 61 68 4 0 3 T 0.0 0 13.5 18 80 M M 9 25 90
26 64 53 59 -4 6 0 T 0.0 0 15.4 24 10 M M 10 31 10
27 57 50 54 -9 11 0 0.00 0.0 0 11.2 23 40 M M 10 29 40
28 62 53 58 -5 7 0 0.00 0.0 0 8.5 15 40 M M 10 20 50
29 72 57 65 2 0 0 T 0.0 0 11.8 21 140 M M 10 25 130
30 80 67 74 12 0 9 0.05 0.0 0 10.0 28 180 M M 9 1 37 190
================================================================================
SM 2223 1706 81 104 4.10 0.0 299.0 M 228
================================================================================
AV 74.1 56.9 10.0 FASTST M M 8 MAX(MPH)
MISC ----> 30 350 45 350
================================================================================
NOTES:
# LAST OF SEVERAL OCCURRENCES
COLUMN 17 PEAK WIND IN M.P.H.
PRELIMINARY LOCAL CLIMATOLOGICAL DATA (WS FORM: F-6) , PAGE 2
STATION: CORPUS CHRISTI
MONTH: NOVEMBER
YEAR: 2023
LATITUDE: 27 46 N
LONGITUDE: 97 30 W
[TEMPERATURE DATA] [PRECIPITATION DATA] SYMBOLS USED IN COLUMN 16
AVERAGE MONTHLY: 65.5 TOTAL FOR MONTH: 4.10 1 = FOG OR MIST
DPTR FM NORMAL: -0.7 DPTR FM NORMAL: 2.07 2 = FOG REDUCING VISIBILITY
HIGHEST: 89 ON 6 GRTST 24HR 2.05 ON 12-13 TO 1/4 MILE OR LESS
LOWEST: 38 ON 1 3 = THUNDER
SNOW, ICE PELLETS, HAIL 4 = ICE PELLETS
TOTAL MONTH: 0.0 INCH 5 = HAIL
GRTST 24HR 0.0 6 = FREEZING RAIN OR DRIZZLE
GRTST DEPTH: 0 7 = DUSTSTORM OR SANDSTORM:
VSBY 1/2 MILE OR LESS
8 = SMOKE OR HAZE
[NO. OF DAYS WITH] [WEATHER - DAYS WITH] 9 = BLOWING SNOW
X = TORNADO
MAX 32 OR BELOW: 0 0.01 INCH OR MORE: 8
MAX 90 OR ABOVE: 0 0.10 INCH OR MORE: 5
MIN 32 OR BELOW: 0 0.50 INCH OR MORE: 3
MIN 0 OR BELOW: 0 1.00 INCH OR MORE: 2
[HDD (BASE 65) ]
TOTAL THIS MO. 81 CLEAR (SCALE 0-3) 2
DPTR FM NORMAL -10 PTCLDY (SCALE 4-7) 13
TOTAL FM JUL 1 108 CLOUDY (SCALE 8-10) 15
DPTR FM NORMAL 4
[CDD (BASE 65) ]
TOTAL THIS MO. 104
DPTR FM NORMAL -23 [PRESSURE DATA]
TOTAL FM JAN 1 4457 HIGHEST SLP 30.48 ON 1
DPTR FM NORMAL 775 LOWEST SLP 29.61 ON 20
[REMARKS]
#FINAL-11-23#