000
CXUS56 KSGX 011045
CF6CRQ
PRELIMINARY LOCAL CLIMATOLOGICAL DATA (WS FORM: F-6)
STATION: CARLSBAD PALOMAR AIRPORT CA
MONTH: MAY
YEAR: 2021
LATITUDE: 33 7 N
LONGITUDE: 117 17 W
TEMPERATURE IN F: :PCPN: SNOW: WIND :SUNSHINE: SKY :PK WND
================================================================================
1 2 3 4 5 6A 6B 7 8 9 10 11 12 13 14 15 16 17 18
12Z AVG MX 2MIN
DY MAX MIN AVG DEP HDD CDD WTR SNW DPTH SPD SPD DIR MIN PSBL S-S WX SPD DR
================================================================================
1 66 58 62 1 3 0 0.00 M M 7.3 14 220 M M 7 1 19 230
2 65 57 61 -1 4 0 0.01 M M 7.5 15 220 M M 9 18 19 230
3 67 58 63 1 2 0 0.00 M M 5.1 13 250 M M 5 18 250
4 69 58 64 2 1 0 0.00 M M 3.5 12 250 M M 5 18 17 240
5 70 57 64 2 1 0 0.00 M M 4.4 13 220 M M 6 18 16 210
6 64 58 61 -1 4 0 0.00 M M 4.8 14 220 M M 10 18 17 210
7 65 58 62 0 3 0 0.00 M M 4.8 13 250 M M 8 18 250
8 65 58 62 0 3 0 0.00 M M 6.4 13 250 M M 5 19 250
9 65 57 61 -1 4 0 0.00 M M 4.7 12 230 M M 8 16 260
10 65 58 62 0 3 0 0.00 M M 6.2 15 230 M M 7 21 220
11 66 57 62 0 3 0 0.00 M M 3.5 13 250 M M 9 18 240
12 68 60 64 2 1 0 0.00 M M 3.6 14 250 M M 10 20 240
13 66 61 64 2 1 0 0.00 M M 3.9 12 260 M M 8 14 280
14 68 60 64 2 1 0 0.00 M M 4.9 15 260 M M 7 20 260
15 65 59 62 0 3 0 0.00 M M 6.9 15 240 M M 10 19 240
16 62 56 59 -4 6 0 T M M 7.0 14 240 M M 10 18 18 230
17 67 57 62 -1 3 0 0.01 M M 5.6 13 260 M M 10 1 19 280
18 66 59 63 0 2 0 T M M 5.5 14 240 M M 9 19 240
19 67 59 63 0 2 0 0.00 M M 5.9 14 250 M M 9 8 18 240
20 65 56 61 -2 4 0 0.00 M M 8.2 15 220 M M 10 8 20 240
21 63 54 59 -4 6 0 0.00 M M 10.0 17 230 M M 9 8 23 220
22 61 53 57 -6 8 0 0.00 M M 5.6 15 240 M M 5 22 240
23 66 51 59 -4 6 0 0.00 M M 3.9 14 250 M M 1 18 260
24 71 54 63 0 2 0 0.00 M M 4.1 12 260 M M 0 8 17 260
25 75 57 66 3 0 1 0.00 M M 4.5 10 220 M M 1 18 13 230
26 67 58 63 0 2 0 0.00 M M 7.8 17 220 M M 5 18 22 220
27 64 57 61 -2 4 0 0.00 M M 5.3 14 260 M M 4 19 240
28 65 56 61 -2 4 0 0.00 M M 5.1 14 240 M M 5 17 250
29 63 57 60 -3 5 0 0.00 M M 7.1 15 210 M M 9 21 230
30 63 58 61 -2 4 0 0.00 M M 5.7 13 260 M M 10 18 280
31 66 58 62 -1 3 0 0.00 M M 4.5 12 240 M M 9 8 16 250
================================================================================
SM 2045 1774 98 1 0.02 M 173.3 M 220
================================================================================
AV 66.0 57.2 5.6 FASTST M M 7 MAX(MPH)
MISC ----> # 17 230 23 220
================================================================================
NOTES:
# LAST OF SEVERAL OCCURRENCES
COLUMN 17 PEAK WIND IN M.P.H.
PRELIMINARY LOCAL CLIMATOLOGICAL DATA (WS FORM: F-6) , PAGE 2
STATION: CARLSBAD PALOMAR AIRPORT CA
MONTH: MAY
YEAR: 2021
LATITUDE: 33 7 N
LONGITUDE: 117 17 W
[TEMPERATURE DATA] [PRECIPITATION DATA] SYMBOLS USED IN COLUMN 16
AVERAGE MONTHLY: 61.6 TOTAL FOR MONTH: 0.02 1 = FOG OR MIST
DPTR FM NORMAL: -0.9 DPTR FM NORMAL: -0.26 2 = FOG REDUCING VISIBILITY
HIGHEST: 75 ON 25 GRTST 24HR 0.01 ON 2- 2 TO 1/4 MILE OR LESS
LOWEST: 51 ON 23 3 = THUNDER
SNOW, ICE PELLETS, HAIL 4 = ICE PELLETS
TOTAL MONTH: M 5 = HAIL
GRTST 24HR M ON M 6 = FREEZING RAIN OR DRIZZLE
GRTST DEPTH: M ON M 7 = DUSTSTORM OR SANDSTORM:
VSBY 1/2 MILE OR LESS
8 = SMOKE OR HAZE
[NO. OF DAYS WITH] [WEATHER - DAYS WITH] 9 = BLOWING SNOW
X = TORNADO
MAX 32 OR BELOW: 0 0.01 INCH OR MORE: 2
MAX 90 OR ABOVE: 0 0.10 INCH OR MORE: 0
MIN 32 OR BELOW: 0 0.50 INCH OR MORE: 0
MIN 0 OR BELOW: 0 1.00 INCH OR MORE: 0
[HDD (BASE 65) ]
TOTAL THIS MO. 98 CLEAR (SCALE 0-3) 3
DPTR FM NORMAL 9 PTCLDY (SCALE 4-7) 13
TOTAL FM JUL 1 1402 CLOUDY (SCALE 8-10) 15
DPTR FM NORMAL -78
[CDD (BASE 65) ]
TOTAL THIS MO. 1
DPTR FM NORMAL -11 [PRESSURE DATA]
TOTAL FM JAN 1 38 HIGHEST SLP 30.12 ON 23
DPTR FM NORMAL 3 LOWEST SLP 29.80 ON 2
[REMARKS]
#FINAL-05-21#