000
CXUS51 KRLX 022148
CF6CRW
PRELIMINARY LOCAL CLIMATOLOGICAL DATA (WS FORM: F-6)
STATION: CHARLESTON WV
MONTH: MAY
YEAR: 2021
LATITUDE: 38 22 N
LONGITUDE: 81 36 W
TEMPERATURE IN F: :PCPN: SNOW: WIND :SUNSHINE: SKY :PK WND
================================================================================
1 2 3 4 5 6A 6B 7 8 9 10 11 12 13 14 15 16 17 18
12Z AVG MX 2MIN
DY MAX MIN AVG DEP HDD CDD WTR SNW DPTH SPD SPD DIR MIN PSBL S-S WX SPD DR
================================================================================
1 70 37 54 -8 11 0 0.00 0.0 0 2.8 12 240 M M 0 17 230
2 82 45 64 2 1 0 T 0.0 0 3.6 16 240 M M 4 22 310
3 75 56 66 4 0 1 0.40 0.0 0 4.4 15 240 M M 9 1 22 210
4 77 58 68 6 0 3 T 0.0 0 5.5 21 250 M M 4 1 32 230
5 65 47 56 -6 9 0 0.45 0.0 0 6.2 15 310 M M 8 13 21 300
6 62 37 50 -13 15 0 0.00 0.0 0 1.7 12 260 M M 4 12 15 250
7 61 46 54 -9 11 0 0.36 0.0 0 7.9 20 310 M M 8 1 28 310
8 60 43 52 -11 13 0 0.04 0.0 0 5.3 17 240 M M 7 25 250
9 77 45 61 -2 4 0 0.07 0.0 0 10.4 39 240 M M 9 1 52 250
10 63 41 52 -11 13 0 T 0.0 0 4.7 13 320 M M 7 1 20 320
11 65 41 53 -11 12 0 0.00 0.0 0 5.0 15 330 M M 5 12 23 350
12 64 42 53 -11 12 0 0.00 0.0 0 4.6 16 40 M M 5 22 30
13 69 35 52 -12 13 0 0.00 0.0 0 3.2 14 330 M M 2 1 19 330
14 72 37 55 -9 10 0 0.00 0.0 0 2.4 14 310 M M 3 18 310
15 74 38 56 -8 9 0 0.00 0.0 0 0.7 9 220 M M 2 13 340
16 72 49 61 -4 4 0 0.02 0.0 0 2.4 10 190 M M 8 1 14 220
17 63 48 56 -9 9 0 0.09 0.0 0 2.3 9 200 M M 8 1 11 190
18 80 55 68 3 0 3 0.00 0.0 0 2.9 12 210 M M 6 1 14 250
19 88 53 71 6 0 6 0.00 0.0 0 1.2 7 60 M M 3 1 9 40
20 86 54 70 5 0 5 0.00 0.0 0 2.6 12 140 M M 1 1 15 130
21 87 54 71 5 0 6 0.00 0.0 0 2.0 10 300 M M 3 1 14 340
22 85 58 72 6 0 7 0.00 0.0 0 1.2 9 300 M M 5 13 320
23 87 58 73 7 0 8 0.00 0.0 0 3.6 13 260 M M 4 1 19 270
24 87 61 74 8 0 9 0.00 0.0 0 2.2 10 280 M M 6 1 16 290
25 90 63 77 10 0 12 T 0.0 0 2.3 18 190 M M 5 1 23 190
26 88 65 77 10 0 12 0.00 0.0 0 7.8 24 250 M M 4 34 250
27 84 62 73 6 0 8 0.00 0.0 0 3.5 9 320 M M 6 1 13 280
28 77 56 67 0 0 2 1.50 0.0 0 4.5 18 330 M M 8 18 30 340
29 56 48 52 -16 13 0 0.03 0.0 0 5.0 15 330 M M 10 1 20 350
30 56 50 53 -15 12 0 0.04 0.0 0 3.0 13 320 M M 10 1 18 300
31 73 48 61 -7 4 0 0.00 0.0 0 1.4 9 120 M M 5 1 12 110
================================================================================
SM 2295 1530 175 82 3.00 0.0 116.3 M 169
================================================================================
AV 74.0 49.4 3.8 FASTST M M 5 MAX(MPH)
MISC ----> 39 240 52 250
================================================================================
NOTES:
# LAST OF SEVERAL OCCURRENCES
COLUMN 17 PEAK WIND IN M.P.H.
PRELIMINARY LOCAL CLIMATOLOGICAL DATA (WS FORM: F-6) , PAGE 2
STATION: CHARLESTON WV
MONTH: MAY
YEAR: 2021
LATITUDE: 38 22 N
LONGITUDE: 81 36 W
[TEMPERATURE DATA] [PRECIPITATION DATA] SYMBOLS USED IN COLUMN 16
AVERAGE MONTHLY: 61.7 TOTAL FOR MONTH: 3.00 1 = FOG OR MIST
DPTR FM NORMAL: -3.0 DPTR FM NORMAL: -1.93 2 = FOG REDUCING VISIBILITY
HIGHEST: 90 ON 25 GRTST 24HR 1.52 ON 28-29 TO 1/4 MILE OR LESS
LOWEST: 35 ON 13 3 = THUNDER
SNOW, ICE PELLETS, HAIL 4 = ICE PELLETS
TOTAL MONTH: 0.0 INCH 5 = HAIL
GRTST 24HR 0.0 6 = FREEZING RAIN OR DRIZZLE
GRTST DEPTH: 0 7 = DUSTSTORM OR SANDSTORM:
VSBY 1/2 MILE OR LESS
8 = SMOKE OR HAZE
[NO. OF DAYS WITH] [WEATHER - DAYS WITH] 9 = BLOWING SNOW
X = TORNADO
MAX 32 OR BELOW: 0 0.01 INCH OR MORE: 10
MAX 90 OR ABOVE: 1 0.10 INCH OR MORE: 4
MIN 32 OR BELOW: 0 0.50 INCH OR MORE: 1
MIN 0 OR BELOW: 0 1.00 INCH OR MORE: 1
[HDD (BASE 65) ]
TOTAL THIS MO. 175 CLEAR (SCALE 0-3) 6
DPTR FM NORMAL 71 PTCLDY (SCALE 4-7) 21
TOTAL FM JUL 1 4330 CLOUDY (SCALE 8-10) 4
DPTR FM NORMAL -14
[CDD (BASE 65) ]
TOTAL THIS MO. 82
DPTR FM NORMAL -12 [PRESSURE DATA]
TOTAL FM JAN 1 105 HIGHEST SLP 30.48 ON 21
DPTR FM NORMAL -24 LOWEST SLP 29.63 ON 3
[REMARKS]
#FINAL-05-21#