000
CXUS51 KRLX 012210
CLMCRW
CLIMATE REPORT
NATIONAL WEATHER SERVICE CHARLESTON WV
510 PM EST FRI DEC 01 2023
...................................
...THE CHARLESTON WV CLIMATE SUMMARY FOR THE MONTH OF NOVEMBER 2023...
CLIMATE NORMAL PERIOD: 1991 TO 2020
CLIMATE RECORD PERIOD: 1901 TO 2023
WEATHER OBSERVED NORMAL DEPART LAST YEAR`S
VALUE DATE(S) VALUE FROM VALUE
NORMAL
..............................................................
TEMPERATURE (F)
RECORD
HIGH 87 11/23/1931
11/17/1931
LOW 6 11/25/1950
11/30/1929
HIGHEST 78 11/08 83
LOWEST 15 11/29 17
AVG. MAXIMUM 59.0 57.3 1.7 58.6
AVG. MINIMUM 33.2 35.6 -2.4 35.9
MEAN 46.1 46.4 -0.3 47.3
DAYS MAX <= 32 0 0.4 -0.4 0
DAYS MAX >= 80 0 1
DAYS MIN <= 32 16 12.8 3.2 13
DAYS MIN <= 10 0 0
PRECIPITATION (INCHES)
RECORD
MAXIMUM 9.12 2003
MINIMUM 0.45 1904
TOTALS 2.19 3.20 -1.01 2.89
DAILY AVG. 0.07 0.11 -0.04 0.10
DAYS >= .01 5 11.0 -6.0 12
DAYS >= .10 4 6.4 -2.4 5
DAYS >= .50 2 2.2 -0.2 2
DAYS >= 1.00 0 0.6 -0.6 1
GREATEST
24 HR. TOTAL 0.87 11/17 TO 11/17 1.34
SNOWFALL (INCHES)
RECORDS
TOTAL 25.7 1950
24 HR TOTAL 12.6 11/24/1950 TO 11/24/1950
SNOW DEPTH 19 11/26/1950
TOTALS T 1.5 -1.5 0.2
SINCE 7/1 T 2.1 -2.1 0.2
SNOWDEPTH AVG. 0 0
DAYS >= TRACE 1 1.5 -0.5 6
DAYS >= 1.0 0 0.5 -0.5 0
GREATEST
SNOW DEPTH 0 0
24 HR TOTAL T 11/01 TO 11/01 MM
DEGREE DAYS
HEATING TOTAL 560 558 2 531
SINCE 7/1 803 876 -73 MM
COOLING TOTAL 0 2 -2 8
SINCE 1/1 968 1160 -192 MM
FALL FREEZE DATES
RECORD
EARLIEST 32 09/29/1942
LATEST 32 11/23/1985
NORMAL 10/26
1ST OBS. 2023 28 11/01
..............................................................
WIND (MPH)
AVERAGE WIND SPEED 3.8
HIGHEST WIND SPEED/DIRECTION 25/140 DATE 11/21
HIGHEST GUST SPEED/DIRECTION 37/140 DATE 11/21
SKY COVER
AVERAGE SKY COVER 0.45
NUMBER OF DAYS FAIR 15
NUMBER OF DAYS PC 9
NUMBER OF DAYS CLOUDY 6
AVERAGE RH (PERCENT) 66
WEATHER CONDITIONS. NUMBER OF DAYS WITH
THUNDERSTORM 0 MIXED PRECIP 0
HEAVY RAIN 2 RAIN 5
LIGHT RAIN 8 FREEZING RAIN 0
LT FREEZING RAIN 0 HAIL 0
HEAVY SNOW 0 SNOW 0
LIGHT SNOW 1 SLEET 0
FOG 15 FOG W/VIS <= 1/4 MILE 3
HAZE 2
- INDICATES NEGATIVE NUMBERS.
R INDICATES RECORD WAS SET OR TIED.
MM INDICATES DATA IS MISSING.
T INDICATES TRACE AMOUNT.
$$